-- Table structure for table `mix_image`
--

CREATE TABLE `mix_image` (
  `image_id` int(11) NOT NULL,
  `image_category_id` int(11) NOT NULL DEFAULT '0',
  `title` varchar(255) COLLATE utf8_unicode_ci NOT NULL DEFAULT '',
  `caption` longtext COLLATE utf8_unicode_ci NOT NULL,
  `caption_search` longtext COLLATE utf8_unicode_ci NOT NULL,
  `artist` varchar(50) COLLATE utf8_unicode_ci DEFAULT NULL,
  `artist_email` varchar(50) COLLATE utf8_unicode_ci DEFAULT NULL,
  `filename` varchar(255) COLLATE utf8_unicode_ci NOT NULL DEFAULT '',
  `path` varchar(255) COLLATE utf8_unicode_ci NOT NULL,
  `modified` timestamp NOT NULL DEFAULT CURRENT_TIMESTAMP,
  `href` varchar(255) COLLATE utf8_unicode_ci DEFAULT NULL,
  `order_id` int(11) NOT NULL
) ENGINE=MyISAM DEFAULT CHARSET=utf8 COLLATE=utf8_unicode_ci;

--
-- Dumping data for table `mix_image`
--

INSERT INTO `mix_image` (`image_id`, `image_category_id`, `title`, `caption`, `caption_search`, `artist`, `artist_email`, `filename`, `path`, `modified`, `href`, `order_id`) VALUES
(32, 7, 'Test', '', '', NULL, NULL, 'image1 copy.jpg', 'F/F3A03A3C665C756DFB4F0E23292E248F', '2011-11-15 03:43:43', '', 1),
(719, 0, 'logo-agresearch.png', '', '', '', '', 'logo-agresearch.png', '5/57D182D92755A2BBBFFAF901639D05DC', '2020-04-02 20:17:57', '', 27),
(30, 2, 'grass.jpg', '', '', '', '', 'grass.jpg', '8/8F74BCE1535C7BCD86CF99FB4C827064', '2011-11-11 00:22:05', '', 0),
(45, 5, 'Lincoln University', '', '', '', '', 'Lioncoln.jpg', 'F/FB66A51DD6FD95EEC2628C6742CFC3D9', '2011-11-15 21:38:26', 'http://www.nzagrc.org.nz/lincolnuni.html', 4),
(43, 5, 'Dairy NZ', '', '', '', '', 'Dairy NZ.jpg', '1/138A7B8B965919F59E33979E6B73AD9C', '2011-11-15 21:38:26', 'http://www.nzagrc.org.nz/dairynz.html', 2),
(444, 15, 'LCR.png', '', '', NULL, NULL, 'LCR.png', '9/916472F239B7C9502DF9A8848E89BC92', '2017-03-08 20:16:50', '', 45),
(445, 15, 'LCR-small', '', '', NULL, NULL, 'LCR_small.png', 'A/ACB4EE6153A7BE0401D264448BCDAFB0', '2017-03-08 20:29:31', '', 46),
(9, 6, 'Blue hills.jpg', '', '', NULL, NULL, 'Blue hills.jpg', '5/5DDEA7423CC9E34E4B1A1B67C8C8D84B', '2011-11-07 00:44:07', '', 1),
(82, 13, 'Winter.jpg', '', '', NULL, NULL, 'Winter.jpg', 'F/F636C7CBC9593B08486B068F6AB101AF', '2011-12-15 19:49:39', '', 2),
(11, 6, 'Water lilies.jpg', '', '', NULL, NULL, 'Water lilies.jpg', '2/25F44E802467C0878E5BEA9C9EB8DD48', '2011-11-07 00:44:08', '', 3),
(12, 6, 'Winter.jpg', '', '', NULL, NULL, 'Winter.jpg', '3/398D43E91BEC55D1C508BCCA5422AC66', '2011-11-07 00:44:08', '', 4),
(13, 0, 'Winter.jpg', '', '', NULL, NULL, 'Winter.jpg', 'E/E51C64BEE1EB99F4509AD6B5442D084A', '2011-11-09 02:47:37', '', 1),
(81, 13, 'Sunset.jpg', '', '', NULL, NULL, 'Sunset.jpg', '0/0EC8F4A412EAD7661CFA8A9EC358F651', '2011-12-15 19:49:39', '', 1),
(15, 6, 'Sunset.jpg', '', '', NULL, NULL, 'Sunset.jpg', '9/9BDF216B5079C0D5796FB2A3B5E2038B', '2011-11-09 03:30:43', '', 6),
(230, 12, 'NZAGRC building 1', 'NZAGRC building in Palmerston North', 'NZAGRC building in Palmerston North', NULL, NULL, 'NZAGRC_front.jpg', 'A/A4E1B0B4E1122B7DDB160B74D9D74BD0', '2012-03-21 03:36:12', '', 1),
(79, 11, 'scientist', '', '', NULL, NULL, 'page 4.JPG', '0/01301DA0C20768A85A197B2F65F39639', '2011-12-15 00:54:31', '', 1),
(18, 0, 'dairy-nz.gif', '', '', NULL, NULL, 'dairy-nz.gif', '1/19C3B6F38EC96947D7C6E86E3B831FEF', '2011-11-09 20:43:26', '', 2),
(19, 0, 'agresearch.gif', '', '', NULL, NULL, 'agresearch.gif', '2/23904E21FF1683B453B93D4235BD0455', '2011-11-09 20:43:46', '', 3),
(20, 0, 'landcare-research.gif', '', '', NULL, NULL, 'landcare-research.gif', '7/72DD2B88B84E088C4ED04B6712D65637', '2011-11-09 20:44:16', '', 4),
(21, 0, 'logo-niwa.jpg', '', '', NULL, NULL, 'logo-niwa.jpg', '2/2D21EF68A65270050BB7727216DE5D14', '2011-11-09 20:44:50', '', 5),
(22, 0, 'plant-food-research.gif', '', '', NULL, NULL, 'plant-food-research.gif', 'D/D41A7C717A38DF7EF40351A4934AC923', '2011-11-09 20:45:18', '', 6),
(23, 0, 'scion.gif', '', '', NULL, NULL, 'scion.gif', 'B/B6848E669C700647D6504312DF210015', '2011-11-09 20:45:53', '', 7),
(24, 0, 'pggrc.gif', '', '', NULL, NULL, 'pggrc.gif', 'E/EAB9D80A9B51C3DC6734E7A8C319A316', '2011-11-09 20:46:48', '', 8),
(25, 0, 'massey-university.gif', '', '', NULL, NULL, 'massey-university.gif', 'D/D98617D81EC42AA97DA2F4202A172111', '2011-11-09 20:47:13', '', 9),
(26, 0, 'lincoln-university.gif', '', '', NULL, NULL, 'lincoln-university.gif', '2/2CBD5D6B9C86ECB9A42857287E49FF8E', '2011-11-09 20:47:32', '', 10),
(27, 0, 'image1.jpg', '', '', NULL, NULL, 'image1.jpg', '9/94E2E5B4DF4F217F5EE2B1D160FF81BB', '2011-11-09 21:15:51', '', 11),
(28, 0, 'Global Research Alliance', '', '', NULL, NULL, 'global-research-alliance.jpg', '4/4BFAB44337CBCF616BBAAF71406F52EB', '2011-11-09 22:24:24', '', 12),
(29, 0, 'LEARN', '', '', NULL, NULL, 'learn.jpg', '1/101F7E4F8F806FAB45131C411556DC5B', '2011-11-09 22:24:51', '', 13),
(47, 5, 'PGgRc', '', '', '', '', 'PGgRc.jpg', 'C/C1624DD63947562855DC02275039F271', '2011-11-15 21:38:26', 'http://www.nzagrc.org.nz/pggrc.html', 6),
(48, 5, 'Plant and Food', '', '', '', '', 'Plant and Food.jpg', '0/0D643FBF227D5C97860EF5164BDD8E9F', '2011-11-15 21:38:26', 'http://www.nzagrc.org.nz/pfr.html', 7),
(425, 16, 'structure_2017.jpg', '', '', NULL, NULL, 'structure_2017.jpg', 'E/EED49503C804DFDC5069BBEF512CF43B', '2017-03-02 01:27:14', '', 15),
(692, 17, '2050targetspic.jpg', '', '', '', '', '2050targetspic.jpg', '7/7D31B60DD4204D2F011483E2FF5BC2C1', '2019-06-24 22:23:02', '', 81),
(46, 5, 'Masssey University', '', '', '', '', 'Masssey University.jpg', '5/524392A3F8AD6880606CFBF0FDA84902', '2011-11-15 21:38:26', 'http://www.nzagrc.org.nz/masseyuni.html', 5),
(52, 0, 'Soil carbon change', '', '', NULL, NULL, 'Screen shot 2011-11-16 at 11.08.09 AM.png', '9/9414D29E92475BD6E2EB896947B133D5', '2011-11-15 22:09:05', '', 14),
(53, 0, 'Screen shot 2011-11-16 at 11.10.21 AM.png', '', '', NULL, NULL, 'Screen shot 2011-11-16 at 11.10.21 AM.png', '9/996AE874E7C52E37D07EA6448EAB9A2D', '2011-11-15 22:11:00', '', 15),
(54, 0, 'Screen shot 2011-11-16 at 11.13.34 AM.png', '', '', NULL, NULL, 'Screen shot 2011-11-16 at 11.13.34 AM.png', 'B/B8930B4F34FEB2BE7797C007A3B13F90', '2011-11-15 22:14:02', '', 16),
(139, 16, 'Objectives', '', '', NULL, NULL, 'Screen shot 2012-02-14 at 4.05.50 PM.png', '6/6DCAD355B16AD256A6E968E9888FBBA2', '2012-02-14 03:07:28', '', 3),
(60, 0, 'logo-agresearch.gif', '', '', NULL, NULL, 'logo-agresearch.gif', 'A/A02AC683C6D17F9521BAF12E2B2727A3', '2011-11-29 02:02:57', '', 17),
(61, 0, 'logo-dairy-nz.gif', '', '', NULL, NULL, 'logo-dairy-nz.gif', '1/18292C4E9CD5130D0E7505DBCE9F12AA', '2011-11-29 02:03:34', '', 18),
(62, 0, 'logo-landscape-research.gif', '', '', NULL, NULL, 'logo-landscape-research.gif', '2/2BFAA29E699BFB5E4369E4C6DC42B2DE', '2011-11-29 02:03:59', '', 19),
(63, 0, 'logo-lincoln-university.gif', '', '', NULL, NULL, 'logo-lincoln-university.gif', '2/2D7F07C274823F0E9ACEB36E9DEDDE39', '2011-11-29 02:04:22', '', 20),
(64, 0, 'logo-massey-university.gif', '', '', NULL, NULL, 'logo-massey-university.gif', '2/233EEC862FE1FF49EC386484570B1A44', '2011-11-29 02:04:46', '', 21),
(65, 0, 'logo-niwa.gif', '', '', NULL, NULL, 'logo-niwa.gif', '0/0E866F922841CC6CEDFAA6C4B7FA1E85', '2011-11-29 02:05:21', '', 22),
(66, 0, 'logo-pggrc.gif', '', '', NULL, NULL, 'logo-pggrc.gif', '0/074FD25CB9A7B55DF8F317FDEAE9C9B1', '2011-11-29 02:06:51', '', 23),
(67, 0, 'logo-plant-food-research.gif', '', '', NULL, NULL, 'logo-plant-food-research.gif', '3/3A8FC2330D6C5F9B355D4AEA347E77A1', '2011-11-29 02:07:15', '', 24),
(68, 0, 'logo-scion.gif', '', '', NULL, NULL, 'logo-scion.gif', '9/9CD7F931783385439216BE6AC86B53CC', '2011-11-29 02:07:47', '', 25),
(365, 15, 'NZCCIthumbnail.jpg', '', '', NULL, NULL, 'NZCCIthumbnail.jpg', '0/08217EEA82D4BF52C70957A43699AA38', '2015-02-01 20:02:17', '', 23),
(137, 16, 'Objectives', '', '', NULL, NULL, 'Screen shot 2012-02-14 at 4.00.15 PM.png', 'F/FBD0EB1817E28B5E83D956A2F96F4134', '2012-02-14 03:04:22', '', 2),
(75, 8, 'conference 2011', '', '', NULL, NULL, 'page 74-226.JPG', '1/176238E3AAB83AD12A4A4AA789BA7F2F', '2011-12-12 22:43:28', '', 1),
(76, 1, 'NZAGRC, Palmerston North', '', '', NULL, NULL, '100823 006.jpg', 'B/B11BA404498D92D0EF8F57894276ABDA', '2011-12-13 00:55:32', '', 2),
(77, 9, 'NZRMMC', '', '', NULL, NULL, 'nzrmmc.jpg', 'C/CF7851E5AEF7D265BDCB5858525D530D', '2011-12-13 01:13:29', '', 1),
(78, 6, 'test', '', '', NULL, NULL, 'istockphoto_7173839-lion-cub-4-months.jpg', '0/0E4ABB8C5EABDF9B0ED6C09EAD7C2D86', '2011-12-14 23:24:42', '', 0),
(83, 0, 'Governance', '', '', NULL, NULL, 'Governance diagram.jpg', 'F/FE4CA2D2E6DBD3AC1BCB871DB5E5A751', '2011-12-15 21:02:18', '', 26),
(87, 13, 'Blue hills.jpg', '', '', NULL, NULL, 'Blue hills.jpg', '6/64DE5FC8C4612595E3A14A7F480DB723', '2011-12-15 21:38:59', '', 3),
(86, 14, 'Governance', '', '', NULL, NULL, 'Governance diagram.jpg', 'E/E45E5B1D681E7D98A1D7FFE0D07A5D0B', '2011-12-15 21:13:29', '', 1),
(88, 13, 'Sunset.jpg', '', '', NULL, NULL, 'Sunset.jpg', '6/6B4A6AD733009D1DDC8778CBD94AC319', '2011-12-15 21:38:59', '', 4),
(89, 13, 'Water lilies.jpg', '', '', NULL, NULL, 'Water lilies.jpg', '2/2EF13D97AC7E7F3B60A57EB50547B237', '2011-12-15 21:39:00', '', 5),
(90, 13, 'Winter.jpg', '', '', NULL, NULL, 'Winter.jpg', 'C/C9F0D3B8D5BA43F78879D955559135A8', '2011-12-15 21:39:00', '', 6),
(91, 13, 'Blue hills.jpg', '', '', NULL, NULL, 'Blue hills.jpg', 'A/AE59D53348396F8B6E9743A67551449B', '2011-12-15 21:40:04', '', 7),
(92, 13, 'Sunset.jpg', '', '', NULL, NULL, 'Sunset.jpg', '5/53B7C55AE4E5B79B05CBA69121E68D8A', '2011-12-15 21:40:04', '', 8),
(93, 13, 'Water lilies.jpg', '', '', NULL, NULL, 'Water lilies.jpg', '2/2BEF457598E90F3056CAB85CAF1A59E3', '2011-12-15 21:40:04', '', 9),
(94, 13, 'Winter.jpg', '', '', NULL, NULL, 'Winter.jpg', '0/017515092D7A4B9CECBF76E348E86277', '2011-12-15 21:40:04', '', 10),
(97, 15, 'AgResearch', '', '', NULL, NULL, 'AgResearch.png', '0/0844AAF6699A69348114D67B076AEDEF', '2011-12-18 21:00:35', '', 1),
(102, 15, 'Lincoln University', '', '', NULL, NULL, 'Screen shot 2011-12-19 at 11.37.01 AM.png', '2/298EC296A4D177FACBA4D2C87972191A', '2011-12-18 22:41:43', '', 5),
(99, 1, 'Test', '', '', NULL, NULL, 'Screen shot 2011-12-19 at 10.48.59 AM.png', '4/44A8878D5B52A1831EC051627F20B65C', '2011-12-18 21:49:34', '', 3),
(100, 15, 'DairyNZ', '', '', NULL, NULL, 'Screen shot 2011-12-19 at 10.56.15 AM.png', '1/1262020F0FE9C5DCCE50AC1DE0E611AB', '2011-12-18 21:56:45', '', 3),
(101, 15, 'Landcare Research', '', '', NULL, NULL, 'Screen shot 2011-12-19 at 11.27.44 AM.png', 'E/EFE46B59DACE5C3330E9900375D65988', '2011-12-18 22:29:09', '', 4),
(103, 15, 'Massey University', '', '', NULL, NULL, 'Massey University.jpg', '6/6B32AD8F43CAE9B575408ADEDB05CDD6', '2011-12-18 22:49:24', '', 6),
(104, 15, 'NIWA', '', '', NULL, NULL, 'Screen shot 2011-12-19 at 11.52.16 AM.png', 'C/CE28274E6BCC0EEF6615EA1499603577', '2011-12-18 22:52:45', '', 7),
(105, 15, 'PGgRc', '', '', NULL, NULL, 'Screen shot 2011-12-19 at 11.56.00 AM.png', '4/46ED46D9508A8AB4AB76EEF711210EE2', '2011-12-18 22:56:53', '', 8),
(106, 15, 'Plant and Food Research', '', '', NULL, NULL, 'Screen shot 2011-12-19 at 12.08.28 PM.png', '8/88D87CC21F644AB0A31CFADE5B4CFE79', '2011-12-18 23:08:59', '', 9),
(107, 15, 'SCION', '', '', NULL, NULL, 'Screen shot 2011-12-19 at 12.10.03 PM.png', '5/5141891FBC9E3351CF96024CC53B8C98', '2011-12-18 23:12:13', '', 10),
(108, 11, 'HarryClark', '', '', NULL, NULL, 'D064-140_small.JPG', 'F/F0A6A7F915C4CE9A0980422B2D31A5EB', '2011-12-20 02:33:13', '', 2),
(109, 11, 'AndyReisinger', '', '', NULL, NULL, 'Andy_VUW.jpg', '2/2BEA5396F2EA3FCE75B1FDE76FD03A80', '2011-12-20 02:38:40', '', 3),
(110, 11, 'NZAGRCStaff', '', '', NULL, NULL, 'VH KP HW.jpg', '3/3B4B4FF3D5E16DC3AA4250F1A02F51E1', '2011-12-20 02:41:18', '', 4),
(351, 7, 'NZMS-2014.png', '', '', NULL, NULL, 'NZMS-2014.png', '3/351CC1D7C762BFF7E8FF954A9913060F', '2014-08-27 04:42:51', '', 29),
(350, 7, 'NZSSS2014.jpg', '', '', NULL, NULL, 'NZSSS2014.jpg', 'F/F94E88557858C85AF5D57A7BEFB19594', '2014-08-26 23:31:30', '', 28),
(118, 1, 'Structure.jpg', '', '', NULL, NULL, 'Structure.jpg', '0/0416641BFFF99480BA59A1A64EC4D908', '2012-01-23 00:43:44', '', 7),
(352, 15, 'csaconf.png', '', '', NULL, NULL, 'csaconf.png', '3/3C041FE486D90F9D26FC2ED50484408C', '2014-10-16 20:48:53', '', 21),
(353, 20, 'Sheep_forage', '', '', NULL, NULL, 'Sunny_sheep.jpg', '6/6AE7919BC0253E471B1B82E04BDD9EC6', '2014-10-23 22:27:25', '', 22),
(359, 20, 'methanetransfer.png', '', '', NULL, NULL, 'methanetransfer.png', '1/1EE2FE0E91D9719CFB4D3096171CE419', '2014-11-12 21:13:39', '', 28),
(357, 20, 'ncer.jpg', '', '', NULL, NULL, 'ncer.jpg', '6/6BFB3249C83F883565BA6E79A54FF5D4', '2014-10-23 22:45:21', '', 26),
(358, 20, 'field plots.jpg', '', '', NULL, NULL, 'field plots.jpg', 'E/E9D32BB83321E3CDC4B344770E3CC2F6', '2014-10-27 20:24:55', '', 27),
(356, 20, 'climate.png', '', '', NULL, NULL, 'climate.png', '0/020F41B4889F605B72B626966AF519F5', '2014-10-23 22:40:18', '', 25),
(360, 17, 'highlights2014.jpg', '', '', NULL, NULL, 'highlights2014.jpg', 'A/A29A7BECA9EACDE45D8BB4FF844BBC79', '2014-11-24 23:54:40', '', 46),
(361, 17, 'cover.jpg', '', '', NULL, NULL, 'cover.jpg', '6/6CEF67B9E3A9CE3DFA2943C9DF80E52E', '2014-12-18 22:45:45', '', 47),
(362, 8, 'poster_jpg.jpg', '', '', NULL, NULL, 'poster_jpg.jpg', 'E/EEE3006DDF17772402B213BD2AD8A19C', '2015-01-26 21:23:54', '', 3),
(363, 8, 'landscape map.jpg', '', '', NULL, NULL, 'landscape map.jpg', '2/2B4F6C265FF6072E01F32E8354C48098', '2015-01-26 21:27:02', '', 4),
(364, 15, 'NZCCI.jpg', '', '', NULL, NULL, 'NZCCI.jpg', '5/509082B73E621201669D48AA2131384D', '2015-02-01 19:58:35', '', 22),
(158, 16, 'Structure', '', '', NULL, NULL, 'Screen shot 2012-02-15 at 2.10.59 PM.png', '3/3B9A80D6C99E1B3C20B6725F8E702707', '2012-02-15 01:11:45', '', 4),
(157, 11, 'Kate', '', '', NULL, NULL, 'Kate1.jpg', '6/67A934ABB1071368C2FC657E332D98C3', '2012-02-14 22:56:22', '', 11),
(146, 7, 'NZAGRC Conference', '', '', NULL, NULL, 'NZAGRC Conference.jpg', '4/474C7B151B5BB7F783F4601FDC886656', '2012-02-14 22:09:08', '', 2),
(156, 11, 'Kate', '', '', NULL, NULL, 'Kate.jpg', '8/88D806E7E4FAC598997E09064343807A', '2012-02-14 22:55:29', '', 10),
(151, 2, '3.jpg', '', '', NULL, NULL, '3.jpg', 'D/D1449106DE56DBEE0A229F4EEC93A54F', '2012-02-14 22:33:29', '', 1),
(152, 1, 'Lincoln University', '', '', NULL, NULL, 'Lincoln University.jpg', 'F/FA994FBF2D664BCF662A881B98D554A9', '2012-02-14 22:39:05', '', 25),
(153, 1, 'DairyNZ', '', '', NULL, NULL, 'DairyNZ.jpg', 'B/B4F9F480C6B9DD8E1530DB419892FEB8', '2012-02-14 22:46:01', '', 26),
(154, 11, 'Heather Went', '', '', NULL, NULL, 'Heather.jpg', 'E/E747D7EEEE4A2CA28D1BAD32E0D1392F', '2012-02-14 22:52:32', '', 8),
(155, 11, 'Victoria', '', '', NULL, NULL, 'Victoria.jpg', '4/4EC31F51748E4A4A2B7C5B7ACCAF8321', '2012-02-14 22:53:40', '', 9),
(159, 16, 'Structure', '', '', NULL, NULL, 'Screen shot 2012-02-15 at 2.19.08 PM.png', '1/194358427D881ADD2AE8F195F477F259', '2012-02-15 01:20:03', '', 5),
(160, 1, 'Lincoln students_p7.JPG', '', '', NULL, NULL, 'Lincoln students_p7.JPG', '5/543B33FE2D86AE9451D39C749407FBA7', '2012-02-15 02:06:30', '', 27),
(161, 1, 'Newsletter', '', '', NULL, NULL, 'Screen shot 2012-02-16 at 10.44.56 AM.png', 'D/D8C3F0F2CD41B4023666544165CF1C33', '2012-02-15 21:46:21', '', 28),
(162, 1, 'Release', '', '', NULL, NULL, 'release.jpg', 'C/C1174BF0ED671C9F49023EB17A76DB56', '2012-02-15 21:50:26', '', 29),
(163, 1, 'Release', '', '', NULL, NULL, 'Screen shot 2012-02-16 at 11.03.13 AM.png', 'A/A274551ECE87B65B0F085D531B7362E3', '2012-02-15 22:04:21', '', 30),
(164, 1, 'Release', '', '', NULL, NULL, 'Screen shot 2012-02-16 at 11.06.16 AM.png', '2/285A00202B7218500FBC5C518C3E87A1', '2012-02-15 22:06:38', '', 31),
(165, 1, 'Highlights', '', '', NULL, NULL, 'Screen shot 2012-02-16 at 11.33.09 AM.png', '4/4452D8BB2BA4D8238043054689E0EF80', '2012-02-15 22:34:21', '', 32),
(166, 1, 'Highlights', '', '', NULL, NULL, 'Hilights.jpg', 'D/DE3A3BA226E14F4FF8973C2E814B7F4B', '2012-02-15 22:43:55', '', 33),
(167, 1, 'Building', '', '', NULL, NULL, 'Building.jpg', 'E/EAEC1989FC2BC162DD0B9C06CAE7FE9B', '2012-02-16 03:05:07', '', 34),
(168, 1, 'Highlights', '', '', NULL, NULL, 'Screen shot 2012-02-16 at 11.33.09 AM.png', '6/680403255F3CD7C839D7E7A4BA9F5D78', '2012-02-19 21:24:29', '', 35),
(169, 1, 'Highlights', '', '', NULL, NULL, 'Screen shot 2012-02-16 at 11.33.09 AM.png', '3/3BFB9B9D86C8B5AB63E06D370D386AC9', '2012-02-19 21:28:05', '', 36),
(170, 16, 'N2O objectives', '', '', NULL, NULL, 'N2O programme.jpg', '5/53F9112D33674B4EB72D141103FD2A2F', '2012-02-21 00:30:36', '', 6),
(171, 16, 'Screen shot 2012-02-22 at 9.55.38 AM.png', '', '', NULL, NULL, 'Screen shot 2012-02-22 at 9.55.38 AM.png', '1/1617F322E3BB92DDF0BC93B25770CDED', '2012-02-21 21:08:59', '', 7),
(172, 16, 'nitrous', '', '', NULL, NULL, 'Screen shot 2012-02-22 at 10.15.15 AM.png', '2/2B0B98C6A7AFDBE76960CD1433E17A99', '2012-02-21 21:18:20', '', 8),
(173, 16, 'Screen shot 2012-02-22 at 11.03.08 AM.png', '', '', NULL, NULL, 'Screen shot 2012-02-22 at 11.03.08 AM.png', 'F/F51FA8F4D44CA4A663D75E7FAA087EB4', '2012-02-21 22:04:28', '', 9),
(174, 16, 'Screen shot 2012-02-22 at 3.52.25 PM.png', '', '', NULL, NULL, 'Screen shot 2012-02-22 at 3.52.25 PM.png', '5/574C2BA7058A24CF023C33BF0B8280DD', '2012-02-22 02:55:21', '', 10),
(175, 17, 'Highlights2011', '', '', NULL, NULL, 'HighlightsCover2011.jpg', 'C/CE28B393889B926E7BD5E2E6F8AAF795', '2012-03-14 03:16:03', '', 1),
(200, 17, 'AnnualReport2011cover', '', '', NULL, NULL, 'AnnualReport2011cover.jpg', '0/07643DA90F973462DE7B81C3A1F82664', '2012-03-19 23:56:13', '', 10),
(177, 17, 'Business Plan', '', '', NULL, NULL, 'BusinessPlan.jpg', 'A/A9596431F9F309EBB565C1A9BC84B9EE', '2012-03-14 03:46:41', '', 3),
(178, 18, 'AgResearch', '', '', NULL, NULL, 'AgResearch.jpg', '0/068EF08901EE3734804CD33231584CCC', '2012-03-19 03:31:50', '', 1),
(179, 18, 'Landcare Research', '', '', NULL, NULL, 'LandCare.jpg', 'E/E90CE5FCF4A8A287F8F5023F101BE000', '2012-03-19 03:33:07', '', 2),
(180, 18, 'Lincoln University', '', '', NULL, NULL, 'Lincoln.jpg', '6/6FADF11D92FFD800755B520EE1E41D33', '2012-03-19 03:33:39', '', 3),
(181, 18, 'Massey University', '', '', NULL, NULL, 'Massey.jpg', '9/94DF2D5D419842EFC692AD1D0666DAD2', '2012-03-19 03:34:11', '', 4),
(182, 18, 'SCION', '', '', NULL, NULL, 'Scion.jpg', '3/33C69B3E177DCAE12AA39A9F1D750757', '2012-03-19 03:37:06', '', 5),
(183, 18, 'NIWA', '', '', NULL, NULL, 'NIWA.jpg', '6/6914635ABAD55D364C8848C47AE92814', '2012-03-19 03:40:06', '', 6),
(184, 18, 'PgGRc.jpg', '', '', NULL, NULL, 'PgGRc.jpg', '3/3ABDBE687D0CE022A39688100086ED05', '2012-03-19 03:42:10', '', 7),
(186, 2, 'sheep.png', '', '', NULL, NULL, 'sheep.png', '9/9A6F226C5D9AD669D7513CFCFA08C89E', '2012-03-19 04:04:07', '', 2),
(188, 2, 'Cows.jpg', '', '', NULL, NULL, 'Cows.jpg', '3/33EAAA7849197234EB89F3ABFD06EC76', '2012-03-19 04:08:18', '', 3),
(190, 2, 'sheep copy.jpg', '', '', NULL, NULL, 'sheep copy.jpg', 'B/B695C977890CC094E33B807FD83D3E5D', '2012-03-19 04:12:25', '', 4),
(191, 17, 'StrategyPlan', '', '', NULL, NULL, 'StrategyPlan.jpg', '0/07D1C1601AA4444E34DDFBE1B7473A68', '2012-03-19 20:44:51', '', 4),
(192, 17, 'ExamplePaper', '', '', NULL, NULL, 'Kelliher paper.jpg', '0/08FB7D521991D29C5BB712644ACC40C7', '2012-03-19 20:57:17', '', 5),
(194, 17, 'Example paper 2', '', '', NULL, NULL, 'Kelliher paper2.jpg', '8/8AA634106DA467EFC609A3FFD94438A9', '2012-03-19 20:59:25', '', 6),
(195, 17, 'Reports', '', '', NULL, NULL, 'Reports.jpg', 'B/B247E271ED80AC9E84E2188A8DAE7CBE', '2012-03-19 22:44:53', '', 7),
(196, 17, 'Release', '', '', NULL, NULL, 'Release.jpg', '1/1E51B8CE2F4E090A86C613111F9ED415', '2012-03-19 22:54:56', '', 8),
(198, 14, 'NZAGRC Objectives', '', '', NULL, NULL, 'Objectives.jpg', '1/1C930AED71BBFFC781B9AD38650DBCE5', '2012-03-19 23:39:50', '', 2),
(199, 17, 'Highlights2010', '', '', NULL, NULL, 'HighlightsCover2010.jpg', 'F/FD7B1FE731E7050AF2170B4EC19CF416', '2012-03-19 23:51:21', '', 9),
(201, 17, 'Release1', '', '', NULL, NULL, 'Release1_cover.jpg', '4/4CC8FA9FFC14CCECF5E632C1FE7C206C', '2012-03-20 00:56:37', '', 11),
(202, 17, 'Release2', '', '', NULL, NULL, 'Release2_cover.jpg', '1/1F2A866D1FBC0625FAAD6B4480606866', '2012-03-20 00:57:21', '', 12),
(203, 17, 'Release3', '', '', NULL, NULL, 'Release3_cover.jpg', 'E/E6790F31159205F59341A3CE6AC3D9F7', '2012-03-20 01:00:37', '', 13),
(204, 17, 'Release4', '', '', NULL, NULL, 'Release4_cover.jpg', '7/798E3EDA732D0E6EAFC111E5CEC8C1CC', '2012-03-20 01:01:04', '', 14),
(205, 17, 'Release5', '', '', NULL, NULL, 'Release5_cover.jpg', '6/6818AED70E4A841FAF87E708815ADDE3', '2012-03-20 01:01:27', '', 15),
(206, 19, 'Release05_p4', '', '', NULL, NULL, 'Release5_p4.jpg', 'D/D32FAAF498A69D2362D3E1089C0825F4', '2012-03-20 01:34:40', '', 1),
(208, 18, 'DairyNZ', '', '', NULL, NULL, 'Untitled-1.png', '4/43EFABA9B8657E45FAE6115E4F6F39AE', '2012-03-20 03:55:13', '', 8),
(209, 18, 'DairyNZ', '', '', NULL, NULL, 'DairyNZ.gif', 'A/AC5AEA8AEC30C653919EBDB0A0465A33', '2012-03-20 22:02:03', '', 9),
(210, 18, 'AgResearch', '', '', NULL, NULL, 'AgResearch.gif', 'B/BE09031783EC5BF2ACC146FA82AFEC97', '2012-03-20 22:25:45', '', 10),
(211, 18, 'Landcare Research', '', '', NULL, NULL, 'LandCare.gif', 'A/A965553490DEA1311E19BF2CF9BD7E63', '2012-03-20 22:27:05', '', 11),
(212, 18, 'DairyNZ', '', '', NULL, NULL, 'DairyNZ.gif', 'B/B8182B91EAA71A02C3AD4516C10ED9D6', '2012-03-20 22:27:58', '', 12),
(213, 18, 'Lincoln University', '', '', NULL, NULL, 'Lincoln.gif', '9/9F77460117D003F6B5A3FF96B67540BF', '2012-03-20 22:28:45', '', 13),
(214, 18, 'Massey University', '', '', NULL, NULL, 'Massey.gif', '6/6CF3539E0DD98F06493289691DA75EC9', '2012-03-20 22:33:22', '', 14),
(215, 18, 'NIWA', '', '', NULL, NULL, 'NIWA.gif', '1/150365B6DB7E27D3BACAF01EC108FB1B', '2012-03-20 22:45:47', '', 15),
(216, 18, 'PGgRc', '', '', NULL, NULL, 'PGgRc.gif', 'A/A4BFCE39A74E4FD8DAFEC70B27540258', '2012-03-20 22:50:47', '', 16),
(217, 18, 'Plant and Food Research', '', '', NULL, NULL, 'Plant-and-Food-Research.gif', 'B/BC8E56A74777DBF97E6642F831841BCA', '2012-03-20 22:53:18', '', 17),
(218, 18, 'SCION', '', '', NULL, NULL, 'SCION.gif', 'D/DD62B45BF06C581CDF5E3A4A972ED3D1', '2012-03-20 22:54:41', '', 18),
(219, 18, 'Screen shot 2012-03-21 at 12.35.29 PM.png', '', '', NULL, NULL, 'Screen shot 2012-03-21 at 12.35.29 PM.png', 'A/A596910803B74F272DAC43B62B65E843', '2012-03-20 23:40:42', '', 19),
(220, 20, 'Mitigation of Methane', '', '', NULL, NULL, 'Methane1.jpg', '5/5D4180CE6A31CA72B23F95F0489997AF', '2012-03-21 02:05:48', '', 1),
(221, 20, 'Grazing Sheep and Cows', '', '', NULL, NULL, 'Cow Sheep.jpg', '8/8E71EFD25F575B82AE3A8A8DC0FAA50A', '2012-03-21 02:09:21', '', 2),
(222, 20, 'Methane Rumen', '', '', NULL, NULL, 'Methane Rumen.jpg', '6/6B9F41EDFFFD318E4E6624846F1A0304', '2012-03-21 02:12:05', '', 3),
(223, 20, 'Processes', '', '', NULL, NULL, 'Processes.jpg', 'E/E457C2AE4D3C0E34A7C77A0B4F7CF5D2', '2012-03-21 02:55:31', '', 4),
(224, 20, 'New Centre at Lincoln', '', '', NULL, NULL, 'New Centre.jpg', '7/7F2DB20FD1BA26FA214689873D37F825', '2012-03-21 02:55:52', '', 5),
(225, 20, 'Inhibitors', '', '', NULL, NULL, 'Inhibitors.jpg', 'C/CD74E9CA6DA39162C272F1CD2EFA58B5', '2012-03-21 02:56:11', '', 6),
(226, 20, 'Manipulating soil carbon', '', '', NULL, NULL, 'Manipulating soil carbon.jpg', '6/6E05C589242AA86307F3383AC943C847', '2012-03-21 03:11:41', '', 7),
(227, 20, 'Biochar', '', '', NULL, NULL, 'Biochar.jpg', '1/1029B8293392897303896883817F6DF4', '2012-03-21 03:12:00', '', 8),
(228, 20, 'Soil carbon in dairy systems', '', '', NULL, NULL, 'Soil carbon in dairy systems.jpg', 'D/DC5D73CDD21E7D21F88EA4148550C93B', '2012-03-21 03:13:12', '', 9),
(229, 20, 'Soil carbon levels', '', '', NULL, NULL, 'Soil carbon levels.jpg', '0/0E466EBDCD52FDD321D11A080EE91DCD', '2012-03-21 03:16:01', '', 10),
(231, 12, 'NZAGRC building 2', 'NZAGRC building in Palmerston North', 'NZAGRC building in Palmerston North', NULL, NULL, 'NZAGRC_side.JPG', '7/7F6AA00E8D27C284BFF7E10EBD476C4B', '2012-03-21 03:37:17', '', 0),
(232, 12, 'NZRMMC', 'New Zealand Ruminant Methane Measurement Centre', 'New Zealand Ruminant Methane Measurement Centre', NULL, NULL, 'New Building.jpg', '7/7546D290704A784D1BF6381EBB02795C', '2012-03-21 03:41:35', '', 2),
(233, 12, 'NZRMMC 2', 'New Zealand Ruminant Methane Measurement Centre', 'New Zealand Ruminant Methane Measurement Centre', NULL, NULL, 'p06_029.JPG', '4/495811A0A1B7394038CBF9FCB96FC233', '2012-03-21 03:43:21', '', 3),
(234, 12, 'National Centre for N2O Measurement', 'National Centre for N2O Measurement official opening', 'National Centre for N2O Measurement official opening', NULL, NULL, 'N2O Carter cut.jpg', '8/85CF4DE14C653B494BAB390BFC771680', '2012-03-21 03:48:28', '', 4),
(235, 20, 'Farming Practices', '', '', NULL, NULL, 'farming practices.jpg', 'A/AF4B809E24C6170C818959305DCF2F2E', '2012-03-22 00:43:44', '', 11),
(236, 20, 'MOLLY', '', '', NULL, NULL, 'MOLLY.jpg', 'A/AA5FF74FD504B11016DFCA4B1BC491B0', '2012-03-22 00:44:12', '', 12),
(238, 14, 'NZAGRCPalmerstonNorth', '', '', NULL, NULL, 'NZAGRC_Building.jpg', '7/7733790F28ABC2AED3AC780DF3CF7B64', '2012-03-25 21:09:14', '', 3),
(239, 15, 'AllianceLogo', '', '', NULL, NULL, 'Alliance Lockup-white-temp_2.JPG', '5/5DB592C08423637786B3C5AC2B578F81', '2012-03-25 21:34:32', '', 11),
(240, 15, 'NZGovernment', '', '', NULL, NULL, 'newzealand government.JPG', 'E/E9535529811EDBD92D1AA74253B3009E', '2012-03-25 21:34:50', '', 12),
(242, 18, 'AgResearch', '', '', NULL, NULL, 'AgResearch3a.jpg', '9/96A90B25FAA13A567ECDD865454022EB', '2012-03-26 02:30:04', '', 20),
(244, 8, 'Conference 2012', '', '', NULL, NULL, 'Audience.JPG', 'B/BCC182E1B54E15E0AEE7021AEC550724', '2012-03-26 21:52:37', '', 2),
(245, 7, 'BangkokWorkshopGroup', '', '', NULL, NULL, 'Bangkok_workshop_group.jpg', 'A/ACE36350D0FD05096272AB4CA0510AD5', '2012-03-26 22:20:50', '', 3),
(246, 7, 'ProfessorHongDi', '', '', NULL, NULL, 'HongDi.jpg', '7/7568C1BA79EA050997522F2CAA5621F7', '2012-03-26 22:43:43', '', 4),
(247, 15, 'NZAGRClogo', '', '', NULL, NULL, 'NZ AGRC Logo-POS-on WHITE-CMYK_Crop.jpg', '6/63130A6DF4BF76D613784DF4654A38DF', '2012-03-26 23:07:02', '', 13),
(248, 7, 'Preeti Raju and Yang Li', '', '', NULL, NULL, 'Preeti and Yang.jpg', '9/99C4800D52298969694FDA99B9A2D32E', '2012-03-26 23:17:25', '', 5),
(249, 11, 'Victoria Hatton', '', '', NULL, NULL, 'victoria 1.jpg', 'A/A825C2F0A854910F5C906438690DF785', '2012-03-27 01:02:21', '', 12),
(250, 14, 'NZAGRC Building', '', '', NULL, NULL, 'NZAGRC_Building_low.jpg', '9/914C0CB9EEB572C88199EBF1D8CAAC3A', '2012-03-28 21:26:20', '', 4),
(251, 14, 'NZAGRC Building', '', '', NULL, NULL, 'NZAGRC_Building_low.jpg', '0/074DA91DC620CF3F71D2DA5E39EE5678', '2012-03-28 21:28:08', '', 5),
(252, 11, 'Dr Harry Clark', '', '', NULL, NULL, 'Harry.jpg', 'D/D1B2DE228FD8E3A561B23CE49989E866', '2012-03-30 02:23:40', '', 13),
(253, 11, 'Dr Andy Reisinger', '', '', NULL, NULL, 'Andy.jpg', '7/7C807C40085B73028387C6695C07D501', '2012-03-30 02:24:49', '', 14),
(254, 11, 'Dr Heather Went', '', '', NULL, NULL, 'Heather.jpg', 'E/ED375B29FF5775B844526CC2C5487DBF', '2012-03-30 02:26:16', '', 15),
(255, 11, 'Dr Victoria Hatton', '', '', NULL, NULL, 'Victoria.jpg', '1/16709FBF5E038B6375999B4F4E7662E8', '2012-03-30 02:27:50', '', 16),
(256, 11, 'Kate Parlane', '', '', NULL, NULL, 'Kate.jpg', '3/3461BF422F36260A29C1977AE2DC3F59', '2012-03-30 02:28:39', '', 17),
(257, 17, 'Annual Report 2011', '', '', NULL, NULL, 'Annual Report.jpg', '7/768859C68917AD4123B493FFCC8E1CA3', '2012-03-30 03:38:42', '', 16),
(258, 17, 'Highlights 2010', '', '', NULL, NULL, 'Highlights 2010.jpg', '1/1591D969ABE2DD9B5CAF0B98152E7FA5', '2012-03-30 03:39:49', '', 17),
(259, 17, 'Highlights 2010', '', '', NULL, NULL, 'Highlights 2010.jpg', '9/9D461390064569B35E3868C8FA6248DE', '2012-03-30 03:45:28', '', 18),
(260, 17, 'Highlights 2011', '', '', NULL, NULL, 'Highlights 2011.jpg', '6/6CE28FD978E8286515B4CD5E1F2E6661', '2012-03-30 03:46:34', '', 19),
(261, 17, 'Release #1', '', '', NULL, NULL, 'Release #1.jpg', '2/20DE97B9D515940D73D5AAB66DE2E768', '2012-03-30 04:06:21', '', 20),
(262, 17, 'Release #2', '', '', NULL, NULL, 'Release #2.jpg', 'D/DD521302220FE35EEBCA39FC69E0EAC4', '2012-03-30 04:13:47', '', 21),
(263, 17, 'Release #3', '', '', NULL, NULL, 'Release #3.jpg', '7/7FFEB4265212610B05E231448C18AD6A', '2012-03-30 04:17:57', '', 22),
(264, 17, 'Release #4', '', '', NULL, NULL, 'Release #4.jpg', 'E/E07BAFC794DE70BF9D02B9FAA9A772A6', '2012-03-30 04:42:30', '', 23),
(265, 17, 'Release #5', '', '', NULL, NULL, 'Release #5.jpg', 'E/E88E0EAF6F20EA8297C916B5D4A13661', '2012-03-30 04:44:25', '', 24),
(266, 16, 'Structure', '', '', NULL, NULL, 'Structure.png', '4/4A0BFDDFDC9FB10D472C7B25F25D6ACA', '2012-04-03 01:55:50', '', 11),
(267, 16, 'Overview', '', '', NULL, NULL, 'overview.png', 'A/A875B4A8D10598896181FA836A46843D', '2012-04-03 02:08:50', '', 12),
(268, 11, 'Dr Heather Went', '', '', NULL, NULL, 'Heather.jpg', '9/974C896F76262D1810BC0DC7D80C08A9', '2012-04-03 02:35:10', '', 18),
(269, 11, 'Dr Victoria Hatton', '', '', NULL, NULL, 'Victoria.jpg', '3/3D194D22631E175DE3082B48F538C03D', '2012-04-03 02:36:21', '', 19),
(270, 11, 'Administrator', '', '', NULL, NULL, 'Kate.jpg', 'E/EEC9EDD14D6E3E904BC5922A1C4F6E61', '2012-04-03 02:39:59', '', 20),
(272, 7, 'ReelEarth2012', '', '', NULL, NULL, 'ReelEarth.jpg', '4/4256275524053B08DE68A366655B81FA', '2012-04-17 03:04:40', '', 6),
(273, 15, 'MAF', '', '', NULL, NULL, 'Picture1.jpg', '5/59DCC97479B3370E3636F26352BE1870', '2012-04-17 04:21:23', '', 14),
(274, 9, 'NZAGRC', '', '', NULL, NULL, 'NZAGRC_side2.JPG', '2/2EE5DADEE86A95DBA43E1C17E21F17B3', '2012-04-24 01:42:36', '', 2),
(276, 7, 'Sheep', '', '', NULL, NULL, 'Field.jpg', '4/42D0CFE51040EDE2BF860B7B4A425783', '2012-05-16 03:42:12', '', 7),
(277, 7, 'Sheep_long', '', '', NULL, NULL, 'Sheep_long.jpg', 'A/AFE6056DCD0D88560D944DE71EDEE554', '2012-05-16 03:50:05', '', 8),
(280, 17, 'Release #6', '', '', NULL, NULL, 'Release6_cover_border.jpg', '8/8B8E69CA9A0F5FA053C28315751F9CBE', '2012-05-28 01:53:42', '', 25),
(281, 20, 'Animal variation project provides wealth of information', '', '', NULL, NULL, 'Animal variation project provides wealth of information.jpg', '3/35DBF498EB1F7916AF6B7F32177B9236', '2012-05-28 02:39:25', '', 13),
(282, 20, 'Identifying friendly methane inhibitors', '', '', NULL, NULL, 'Identifying friendly methane inhibitors.jpg', 'C/C15E3D2F370CBBF5E4827432C6CA26BE', '2012-05-28 03:02:11', '', 14),
(283, 20, 'Piecing together the rumen methanogen genome puzzle', '', '', NULL, NULL, 'Piecing together the rumen methanogen genome puzzle.jpg', '9/96FF4D01654B79D0AA00BFD986A381E9', '2012-05-28 03:02:29', '', 15),
(284, 7, 'QUTPhD', '', '', NULL, NULL, 'QUT.jpg', '9/9726EF44F63D105DEBA0367E3C039EC7', '2012-06-05 20:59:01', '', 9),
(285, 21, 'ROI_process', '', '', NULL, NULL, 'ROI_process.jpg', '0/01EDAEC7A9F141AF3C880D3D891D3AF2', '2012-08-07 00:30:06', '', 1),
(286, 17, 'Release #7', '', '', NULL, NULL, 'Release7_cover_1cmborderadded.jpg', '6/6EC3249E5FE321765E6A77EA710EF3C9', '2012-08-20 23:37:10', '', 26),
(287, 20, 'Agricultural nitrous oxide is no laughing matter', '', '', NULL, NULL, 'p4_for web.jpg', '2/25F3BE6B2C265A8206300483409A9B7B', '2012-08-20 23:57:56', '', 16),
(288, 20, 'Important impacts for NZ inventory from urine concentration study', '', '', NULL, NULL, 'p5_for web.jpg', 'B/B232194F3D73FBAFFF332ED3CCD72E37', '2012-08-21 00:14:39', '', 17),
(289, 20, 'Novel grass species with high dry matter production and low N content a possibility', '', '', NULL, NULL, 'p6_for web.jpg', '8/8208CA53F3E300C5EDF991F10397D1BC', '2012-08-21 00:16:04', '', 18),
(290, 20, 'Investigating the role of plants in N2O emissions', '', '', NULL, NULL, 'p7_for web.jpg', 'E/EF11695275EFE72325D46512853C574F', '2012-08-21 00:17:19', '', 19),
(291, 20, 'Can we decrease N2O emissions by manipulating denitrification?', '', '', NULL, NULL, 'p8_for web.jpg', 'B/BF6BC7AC4E3C83732CA94D296C75F3E1', '2012-08-21 00:19:34', '', 20),
(292, 7, 'GGAA2013', '', '', NULL, NULL, 'ggaa2013_banner_top.jpg', '7/7517CB04A4B302637C9AF5FDDB47C7D8', '2012-09-30 21:04:08', '', 10),
(293, 17, '2012AnnualReport', '', '', NULL, NULL, '2012 Annual Report cover.jpg', 'E/E8013D15BA4186DC26CEF3478092590F', '2012-10-07 22:09:19', '', 27),
(294, 7, 'MasseyAgAwards', '', '', NULL, NULL, '1012-Ag-Awards-F163-Cameron-Shaw---2012-Winner.jpg', 'C/CFE3DAC3B1740C5F9F92410ABE3FC03F', '2012-10-16 19:53:11', '', 11),
(295, 17, 'Highlights2012_cover', '', '', NULL, NULL, 'Cover.jpg', '7/7E1BD06C6041FE694C6F0641E0F3CA12', '2012-10-29 01:49:12', '', 28),
(296, 17, 'Highlights2012_cover', '', '', NULL, NULL, 'Cover.jpg', '8/8F85525EEF91AFEA548DDD6FA0B578D3', '2012-10-29 03:37:08', '', 29),
(297, 17, 'Movie', '', '', NULL, NULL, 'Movie.jpg', '1/17AD553E63FE2927E6B9B186E47F93D4', '2012-11-15 00:07:25', '', 30),
(298, 17, 'Factsheets', '', '', NULL, NULL, 'Factsheet_covers.jpg', '8/8AB1C005081BF2C0CDEDDDDF000CFACA', '2012-11-25 20:42:52', '', 31),
(299, 17, 'Factsheet1', '', '', NULL, NULL, '1_cover.jpg', '0/059B85DD300E59EEA90D45E5C7A20401', '2012-11-25 20:52:24', '', 32),
(300, 17, 'Factsheet2', '', '', NULL, NULL, '2_cover.jpg', 'B/BB34040AC66F5F1283AF49726B5DAA28', '2012-11-25 22:13:38', '', 33),
(301, 17, 'Factsheet3', '', '', NULL, NULL, '3_cover.jpg', 'A/A1DBECDF399CA9C3C1CE63BF05348545', '2012-11-25 22:30:52', '', 34),
(302, 7, 'Computer', '', '', NULL, NULL, 'Computer.jpg', '5/55FA195FF3E674916C16EFB71F78FFF4', '2012-12-05 03:54:24', '', 12),
(303, 17, 'Release008', '', '', NULL, NULL, 'Release8_cover_1cmborderadded.jpg', '7/7BC23C912D9991C40AF8A6D55C868B87', '2012-12-10 21:25:44', '', 35),
(304, 21, 'ROI process', '', '', NULL, NULL, 'ROI process.jpg', '9/986DC6A449FAF964D5C803D5F4EE5F89', '2013-01-30 02:33:51', '', 2),
(305, 17, 'release09.jpg', '', '', NULL, NULL, 'release09.jpg', '1/1584FFCCBD458762B85F57CD7B189F7C', '2013-05-03 02:02:10', '', 36),
(306, 17, 'HoR.jpg', '', '', NULL, NULL, 'HoR.jpg', 'F/F5152DC3D91EE3EFD06751A0C79A50CD', '2013-05-05 23:04:12', '', 37),
(307, 17, 'Highlights2013', '', '', NULL, NULL, 'Highlights2013.jpg', 'D/DEEFF8641889C7F50727AB481B946833', '2014-01-27 01:14:35', '', 38),
(308, 7, 'IPCCRS.JPG', '', '', NULL, NULL, 'IPCCRS.JPG', 'F/F661B5B18BB764F6378D22C995ECA240', '2014-03-16 22:19:51', '', 13),
(309, 15, 'MPI-logo-colour.jpg', '', '', NULL, NULL, 'MPI-logo-colour.jpg', '6/6FE05753DDBDF8811F1461423D81F228', '2014-03-17 03:30:04', '', 15),
(310, 15, 'LEARN Logo - Low Res[1].jpg', '', '', NULL, NULL, 'LEARN Logo - Low Res[1].jpg', '0/01EED522AB089DBF9082A6D2E273DB78', '2014-03-18 21:01:41', '', 16),
(311, 15, 'IPCC.jpg', '', '', NULL, NULL, 'IPCC.jpg', 'E/E682A3231AF1653283E7980BEFF321F4', '2014-03-31 01:23:19', '', 17),
(340, 17, 'ipccwg2.jpg', '', '', NULL, NULL, 'ipccwg2.jpg', '9/949CD3A1441DB11F8A53801BE8CEEFE1', '2014-08-12 23:49:11', '', 41),
(315, 11, 'p07_Lincoln.jpg', '', '', NULL, NULL, 'p07_Lincoln.jpg', '2/2704F3DECE4AD2D7A5C39F1004166C19', '2014-04-07 02:19:47', '', 21),
(314, 7, 'Greenstone-logo.png', '', '', NULL, NULL, 'Greenstone-logo.png', '8/89C00C57BFEAC74E8DF9E3285F21DA4A', '2014-04-05 10:32:44', '', 15),
(316, 11, 'Priya_small.jpg', '', '', NULL, NULL, 'Priya_small.jpg', '5/5EA1B2EC8B46A9CD55BACB4F0310E960', '2014-04-07 10:31:28', '', 22),
(317, 11, 'Calvin_small.jpg', '', '', NULL, NULL, 'Calvin_small.jpg', '0/0B7AF3776BC96474E0C04EB829963F56', '2014-04-07 10:45:39', '', 23),
(327, 7, 'Brandbutton.jpg', '', '', NULL, NULL, 'Brandbutton.jpg', '1/128A5A63DAD620968F1AE3B6202B3257', '2014-04-09 11:29:14', '', 25),
(320, 7, 'IPCClink.jpg', '', '', NULL, NULL, 'IPCClink.jpg', '4/48FF540743062E39378B77DEEB9BF8B3', '2014-04-09 03:12:03', '', 18),
(325, 7, 'Highlightsbutton.jpg', '', '', NULL, NULL, 'Highlightsbutton.jpg', '1/13F0D531DF450D71976A69BDCA2DC346', '2014-04-09 10:35:35', '', 23),
(326, 7, 'sheepbutton.jpg', '', '', NULL, NULL, 'sheepbutton.jpg', '0/078DAA501DC3D626A5E48706C3868DBD', '2014-04-09 10:58:55', '', 24),
(323, 7, 'IPCCbutton.jpg', '', '', NULL, NULL, 'IPCCbutton.jpg', 'C/CD99C7B56E40A14D2C361243D85FEFA6', '2014-04-09 09:50:38', '', 21),
(324, 7, 'Brandbutton.jpg', '', '', NULL, NULL, 'Brandbutton.jpg', '0/07B3E576618BBB76D316D564AB9DC454', '2014-04-09 10:05:39', '', 22),
(328, 15, 'jointbrandlogo.jpg', '', '', NULL, NULL, 'jointbrandlogo.jpg', '5/523D18D5A7DC5F8AC4B1B7D9407AB7C6', '2014-04-09 22:42:08', '', 19),
(329, 7, 'pen.jpg', '', '', NULL, NULL, 'pen.jpg', '3/312C60DE961337C37515F3EAD02D0AD7', '2014-04-15 22:01:48', '', 26),
(330, 11, 'Alex Tressler 2014 Waikato.PNG', '', '', NULL, NULL, 'Alex Tressler 2014 Waikato.PNG', 'B/B6FDB7611F9B7F609B89D4A2331ED92F', '2014-05-13 01:41:13', '', 24),
(331, 11, 'Martina Alvarez.jpg', '', '', NULL, NULL, 'Martina Alvarez.jpg', '2/254A977E783B998E2E3D370D4A05280F', '2014-05-18 22:45:24', '', 25),
(332, 11, 'Martina Alvarez.jpg', '', '', NULL, NULL, 'Martina Alvarez.jpg', '9/9CC627267C84D7B4147C581657071CF0', '2014-05-18 22:49:26', '', 26),
(333, 20, 'Daniel Hendrie 1.jpg', '', '', NULL, NULL, 'Daniel Hendrie 1.jpg', 'B/BCE6A85056E06EB398342BB1AD2884CE', '2014-07-23 22:28:22', '', 21),
(334, 16, 'StructureJuly2014.png', '', '', NULL, NULL, 'StructureJuly2014.png', '1/1A8AF8BAF7F97ED0F6B570B0F1A1726B', '2014-07-24 01:21:49', '', 13),
(335, 16, 'StructureJuly2014.png', '', '', NULL, NULL, 'StructureJuly2014.png', '8/8D627589CC16F6789047561D515215B3', '2014-07-24 01:29:02', '', 14),
(336, 17, 'brochurecover.jpg', '', '', NULL, NULL, 'brochurecover.jpg', 'D/DF7C49B8272FB5EDBE84475F03040A37', '2014-08-12 22:26:35', '', 39),
(337, 15, 'brochureballoon.jpg', '', '', NULL, NULL, 'brochureballoon.jpg', '7/7BC39C815997069FECC3DA013FE42D81', '2014-08-12 22:35:57', '', 20),
(338, 17, 'brochurehead.jpg', '', '', NULL, NULL, 'brochurehead.jpg', '7/7E8E10233D1D7513B9E3FC047CA8DBD8', '2014-08-12 22:37:39', '', 40),
(341, 17, 'ipccwg3.jpg', '', '', NULL, NULL, 'ipccwg3.jpg', 'B/B67DEF5FA0C5A129D768DF2E4CC69CC4', '2014-08-12 23:49:32', '', 42),
(342, 17, 'brochurecover.jpg', '', '', NULL, NULL, 'brochurecover.jpg', '3/37356DFDB95D2DBB180F8394756C50E0', '2014-08-13 00:48:41', '', 43),
(343, 17, 'brochurecover.jpg', '', '', NULL, NULL, 'brochurecover.jpg', '8/8603189706D5303F48DE20E5AC57871F', '2014-08-13 01:19:31', '', 44),
(344, 17, 'brochurecover.jpg', '', '', NULL, NULL, 'brochurecover.jpg', 'F/F5C4CC9A61C9BDE85B538D7DFABB17FC', '2014-08-13 01:22:25', '', 45),
(345, 7, 'Highlightsbutton.jpg', '', '', NULL, NULL, 'Highlightsbutton.jpg', '2/2FB8A357BC365F322BE83159FF535C29', '2014-08-13 01:32:03', '', 27),
(346, 11, 'Olivia Jordan', '', '', NULL, NULL, 'UoW_2014_Waikato_Olivia.jpg', 'C/CE532341A4CF6DD4BF860A2E443D98D0', '2014-08-14 03:48:57', '', 27),
(347, 11, 'Olivia Jordan 2L', '', '', NULL, NULL, 'Uni Fieldays 0032.jpg', 'C/C2829E331FBF39687B5EBE62228EFA0C', '2014-08-14 03:58:40', '', 28),
(348, 11, 'Larissa Kingsbury', '', '', NULL, NULL, 'Larissa Kingsbury.jpg', '5/5CF51AE71B9786FD637132F9D9E3ECEE', '2014-08-14 04:15:07', '', 29),
(349, 11, 'Larissa Kingsbury.jpg', '', '', NULL, NULL, 'Larissa Kingsbury.jpg', '6/66B2CC9C9DED39D4CA069154948AFAA4', '2014-08-14 04:17:08', '', 30),
(366, 15, 'NZCCIthumbnail.jpg', '', '', NULL, NULL, 'NZCCIthumbnail.jpg', '1/19159A1E7936EAA74B56DCCF317DBE29', '2015-02-01 20:02:39', '', 24),
(367, 15, 'NZCCIthumbnail.jpg', '', '', NULL, NULL, 'NZCCIthumbnail.jpg', 'E/E751FABDAC69A0E000310D65B75AC7A9', '2015-02-01 20:03:37', '', 25),
(368, 11, 'Neha_5533_crop.jpg', '', '', NULL, NULL, 'Neha_5533_crop.jpg', '2/25F86C85B3834BB69B576689D86AFDB8', '2015-03-12 02:08:33', '', 31),
(369, 15, 'ccac_logo_en.png', '', '', NULL, NULL, 'ccac_logo_en.png', '3/3DD801EF8F56B42708AB2866CB08C28B', '2015-03-12 03:55:45', '', 26),
(370, 15, 'ccac_logo_en.png', '', '', NULL, NULL, 'ccac_logo_en.png', 'C/C6B6CF0271B0679D3EC15B926587338F', '2015-03-12 03:56:30', '', 27),
(371, 15, 'ccac_logo_en.jpg', '', '', NULL, NULL, 'ccac_logo_en.jpg', '6/6544B91DF6795F110CB62CF298E5272F', '2015-03-12 03:57:32', '', 28),
(372, 17, '2013ARcover', '', '', NULL, NULL, 'Annual report 2013 part A cover.jpg', '4/465F633AD40FEF6F3B77DE353A272797', '2015-03-27 01:01:43', '', 48),
(373, 17, '2014ARcover', '', '', NULL, NULL, '2014 annual report cover.jpg', 'A/A712FDA1B3D634FBF09F6C74B7E3E33D', '2015-03-27 01:08:10', '', 49),
(374, 15, 'govt crest.jpg', '', '', NULL, NULL, 'govt crest.jpg', 'B/B1441744287353ABB05291D3D625780C', '2015-04-29 02:11:43', '', 29),
(375, 11, 'Dynes.jpg', '', '', NULL, NULL, 'Dynes.jpg', 'C/C37B8218198274DFC36F6A4FC4FEE696', '2015-05-06 21:16:04', '', 32),
(376, 11, 'Goulding.jpg', '', '', NULL, NULL, 'Goulding.jpg', '0/078336C9AB70D78626546F0F056F6D0B', '2015-05-06 21:21:53', '', 33),
(377, 11, 'Kelliher.jpg', '', '', NULL, NULL, 'Kelliher.jpg', '8/8B089DC68B695676155520C5C1F4AD0A', '2015-05-07 00:31:38', '', 34),
(378, 11, 'DeKlein.jpg', '', '', NULL, NULL, 'DeKlein.jpg', '8/8E330238BD6F8F334429797C55973C9E', '2015-05-07 00:55:55', '', 35),
(379, 11, 'McAllister.jpg', '', '', NULL, NULL, 'McAllister.jpg', '0/0153D31FB1639A7EB369B5068CE33F5C', '2015-05-07 01:25:59', '', 36),
(380, 11, 'McEwan.jpg', '', '', NULL, NULL, 'McEwan.jpg', 'A/A10DAEFDA8CB6EE0BD0BE51AB391A3DC', '2015-05-07 01:37:52', '', 37),
(381, 11, 'McEwan.jpg', '', '', NULL, NULL, 'McEwan.jpg', '4/4C1590D8DA583D24A97A1E6C24597796', '2015-05-07 03:10:12', '', 38),
(382, 11, 'Janssen.jpg', '', '', NULL, NULL, 'Janssen.jpg', '2/2CA70BA08946E817AF85E428D5BFCCF8', '2015-05-07 03:22:00', '', 39),
(383, 11, 'Smith.jpg', '', '', NULL, NULL, 'Smith.jpg', '6/6B74BED9AEA52FAE125F75B6287DF6AD', '2015-05-07 03:28:19', '', 40),
(384, 11, 'Pridmore.jpg', '', '', NULL, NULL, 'Pridmore.jpg', 'F/FD46E537E1320934211486129AFFD46A', '2015-05-07 03:42:29', '', 41),
(385, 11, 'Tyndall.jpg', '', '', NULL, NULL, 'Tyndall.jpg', 'C/C4FCEA2919041B71D502EC98FC9C089C', '2015-05-07 03:53:27', '', 42),
(386, 11, 'Reisinger.jpg', '', '', NULL, NULL, 'Reisinger.jpg', 'F/F2D49D9ED8F0DDC03FD2DFDA11FF0C1D', '2015-05-07 03:59:55', '', 43),
(387, 11, 'wansbrough.jpg', '', '', NULL, NULL, 'wansbrough.jpg', '1/180CEE71C39B2F58370643E53DA7B33C', '2015-05-07 04:11:42', '', 44),
(388, 11, 'Gluckman.jpg', '', '', NULL, NULL, 'Gluckman.jpg', '3/3D85D3EE387B6A4CD2CC9CA9A94E77D4', '2015-05-07 04:23:54', '', 45),
(389, 17, 'FS15_1.jpg', '', '', NULL, NULL, 'FS15_1.jpg', '7/7756EE6D94283DDF44F8C8BDF2989721', '2015-05-18 22:25:47', '', 50),
(390, 17, 'FS15_2.jpg', '', '', NULL, NULL, 'FS15_2.jpg', 'E/E5DFD66D828C7406195695CE03227FC6', '2015-05-18 22:26:04', '', 51),
(391, 17, 'FS15_3.jpg', '', '', NULL, NULL, 'FS15_3.jpg', '9/977C27D5D277B65B1EA9773DE462F690', '2015-06-09 21:25:02', '', 52),
(392, 20, 'Rutledge cake.jpg', '', '', NULL, NULL, 'Rutledge cake.jpg', '0/009250B7D170209C6BF5599326017A44', '2015-09-15 00:39:18', '', 29),
(393, 20, 'Contact_Photo.jpg', '', '', NULL, NULL, 'Contact_Photo.jpg', '2/27E7FE9BE28E8447A4335373E37875DE', '2015-09-15 00:40:57', '', 30),
(394, 17, 'FS4.jpg', '', '', NULL, NULL, 'FS4.jpg', '7/7C5764C5F95D2C4B89C8D12326D7C0FB', '2015-09-15 01:05:39', '', 53),
(395, 15, 'AgR-NZAGRC-GRA.jpg', '', '', NULL, NULL, 'AgR-NZAGRC-GRA.jpg', 'C/C455D7EA311BCE8D2B990792F50BCEBB', '2015-10-11 21:03:44', '', 30),
(396, 15, 'FS5', '', '', NULL, NULL, 'giberellins.jpg', '6/65CD2D3CA3FA5D0FD18BA94C7040F973', '2015-11-17 03:20:12', '', 31),
(397, 17, 'FS5', '', '', NULL, NULL, 'giberellins.jpg', '1/12F5D991B6CB0133443DE11FBAA9B20E', '2015-11-17 20:24:05', '', 54),
(398, 17, 'Highlights2015.jpg', '', '', NULL, NULL, 'Highlights2015.jpg', '9/94ADA6B1E3889FDCF7D977C1A7CD74AC', '2015-11-17 20:55:01', '', 55),
(399, 11, 'Aaron', '', '', NULL, NULL, 'Aaron-Wall-1-web.jpg', '8/8D2BC78F0ED3257B11D7AF49EC6AE914', '2015-11-24 00:51:13', '', 46),
(400, 11, 'jk3.jpg', '', '', NULL, NULL, 'jk3.jpg', '5/5BA70D30CFB6DC259289D47ACB26375E', '2015-11-24 00:56:24', '', 47),
(401, 17, 'AR2015', '', '', NULL, NULL, 'Annual report 2015 cover.jpg', '3/3CE7F02B019CDB99248C4B8A546419E9', '2015-11-26 03:05:18', '', 56),
(402, 20, 'spikey.jpg', '', '', NULL, NULL, 'spikey.jpg', 'D/D9E3BF70F8E808B031A4621032B1F269', '2016-03-21 01:55:05', '', 31),
(403, 11, 'Camilla G.jpg', '', '', NULL, NULL, 'Camilla G.jpg', 'C/CEDA5B52A3F45F81A80E6888A5D5853F', '2016-03-24 00:34:25', '', 48),
(404, 11, 'Camilla G_crop.jpg', '', '', NULL, NULL, 'Camilla G_crop.jpg', '0/04551BEF534874AE37D1DFC5BF6727E3', '2016-03-24 01:12:25', '', 49),
(405, 11, 'Sheree_action shot_crop.jpg', '', '', NULL, NULL, 'Sheree_action shot_crop.jpg', '6/6B38012F918607790D3454F1D8A9635F', '2016-03-24 01:18:00', '', 50),
(406, 11, 'Camilla G.jpg', '', '', NULL, NULL, 'Camilla G.jpg', 'A/A909F86AE8FDB2C0A6C237CAF6589D2E', '2016-03-24 01:24:56', '', 51),
(407, 11, 'Jo Tyndall 1 Copyright IISD ENB_resize.jpg', '', '', NULL, NULL, 'Jo Tyndall 1 Copyright IISD ENB_resize.jpg', '4/4C5E9E4F50E5C27FF764EF36F2BC1EA4', '2016-03-24 02:45:30', '', 52),
(408, 15, 'ERA-GAS.jpg', '', '', NULL, NULL, 'ERA-GAS.jpg', '4/4AC609DA5ABE2B9F03EB45B0600DB348', '2016-03-24 02:55:21', '', 32),
(409, 11, 'Sheree_crop.jpg', '', '', NULL, NULL, 'Sheree_crop.jpg', '5/55AB0A57BF2B8F8D88B5FA7F2C6EBF82', '2016-04-19 02:25:24', '', 53),
(410, 15, 'UoW logo.jpg', '', '', NULL, NULL, 'UoW logo.jpg', '4/4E98C75BC5937326479DB2AD22C2CF1F', '2016-11-08 01:14:50', '', 33),
(411, 17, '2016cover', '', '', NULL, NULL, 'cover.jpg', '9/96AAFFF03F2F0A022E1D2E1F4217EF6A', '2016-11-24 21:29:30', '', 57),
(412, 17, 'cover.jpg', '', '', NULL, NULL, 'cover.jpg', '6/6DD6E1F6CA06EFA12CE331731D563321', '2016-12-05 00:39:02', '', 58),
(413, 15, 'scion', '', '', NULL, NULL, 'Scion_logo_standard_positive.jpg', '0/0F8017E5D8F0903FE3EDC3BA05AE056C', '2017-02-16 22:10:27', '', 34),
(414, 15, 'scion_web.png', '', '', NULL, NULL, 'scion_web.png', '6/63C39CE54DE22F0A2BCFC6014639F476', '2017-02-16 22:16:32', '', 35),
(415, 15, 'scion_web.png', '', '', NULL, NULL, 'scion_web.png', '8/87916D7399600A1A8C1924590B51DDCF', '2017-02-16 22:17:42', '', 36),
(416, 15, 'scion_web.jpg', '', '', NULL, NULL, 'scion_web.jpg', '7/74A6E3A0F7F11D100F0856EBCC9F8883', '2017-02-16 22:20:04', '', 37),
(417, 23, 'landscape map.jpg', '', '', NULL, NULL, 'landscape map.jpg', 'A/A5651212697E9007F6D076962B450563', '2017-02-21 01:00:03', '', 1),
(418, 15, 'beeflambnz_logo_green.png', '', '', NULL, NULL, 'beeflambnz_logo_green.png', 'D/D15B2154F14E8BC881AD9B358006CF11', '2017-02-21 20:25:27', '', 38),
(419, 15, 'P35622 LEARN Logo.jpg', '', '', NULL, NULL, 'P35622 LEARN Logo.jpg', 'C/CF997E404B0B8DD35B477BA41F7AECCC', '2017-02-22 02:59:56', '', 39),
(420, 20, 'graph.jpg', '', '', NULL, NULL, 'graph.jpg', '7/7B265205EC31F7D8ED88C2E1F2199DB0', '2017-02-22 21:47:08', '', 32),
(421, 20, 'Yourpart.jpg', '', '', NULL, NULL, 'Yourpart.jpg', '4/44734EF9F4D09DF96CF8B90C19ECF6B5', '2017-02-22 22:12:47', '', 33),
(422, 15, 'scion_web.png', '', '', NULL, NULL, 'scion_web.png', 'B/BE26B75073D1FD22EFF43F3A9BA27B0A', '2017-03-01 00:55:37', '', 40),
(423, 15, 'Scion_logo_standard_positive.jpg', '', '', NULL, NULL, 'Scion_logo_standard_positive.jpg', 'B/BE675C2225924B6D03F91B007574FDAC', '2017-03-01 00:56:52', '', 41),
(424, 5, 'SCION', '', '', NULL, NULL, 'Scion_logo_standard_positive.jpg', '5/5B05F42242ED8449397BF31E39CA96B3', '2017-03-01 02:50:17', 'http://www.nzagrc.org.nz/scion.html', 9),
(426, 16, 'structure.jpg', '', '', NULL, NULL, 'structure.jpg', '6/62D7B0F126AF3FFCED73441EC8CEBAA6', '2017-03-02 02:14:33', '', 16),
(427, 16, 'ballon graph.jpg', '', '', NULL, NULL, 'ballon graph.jpg', '0/0046DC6044BACD6B85863395E429B769', '2017-03-02 23:47:17', '', 17),
(428, 11, 'HW_pic.jpg', '', '', NULL, NULL, 'HW_pic.jpg', '4/431F652081A4A6138675668932A201AA', '2017-03-05 20:10:28', '', 54),
(429, 11, 'KP_pic.png', '', '', NULL, NULL, 'KP_pic.png', '1/11A056F4E0121A8A718681360C4011DD', '2017-03-05 20:13:49', '', 55),
(430, 11, 'KP_pic.png', '', '', NULL, NULL, 'KP_pic.png', 'B/B17ED2A202EC23B38DAD46F2AB2AB74A', '2017-03-05 20:15:00', '', 56),
(431, 15, 'P35622 LEARN Logo.jpg', '', '', NULL, NULL, 'P35622 LEARN Logo.jpg', 'A/A29D5C17F247AE0E256A890B594149A1', '2017-03-05 21:03:05', '', 42),
(432, 15, 'P35622 LEARN Logo.png', '', '', NULL, NULL, 'P35622 LEARN Logo.png', 'D/DC355DC0E367B2EDDA1657ED32E7D057', '2017-03-05 21:07:54', '', 43),
(433, 15, 'P35622 LEARN Logo.jpg', '', '', NULL, NULL, 'P35622 LEARN Logo.jpg', '9/9C2000F53EEAD69AF8D19801C7B98ED2', '2017-03-05 21:08:56', '', 44),
(434, 16, 'pipeline_breeding.jpg', '', '', NULL, NULL, 'pipeline_breeding.jpg', 'E/EC7AB1878FC9032FA47DF4F5B5DCEBAF', '2017-03-05 22:34:01', '', 18),
(435, 16, 'pipeline_timeline.jpg', '', '', NULL, NULL, 'pipeline_timeline.jpg', '0/0E00DC0B05EF6396B41EFBB967019138', '2017-03-05 22:34:46', '', 19),
(436, 16, 'pipeline_feed.jpg', '', '', NULL, NULL, 'pipeline_feed.jpg', '2/21F2D8BA30F4FF543AE52F365570147D', '2017-03-05 22:35:44', '', 20),
(437, 16, 'pipeline_feed.jpg', '', '', NULL, NULL, 'pipeline_feed.jpg', '0/00C37664A8BEDCC16C53B03A1AF4F4CA', '2017-03-05 22:53:47', '', 21),
(438, 16, 'pipeline_feed.jpg', '', '', NULL, NULL, 'pipeline_feed.jpg', '7/744DD6365F56864F38D1ABDF6519FF29', '2017-03-05 22:57:03', '', 22),
(439, 16, 'pipeline_vaccine.jpg', '', '', NULL, NULL, 'pipeline_vaccine.jpg', 'D/D96DB92330DA94412418B0B8A3CFE444', '2017-03-05 23:03:31', '', 23),
(440, 16, 'pipeline_inhibitor.jpg', '', '', NULL, NULL, 'pipeline_inhibitor.jpg', 'F/F31BAFD8000DDCE417C964E4876DB1E9', '2017-03-05 23:09:10', '', 24),
(489, 11, 'IMG_3564.JPG', '', '', '', '', 'IMG_3564.JPG', '0/0488BA4301AEE87387DEF47E50E307F4', '2017-05-11 00:04:03', '', 61),
(488, 16, 'pipeline_feed_N2O.jpg', '', '', '', '', 'pipeline_feed_N2O.jpg', 'F/F85E1E8B81F2E6897D5B999AC5F1C387', '2017-05-10 23:10:04', '', 28),
(598, 20, 'chambers.jpg', '', '', '', '', 'chambers.jpg', '8/8A3BF82C58D337DC42F7B9C941184E16', '2017-11-30 02:15:47', '', 83),
(447, 11, 'JanWright', '', '', '', '', '52859qf00 portrait head shoulders sRGB.jpg', '3/39B731D2BD79B647DF4DA4E335CF353C', '2017-03-17 01:56:08', '', 57),
(448, 11, 'JanWright', '', '', '', '', '52859qf00 portrait head shoulders sRGB.jpg', '3/36E86275C600E7B90C4839F05B9DFF1A', '2017-03-17 01:56:10', '', 58),
(449, 11, 'FE.jpg', '', '', '', '', 'FE.jpg', 'C/C23A2EE68EF61D97C2D1C0A32639303C', '2017-03-28 21:52:23', '', 59),
(450, 17, 'structure.jpg', '', '', '', '', 'structure.jpg', '5/52326DD9E8DA3C5D4FCFF89773F03E5D', '2017-03-29 00:41:28', '', 59),
(451, 25, 'Jan Wright', '', '', '', '', 'Jan Wright.JPG', 'D/D1F7CE3AE1A1992337F66A8D663AAA90', '2017-03-30 04:25:45', 'http://www.nzagrc.org.nz/conference', 0),
(452, 25, 'Mark Sinclair', '', '', '', '', 'Mark Sinclair.JPG', '0/09335ADEE2FF24D6E7F1E97C5C1B68AE', '2017-03-30 04:25:46', '', 1),
(453, 25, 'Sam McIvor', '', '', '', '', 'Sam McIvor.JPG', '8/8A64ED408654AD3E500E8373D621A9ED', '2017-03-30 04:25:46', '', 2),
(454, 25, 'Stewart Ledgard', '', '', '', '', 'Stewart Ledgard.JPG', 'F/F26F2ACAE89F28BE28A284519C1D9918', '2017-03-30 04:25:46', '', 3),
(455, 25, 'Francesca Eggleton', '', '', '', '', 'Francesca Eggleton.JPG', '9/985387DC29E53842FD1DD89B526CD195', '2017-03-30 04:25:46', '', 4),
(456, 25, 'Harry Clark', '', '', '', '', 'IMG_3007.JPG', 'E/EC58091BE3CA06A73C31EC385513A143', '2017-03-30 04:25:46', '', 5),
(457, 25, 'Cecile de Klein', '', '', '', '', 'IMG_3278.JPG', '6/66D688EA9A64C065842D244201D373C6', '2017-03-30 04:25:46', '', 6),
(458, 25, 'Suzi Kerr', '', '', '', '', 'IMG_3093.JPG', 'A/AB898E841B4B60154CA84860C0FC7905', '2017-03-30 04:25:46', '', 7);
INSERT INTO `mix_image` (`image_id`, `image_category_id`, `title`, `caption`, `caption_search`, `artist`, `artist_email`, `filename`, `path`, `modified`, `href`, `order_id`) VALUES
(472, 25, 'IMG_3082.JPG', '', '', '', '', 'IMG_3082.JPG', 'D/DAB6421DA201465C64DFD2F6384020BE', '2017-03-30 04:31:32', '', 13),
(473, 11, 'Kearney, Laura_cropped.jpg', '', '', '', '', 'Kearney, Laura_cropped.jpg', '2/2191B68CABB86193239BCC8E488D27B9', '2017-04-20 03:28:01', '', 60),
(467, 25, 'Peter Janssen', '', '', '', '', 'IMG_3190.JPG', '2/23A309EFC60A1C277D09364A03C3E00B', '2017-03-30 04:28:09', '', 8),
(468, 25, 'Louis Schipper', '', '', '', '', 'IMG_3358.JPG', '2/24460A7C5A688B00D9B38030F4023283', '2017-03-30 04:28:09', '', 9),
(469, 25, 'IMG_2013.JPG', '', '', '', '', 'IMG_2013.JPG', '5/5921B4E852D041455A8E5E9E098C8F4E', '2017-03-30 04:28:09', '', 10),
(470, 25, 'IMG_2139.JPG', '', '', '', '', 'IMG_2139.JPG', 'C/C858E5448FC58919D3A9CC0B094AB18B', '2017-03-30 04:31:32', '', 11),
(471, 25, 'IMG_2854.JPG', '', '', '', '', 'IMG_2854.JPG', '3/3CCB575065359D1B67431BBA97FB3A3A', '2017-03-30 04:31:32', '', 12),
(474, 20, 'AgR M labs - 043.JPG', '', '', '', '', 'AgR M labs - 043.JPG', '1/1C0407749A348FC8D829AA0E8C003468', '2017-05-03 04:49:28', '', 34),
(475, 20, 'microbes.jpg', '', '', '', '', 'microbes.jpg', '5/59BC042CFFF2A877B888E8A8DEC8E4D9', '2017-05-03 23:16:49', '', 35),
(476, 20, 'DSC04778.JPG', '', '', '', '', 'DSC04778.JPG', '6/6561BAF1817A6BA95E41C7C17B2B7AC9', '2017-05-03 23:22:09', '', 36),
(477, 20, 'breeding.jpg', '', '', '', '', 'breeding.jpg', '0/071BC8BC5721965CE0FB0DDA8F8827D4', '2017-05-03 23:24:38', '', 37),
(478, 20, 'grc.jpg', '', '', '', '', 'grc.jpg', '1/12D27D1B38F79D669F1B934F2ED0B1CA', '2017-05-03 23:36:51', '', 38),
(479, 20, 'grc_map.jpg', '', '', '', '', 'grc_map.jpg', '0/0A67DD02A37D2C93179955AE737E723A', '2017-05-03 23:41:51', '', 39),
(480, 20, 'methanogen_hands.jpg', '', '', '', '', 'methanogen_hands.jpg', '9/9CD4B01FB12E58D8E4D6E9DFAD955892', '2017-05-03 23:47:21', '', 40),
(481, 20, 'methanogen.jpg', '', '', '', '', 'methanogen.jpg', '6/6B526EC0B0310E1D70B60FE9248B17CD', '2017-05-03 23:47:41', '', 41),
(482, 20, 'soilmoisture.jpg', '', '', '', '', 'soilmoisture.jpg', '4/41971DBD16647048DD702C7C3BE2655C', '2017-05-03 23:56:10', '', 42),
(483, 20, 'soilmoisture_cows.jpg', '', '', '', '', 'soilmoisture_cows.jpg', 'E/E858FB9FFF21C89FE0C2E8003B865317', '2017-05-03 23:56:51', '', 43),
(484, 20, 'maori.jpg', '', '', '', '', 'maori.jpg', 'F/F84F74618EA4774A6E67B119FD9AF842', '2017-05-04 00:11:14', '', 44),
(485, 20, 'maori_farmer.jpg', '', '', '', '', 'maori_farmer.jpg', '7/771AAB83F28B7FD8567DA188B95ADA83', '2017-05-04 00:13:34', '', 45),
(486, 20, 'cog diagram.jpg', '', '', '', '', 'cog diagram.jpg', '7/747EC8F7CC7032A02239686B0309B82D', '2017-05-04 03:14:30', '', 46),
(487, 16, 'pipeline_plants.jpg', '', '', '', '', 'pipeline_plants.jpg', 'C/C30937CEDCFEC1630517C9C7652E9DF8', '2017-05-10 23:01:24', '', 27),
(490, 11, 'IMG_2943.JPG', '', '', '', '', 'IMG_2943.JPG', '0/0B7CE3074EF83E8DB8E9A236E06BD937', '2017-05-11 02:53:35', '', 62),
(491, 11, 'IMG_2838.JPG', '', '', '', '', 'IMG_2838.JPG', '8/8C059B8637A2EE59E644469F58D31605', '2017-05-11 03:06:45', '', 63),
(492, 20, 'Curious%20cows_JPG[1].jpg', '', '', '', '', 'Curious%20cows_JPG[1].jpg', '0/05721F7C9B98A10CE5170140E567D761', '2017-05-11 22:57:42', '', 47),
(493, 28, 'Home_conf.jpg', '', '', '', '', 'Home_conf.jpg', '7/77D0AD9D953F849DFB94B9100F7D00CB', '2017-05-11 23:10:01', '', 1),
(494, 28, 'Home_fs1.jpg', '', '', '', '', 'Home_fs1.jpg', '3/385EB2A80486D927D027B59C1A7E3BAA', '2017-05-11 23:15:46', '', 2),
(495, 28, 'Home_cows.jpg', '', '', '', '', 'Home_cows.jpg', 'A/A3DB19F7E410DABBCB44CCE58398BDC4', '2017-05-11 23:16:13', '', 3),
(497, 28, 'Home_fund.jpg', '', '', '', '', 'Home_fund.jpg', '3/34D1A310AC041ACB2F0DECAF3FE7915D', '2017-05-11 23:18:44', '', 4),
(498, 28, 'Home_ipcc.jpg', '', '', '', '', 'Home_ipcc.jpg', '6/6EE33BC7157619108850CC7A41EFC889', '2017-05-11 23:22:28', '', 5),
(499, 28, 'Home_fs.jpg', '', '', '', '', 'Home_fs.jpg', '7/7BC30358ACB53282ED50CA049C0913B1', '2017-05-11 23:32:28', '', 6),
(500, 28, 'Home_16hl.jpg', '', '', '', '', 'Home_16hl.jpg', 'B/BDC95CA598DD587CE52AB17A1AF601A0', '2017-05-11 23:35:35', '', 7),
(502, 28, 'Home_sheep.jpg', '', '', '', '', 'Home_sheep.jpg', 'A/A14D442ED17F671F2EA1547991AB7A52', '2017-05-11 23:52:42', '', 8),
(503, 28, 'Home_collab.jpg', '', '', '', '', 'Home_collab.jpg', 'E/E2E30F78BD55C073C9A8DFE31ED6DC07', '2017-05-12 00:07:56', '', 9),
(504, 28, 'Home_news.jpg', '', '', '', '', 'Home_news.jpg', '5/5A52E3C3ADDB3510B519B89B6CEC0D79', '2017-05-12 00:18:17', '', 10),
(505, 11, 'Janssen', '', '', '', '', 'IMG_3590.JPG', '2/270ACAE0966DDE729BC0E5A35456D243', '2017-05-14 22:28:11', '', 64),
(506, 11, 'Janssen', '', '', '', '', 'IMG_3590.JPG', '7/7B02FE277B6146A4053A2E3ED1E9F0C9', '2017-05-14 22:28:16', '', 65),
(507, 16, 'pipeline_soilc.jpg', '', '', '', '', 'pipeline_soilc.jpg', 'A/A14EB129C49286240E49BE007CAF1970', '2017-05-16 22:15:57', '', 29),
(508, 20, 'cow_lrgstory.jpg', '', '', '', '', 'cow_lrgstory.jpg', '0/0D92BC386875D03C96BBAE230D3AAECD', '2017-05-17 01:04:47', '', 48),
(510, 20, 'story_soilcmap.jpg', '', '', '', '', 'story_soilcmap.jpg', '7/7FC1B7F6F9B9D47F5EF1A790DC88F9AA', '2017-05-17 02:44:10', '', 49),
(511, 20, 'soilcmap.jpg', '', '', '', '', 'soilcmap.jpg', '4/4A47AE70899851EEA10591F502C8EE3B', '2017-05-17 02:47:34', '', 50),
(513, 16, 'pipeline_farms.jpg', '', '', '', '', 'pipeline_farms.jpg', 'A/AA321C3D33D42D138AFC8A6C11ABD456', '2017-05-17 05:05:15', '', 30),
(514, 20, 'news_nzcasestudy.jpg', '', '', '', '', 'news_nzcasestudy.jpg', '5/549D2965762FE3B868C0E8FD9E777316', '2017-05-18 01:52:16', '', 51),
(515, 20, 'report_pfr.jpg', '', '', '', '', 'report_pfr.jpg', '3/3D7B6980E342EF67D2CE35F2E06044BB', '2017-05-18 02:18:05', '', 52),
(516, 20, 'logo_scientific_reports.jpg', '', '', '', '', 'logo_scientific_reports.jpg', '8/8F79A767E46C1C2074AEB9335FDB35D9', '2017-05-18 02:35:08', '', 53),
(517, 17, 'report_urugauy.jpg', '', '', '', '', 'report_urugauy.jpg', 'F/FF8985FFB5EDD557FD58A36728D47D9B', '2017-05-18 22:52:53', '', 60),
(518, 17, 'report_ethiopia.jpg', '', '', '', '', 'report_ethiopia.jpg', 'B/B093A7323C8D617854B29F84D20EC358', '2017-05-18 23:15:58', '', 61),
(519, 17, 'report_bangladesh.jpg', '', '', '', '', 'report_bangladesh.jpg', 'B/B18064588834CFCF5EB55A3B0E48B5AF', '2017-05-18 23:17:53', '', 62),
(520, 17, 'pop_ccafs.jpg', '', '', '', '', 'pop_ccafs.jpg', 'E/E73F3EB486F606527C3BB21611AFFA59', '2017-05-19 02:35:39', '', 63),
(521, 17, 'report_CCAFSMRV.jpg', '', '', '', '', 'report_CCAFSMRV.jpg', '0/007FCA0AEA9F20957F9185AFFEE9A97F', '2017-05-19 02:37:33', '', 64),
(522, 17, 'report_maori.jpg', '', '', '', '', 'report_maori.jpg', '3/35652EA69EE6DA9F99578610942D971A', '2017-05-19 03:50:00', '', 65),
(523, 11, 'staff_sl_stuffarticle.jpg', '', '', '', '', 'staff_sl_stuffarticle.jpg', '1/1E89F618EC4921EEF6152948BA8EC2CF', '2017-05-24 03:06:29', '', 66),
(524, 20, 'EcoInd_cover.gif', '', '', '', '', 'EcoInd_cover.gif', '0/08D2E21BA02454D9332E6558DD57BB37', '2017-05-30 21:22:44', '', 54),
(525, 20, 'gcb_cover.jpg', '', '', '', '', 'gcb_cover.jpg', 'C/C13D272EA8990A0FA75287467CAD0577', '2017-06-01 00:01:46', '', 55),
(526, 11, 'Louis Schipper', '', '', '', '', 'IMG_3555.jpg', '8/87FDC8E687CE8BA3D4E848CDEE756A4B', '2017-06-13 22:49:10', '', 67),
(528, 15, 'logo_rnz.jpg', '', '', '', '', 'logo_rnz.jpg', 'B/BAA3E030A4A0902C7C6CBC93884A82D4', '2017-06-13 23:05:29', '', 47),
(529, 17, 'report_mpinzagrc.jpg', '', '', '', '', 'report_mpinzagrc.jpg', 'F/FC495101D5C4C7B5CE6073785AD21B3D', '2017-06-13 23:50:46', '', 66),
(530, 17, '2012cover.gif', '', '', '', '', '2012cover.gif', 'C/CADDBC3BB69A2C4F0FE9DF001DB9CA60', '2017-06-19 21:58:36', '', 67),
(531, 20, 'as_cover.jpg', '', '', '', '', 'as_cover.jpg', '5/5B470ABFD4DEBF9C5A6C81C12D38BFB8', '2017-07-06 02:24:20', '', 56),
(532, 20, 'cover_totalenv.jpg', '', '', '', '', 'cover_totalenv.jpg', '1/1FC5A5C5A01E97C68FAD72EAA302E17A', '2017-07-12 04:42:45', '', 57),
(533, 15, 'FAQ.jpg', '', '', '', '', 'FAQ.jpg', '4/44A278C2B54C4D469B1544B77E4A2E2A', '2017-07-13 04:42:02', '', 48),
(534, 20, 'cover_climatechangecoast.jpg', '', '', '', '', 'cover_climatechangecoast.jpg', 'A/A0BD6CEDCA2CF85743E1172AB3E994BF', '2017-07-13 23:43:59', '', 58),
(535, 16, 'balloon.png', '', '', '', '', 'balloon.png', '6/617476A47C3C28518346C5EC507E30CE', '2017-07-19 00:12:36', '', 31),
(536, 15, 'logo_wireless.jpg', '', '', '', '', 'logo_wireless.jpg', 'B/BDFC5928F14713A26FDBC2ADE323F7F4', '2017-07-19 04:31:50', '', 49),
(537, 15, 'logo_ruralnews.jpg', '', '', '', '', 'logo_ruralnews.jpg', '9/9804F6229E6419A934F9DC9DC82BD0B4', '2017-07-19 04:52:25', '', 50),
(538, 15, 'logo_dairynews.jpg', '', '', '', '', 'logo_dairynews.jpg', 'A/AA0186042B2C562C6C99868C2F4629AB', '2017-07-19 04:54:22', '', 51),
(539, 20, 'news_jgi201.jpg', '', '', '', '', 'news_jgi201.jpg', 'C/C3C2F6EA6B37E1E557F448003BEFB3B7', '2017-07-19 05:00:00', '', 59),
(540, 15, 'logo_motu.jpg', '', '', '', '', 'logo_motu.jpg', 'F/FE110083C969DCFCC1D134ABE65BA701', '2017-07-19 05:01:14', '', 52),
(541, 16, 'Sector emissions_1990-2014.jpg', '', '', '', '', 'Sector emissions_1990-2014.jpg', '8/827B2C3AD4D41675A0675939C404AE54', '2017-07-19 23:35:35', '', 32),
(542, 16, 'sector intensity_1990-2014.jpg', '', '', '', '', 'sector intensity_1990-2014.jpg', '8/88701E4F5791F4E1D0D8FB9890EE0D20', '2017-07-19 23:38:27', '', 33),
(543, 16, 'sector_total_1990-2014.jpg', '', '', '', '', 'sector_total_1990-2014.jpg', 'E/E04DD13FE61A7ACD0326F17D0B50590F', '2017-07-19 23:39:07', '', 34),
(544, 16, 'summary of options.jpg', '', '', '', '', 'summary of options.jpg', '0/07AB45DB2299AAF3FCDF2DE764F53A93', '2017-07-19 23:48:36', '', 35),
(545, 16, 'emissions_trends-2990-2014.jpg', '', '', '', '', 'emissions_trends-2990-2014.jpg', 'C/C242A601AD2AE55F2DC46E24F070534E', '2017-07-20 00:43:18', '', 36),
(546, 15, 'logo_farmersweekly.jpg', '', '', '', '', 'logo_farmersweekly.jpg', '0/01F62BE35917B10D0115831EFE7E877A', '2017-07-24 21:29:05', '', 53),
(547, 15, 'logo_nzfarmer.jpg', '', '', '', '', 'logo_nzfarmer.jpg', '0/0904A02A790CE57CC7ADEC22BA08152F', '2017-07-24 22:15:42', '', 54),
(548, 20, 'cover_2016annualreport.jpg', '', '', '', '', 'cover_2016annualreport.jpg', 'D/DB26056AA60DD0BF340B7734BFC342B5', '2017-07-25 00:05:43', '', 60),
(549, 20, 'cover_inhibitors.jpg', '', '', '', '', 'cover_inhibitors.jpg', 'B/B7AB8C0AEF80C79FB73132198663C793', '2017-07-27 23:15:20', '', 61),
(550, 20, 'p16_methanogen.jpg', '', '', '', '', 'p16_methanogen.jpg', '8/824DE4A3D9279322CFB39A09ED792D21', '2017-07-30 23:47:57', '', 62),
(551, 20, 'rumen.jpg', '', '', '', '', 'rumen.jpg', '9/94C1FB74854FACB981D526973D951C6F', '2017-07-31 21:11:28', '', 63),
(552, 20, 'enteric fermentation.jpg', '', '', '', '', 'enteric fermentation.jpg', '8/89920359B8DD166EC276198E5BD1FFE2', '2017-07-31 21:11:48', '', 64),
(553, 28, 'home_funds.jpg', '', '', '', '', 'home_funds.jpg', '3/3DBC0C7E961170E2E579933C16B591C6', '2017-08-29 04:11:18', '', 11),
(554, 28, 'home_header.jpg', '', '', '', '', 'home_header.jpg', 'C/CBB23A704E9A5F17322C74AAE3E8D68A', '2017-08-30 01:43:38', '', 12),
(555, 28, 'home_header.jpg', '', '', '', '', 'home_header.jpg', '9/95E57D56EC4FBD72BE3CF1F76AF24828', '2017-08-30 01:47:39', '', 13),
(556, 28, 'home_is.jpg', '', '', '', '', 'home_is.jpg', 'C/C11F9A80B134C290C6D06D9001790DA9', '2017-08-30 02:21:36', '', 14),
(557, 28, 'home_ch4.jpg', '', '', '', '', 'home_ch4.jpg', 'D/DF1ECFC4F8EA154F6247C31B62FF7330', '2017-08-30 02:31:09', '', 15),
(558, 28, 'home_maori.jpg', '', '', '', '', 'home_maori.jpg', '1/1A0919724644AE8C2CD0021F4BA93607', '2017-08-30 02:56:23', '', 16),
(559, 28, 'home_n20.jpg', '', '', '', '', 'home_n20.jpg', '3/378C2E1CC3DEF262A69BFF5C0E123BF0', '2017-08-30 02:56:39', '', 17),
(560, 28, 'home_soilc.jpg', '', '', '', '', 'home_soilc.jpg', '6/61B98BEAD12C7DE794D9646D486D2527', '2017-08-30 02:56:53', '', 18),
(561, 17, 'cover_inhibitors.jpg', '', '', '', '', 'cover_inhibitors.jpg', 'D/D533A5CF164A5AEE01D5EE00A03D834E', '2017-08-30 03:14:29', '', 68),
(562, 28, 'like-button-2015-06.png', '', '', '', '', 'like-button-2015-06.png', 'E/EBA633207D627A039A50EE9E7C2C2E57', '2017-08-30 05:01:57', '', 19),
(563, 28, 'home_gra_170831.jpg', '', '', '', '', 'home_gra_170831.jpg', '1/148A91BB6F9778C938940264B5641A74', '2017-08-30 22:36:23', '', 20),
(564, 28, 'home_gra_170831.jpg', '', '', '', '', 'home_gra_170831.jpg', 'D/D358D2CE7C6F42672DE861CC27897A60', '2017-08-30 22:46:26', '', 21),
(565, 20, 'Spikey.jpg', '', '', '', '', 'Spikey.jpg', '2/2E0062C1E4A7B6DC69534E9E727560F6', '2017-09-07 21:15:00', '', 65),
(566, 20, 'Spikey_2.jpg', '', '', '', '', 'Spikey_2.jpg', '5/5AB26FF8F4EF7FB1171927D06963299F', '2017-09-07 21:15:12', '', 66),
(567, 20, 'Spikey_winners.jpg', '', '', '', '', 'Spikey_winners.jpg', '8/8B7D7C3720313E6C97718F547B8C1D5F', '2017-09-07 21:15:33', '', 67),
(568, 20, 'home_spikey_170903.jpg', '', '', '', '', 'home_spikey_170903.jpg', '6/6F30BEABD51C94C1546636236C592509', '2017-09-07 21:25:32', '', 68),
(569, 20, 'home_spikey_170903.jpg', '', '', '', '', 'home_spikey_170903.jpg', '3/36E6BD57C4519A6E3BB721D1D9A391F4', '2017-09-07 21:28:12', '', 69),
(570, 28, 'home_spikey_170903.jpg', '', '', '', '', 'home_spikey_170903.jpg', '4/4BC93E02779EA14821B7271E2D3C8025', '2017-09-07 22:51:00', '', 22),
(571, 28, 'home_spikey_170903.jpg', '', '', '', '', 'home_spikey_170903.jpg', '9/933A4EA5571B7F0B84FA4D7282A5C2A4', '2017-09-07 23:04:06', '', 23),
(572, 20, 'Spikey_winners_3.jpg', '', '', '', '', 'Spikey_winners_3.jpg', '0/0DF5D692F7F638E3AFD09B4F74488F18', '2017-09-07 23:09:00', '', 70),
(573, 20, 'Spikey_winners_2.jpg', '', '', '', '', 'Spikey_winners_2.jpg', 'F/FEF11AF09FBEAC710632E6E589C33946', '2017-09-07 23:24:23', '', 71),
(574, 20, 'Spikey.jpg', '', '', '', '', 'Spikey.jpg', '2/28A59A17AFC6211209C5E0E89E532218', '2017-09-07 23:24:51', '', 72),
(575, 20, 'Spikey_2.jpg', '', '', '', '', 'Spikey_2.jpg', '8/8212395D319B8D5CC6DBC76CEB8CD706', '2017-09-07 23:25:16', '', 73),
(576, 29, 'Spikey.jpg', '', '', '', '', 'Spikey.jpg', 'A/A80F8B98962BE477BAEC1BEE5F4577F8', '2017-09-07 23:26:35', '', 0),
(577, 29, 'Spikey_2.jpg', '', '', '', '', 'Spikey_2.jpg', 'D/D118380934C1FC8CD7B8DE12A6814E88', '2017-09-07 23:26:49', '', 1),
(578, 15, 'logo_4pourmille.jpg', '', '', '', '', 'logo_4pourmille.jpg', 'E/EB8240DBCBB13F2445C995F481237D84', '2017-09-12 22:18:30', '', 55),
(579, 20, '0027.jpg', '', '', '', '', '0027.jpg', '1/18BE35FDEC2BCAD7BF3BF6B5B0F41A25', '2017-09-13 23:33:43', '', 74),
(580, 15, 'low_agecoenv0916.jpg', '', '', '', '', 'low_agecoenv0916.jpg', '4/417E3FB4E2C124E83CFD6D3F9A5C201E', '2017-09-14 01:57:19', '', 56),
(581, 20, 'QCL 2.jpg', '', '', '', '', 'QCL 2.jpg', '5/5FBA2EF87F8F5C7A91FBE1A018AC28FD', '2017-09-21 02:56:45', '', 75),
(582, 11, 'anne wecking.jpg', '', '', '', '', 'anne wecking.jpg', 'E/EE57A434B4113AF0D64EA2084CB1CFEB', '2017-09-22 01:37:25', '', 68),
(583, 20, 'louis schipper pic.jpg', '', '', '', '', 'louis schipper pic.jpg', '4/48A4586D0ED12EA2A54AD4122D7826A5', '2017-09-22 01:40:36', '', 76),
(584, 20, 'home_laser_170921.jpg', '', '', '', '', 'home_laser_170921.jpg', 'E/E8284E744D7DBAC98226ED3F043179F6', '2017-09-26 20:55:31', '', 77),
(585, 30, 'IMG_1747.jpg', '', '', '', '', 'IMG_1747.jpg', 'A/A1AB23BBFFDDE921766E7D1A8A1784F6', '2017-09-27 21:04:57', '', 1),
(586, 20, 'home_nzagrc_171004.jpg', '', '', '', '', 'home_nzagrc_171004.jpg', '5/5CF70DA521024DBEB7F132C5915E7578', '2017-10-04 02:28:32', '', 78),
(587, 28, 'home_mcewan_171109.jpg', '', '', '', '', 'home_mcewan_171109.jpg', 'C/C8F2290DE17800A944818502A57BE1A9', '2017-11-08 20:44:14', '', 24),
(588, 28, 'home_mcewan_171109.jpg', '', '', '', '', 'home_mcewan_171109.jpg', 'E/E64029C85E69952802C085F594A8B781', '2017-11-08 21:09:01', '', 25),
(589, 28, 'home_mcewan_171109.jpg', '', '', '', '', 'home_mcewan_171109.jpg', 'B/B2C00ADDC1F24959E6895C3A75FE7CF0', '2017-11-08 21:11:45', '', 26),
(590, 11, 'JM_lab.jpg', '', '', '', '', 'JM_lab.jpg', '6/66F0F4870641AAB808438218395620F5', '2017-11-08 21:15:35', '', 69),
(591, 20, 'reisinger_keyresults.jpg', '', '', '', '', 'reisinger_keyresults.jpg', '3/39C50924E8C7054418C3D7AAF61B218E', '2017-11-09 23:22:07', '', 79),
(592, 28, 'home_reisinger_171110.jpg', '', '', '', '', 'home_reisinger_171110.jpg', '3/37DC341E29EBBF58568D38CAD92805E5', '2017-11-09 23:53:42', '', 27),
(593, 15, 'logo_meatexportnz.jpg', '', '', '', '', 'logo_meatexportnz.jpg', '3/311DFE8618D0B55BEBCC7152C77A590D', '2017-11-14 23:57:51', '', 57),
(594, 20, 'report_argentina.jpg', '', '', '', '', 'report_argentina.jpg', '7/75CC5D88FE7F467CBC18DC24364EAE19', '2017-11-21 01:50:59', '', 80),
(595, 20, 'report_srilanka.jpg', '', '', '', '', 'report_srilanka.jpg', 'D/D28830F9B0109FE08698095D6D943C93', '2017-11-21 01:54:01', '', 81),
(596, 20, 'report_kenya.jpg', '', '', '', '', 'report_kenya.jpg', '6/64B96CEBFC323FDF9428F19D6F7E753A', '2017-11-21 01:55:58', '', 82),
(597, 5, 'ManaakiWhenua-LCR', '', '', '', '', 'MW_LR_landscape_lge.jpg', '6/62DE2EEA52DF435FCF5A2EC43A635B95', '2017-11-28 01:03:29', 'http://www.nzagrc.org.nz/landcare.html', 3),
(599, 20, 'pipeline_vaccine_thumbnail.jpg', '', '', '', '', 'pipeline_vaccine_thumbnail.jpg', 'D/DD4E512A160DB28DBEF910CEDF7294BF', '2017-11-30 02:20:29', '', 84),
(600, 28, 'home_eloisegibson.jpg', '', '', '', '', 'home_eloisegibson.jpg', '3/3AB195B4E2334A916FEE17F35364D97F', '2017-11-30 02:43:07', '', 28),
(601, 20, 'cover_envscipolicy.jpg', '', '', '', '', 'cover_envscipolicy.jpg', '0/087211737FB0819BF7C71CA24E60EFC2', '2017-12-04 21:17:53', '', 85),
(602, 20, 'cover_grassforagesci.jpg', '', '', '', '', 'cover_grassforagesci.jpg', '5/5F64240C74D5CCB657A2A9F70ABD278C', '2017-12-04 21:26:12', '', 86),
(603, 17, 'cover.jpg', '', '', '', '', 'cover.jpg', '4/44BDA9E91CFDD82770F9CB7C633244C4', '2017-12-14 21:22:24', '', 69),
(604, 28, 'home_highlights_171215.jpg', '', '', '', '', 'home_highlights_171215.jpg', '8/88C3C32AC39E73704C8809FC726996D2', '2017-12-20 00:59:07', '', 29),
(605, 17, 'cover_jss.jpg', '', '', '', '', 'cover_jss.jpg', '4/47F51876E4942FD37AB97578E3F7FE10', '2017-12-20 01:34:27', '', 70),
(606, 17, 'report_2017.jpg', '', '', '', '', 'report_2017.jpg', 'C/CB3AAF8E722E5ACBA9FA2B79CC46DED6', '2017-12-20 02:26:52', '', 71),
(607, 20, 'carboncycle1.png', '', '', '', '', 'carboncycle1.png', '8/8CA948519D3610B0024BE4D615F5B6AA', '2018-01-08 21:17:26', '', 87),
(608, 15, 'carboncycle1_1.png', '', '', '', '', 'carboncycle1_1.png', 'D/DC428CBD504F93005FAA9538F947A7A1', '2018-01-09 02:06:38', '', 58),
(609, 20, 'carboncycle2_2.png', '', '', '', '', 'carboncycle2_2.png', '1/1AF131452F12732045E4502FCD46BDC9', '2018-01-09 02:07:20', '', 88),
(610, 20, 'carboncycle3_3.png', '', '', '', '', 'carboncycle3_3.png', 'D/DA6B982192D69D18D561950A1B4859CA', '2018-01-09 02:08:01', '', 89),
(611, 20, 'P44129 - Rumen function diagram FA.jpg', '', '', '', '', 'P44129 - Rumen function diagram FA.jpg', '4/43FDACF8DE124DB04B87C563A8D57D31', '2018-01-26 00:52:03', '', 90),
(612, 20, 'carboncycle3_1', '', '', '', '', 'carboncycle3_3_edited.png', '3/35FD9EE0FC7700658E85F190B5BF240A', '2018-02-05 00:01:52', '', 91),
(613, 11, 'p10_Nicolas Puche.jpg', '', '', '', '', 'p10_Nicolas Puche.jpg', 'B/B160C01C0F1862B652764606F566FF37', '2018-02-13 20:46:51', '', 70),
(614, 31, '5 reasons-measuringGHGs.png', '', '', '', '', '5 reasons-measuringGHGs.png', '0/0C81729F2BCD572D4859B0266C82B8C3', '2018-02-15 21:54:27', '', 1),
(615, 31, '5 reasons-measuringGHGs.jpg', '', '', '', '', '5 reasons-measuringGHGs.jpg', 'A/A17A6A3E45120430EB17B87A6C4CCF78', '2018-02-15 22:11:11', '', 2),
(616, 17, 'report_maori2.jpg', '', '', '', '', 'report_maori2.jpg', '6/67D699DD62FC5316D069C1895044C554', '2018-02-27 22:26:16', '', 72),
(617, 20, 'Troughton.jpg', '', '', '', '', 'Troughton.jpg', 'C/CBBB8848DCEC1A5DE031FEDA204C45CB', '2018-03-14 22:35:11', '', 92),
(618, 20, 'nature_hungate.jpg', '', '', '', '', 'nature_hungate.jpg', '0/0E06766AA41874F2D47B29B4FFC69373', '2018-03-20 00:17:35', '', 93),
(619, 20, 'carbon cycle 0.png', '', '', '', '', 'carbon cycle 0.png', 'E/EC630E687B9EF1A2C3101720DA445A1B', '2018-04-09 22:00:07', '', 94),
(620, 20, 'carbon cycle 0.png', '', '', '', '', 'carbon cycle 0.png', 'A/AA33460D7DFA483D23C20CA3C2479B7E', '2018-04-09 22:20:50', '', 95),
(621, 11, 'Sandeep Kumar.jpg', '', '', '', '', 'Sandeep Kumar.jpg', '5/5049EEE24538D42492839AAE87F897EE', '2018-05-04 01:21:05', '', 71),
(622, 11, 'James Wang photo.jpg', '', '', '', '', 'James Wang photo.jpg', 'D/D83C2B8DD193726A7836B2C6EFAE63B9', '2018-05-13 22:09:54', '', 72),
(623, 17, 'Farmer%20glare_JPG.jpg', '', '', '', '', 'Farmer%20glare_JPG.jpg', '2/274E8E1FA18AEFA2997B34FDC009ECCB', '2018-09-02 23:06:29', '', 73),
(624, 17, 'hands_soil.jpg', '', '', '', '', 'hands_soil.jpg', 'D/D17520023470A7D5FFF9DA46B6C28FE9', '2018-09-02 23:18:23', '', 74),
(625, 17, 'report_ARmethane.jpg', '', '', '', '', 'report_ARmethane.jpg', 'F/F7E5683E90AEC89BDB9AC8929995DCEC', '2018-09-06 00:50:16', '', 75),
(626, 20, 'hands_soil.jpg', '', '', '', '', 'hands_soil.jpg', '4/4FD42BDE6B1D4FDB1150FA0CBACDB436', '2018-10-09 00:24:30', '', 96),
(627, 17, 'cover_feedsreview.jpg', '', '', '', '', 'cover_feedsreview.jpg', '4/4CAAA11F6B6852D20B93592AD9FAA1A5', '2018-10-23 21:19:57', '', 76),
(628, 17, 'highlights2018.jpg', '', '', '', '', 'highlights2018.jpg', '1/14E52FCF76D29F570035DDF560E1ACE9', '2018-11-20 22:04:13', '', 77),
(629, 17, 'feeds.jpg', '', '', '', '', 'feeds.jpg', 'F/F643EE94E2F650ABAF48040ADFADB493', '2018-11-29 20:00:09', '', 78),
(630, 11, 'Phil Journeaux', '', '', '', '', 'Phil Journeaux (002).jpg', 'E/EE2C76E4912DDF305CDEC2C9DA70CA3B', '2019-02-04 02:01:26', '', 73),
(631, 11, 'Sam McNally.JPG', '', '', '', '', 'Sam McNally.JPG', '5/548BC0F924BD8BAB1420E7A287A324C5', '2019-02-08 02:16:04', '', 74),
(632, 20, 'Cecile De Klein.png', '', '', '', '', 'Cecile De Klein.png', '5/529A7284C328AF252D0BEC345695AAE3', '2019-02-21 23:11:09', '', 97),
(633, 20, 'William Talbot gas samples.jpg', '', '', '', '', 'William Talbot gas samples.jpg', 'E/E5C24F78642AC37C35F74CE1890D85D5', '2019-02-21 23:20:44', '', 98),
(634, 20, 'Anne Wecking working in a Waikato paddock.JPG', '', '', '', '', 'Anne Wecking working in a Waikato paddock.JPG', '0/0432F9947B6A36F35308588FADBC4248', '2019-02-22 00:13:50', '', 99),
(635, 20, 'P50971 - Web Banner 1140x600 FA.jpg', '', '', '', '', 'P50971 - Web Banner 1140x600 FA.jpg', '4/46C388F38A5C09B23D2595F0731092CA', '2019-02-27 00:03:16', '', 100),
(636, 7, 'Sunset%20Now0907.jpg', '', '', '', '', 'Sunset%20Now0907.jpg', '1/10640D9C21CEE9BF35450D49256117A8', '2019-03-14 02:13:46', '', 30),
(637, 7, 'Sunrise%20fraser%20orchard%20Now0307.jpg', '', '', '', '', 'Sunrise%20fraser%20orchard%20Now0307.jpg', '5/5FD0303ABB14DF3FABBAF2001843214E', '2019-03-14 02:14:14', '', 31),
(638, 7, 'Ackim Mwape Sep 2018 (002) (002).jpg', '', '', '', '', 'Ackim Mwape Sep 2018 (002) (002).jpg', '6/6C28F44295E898624FB860C16771CC82', '2019-03-15 03:17:45', '', 32),
(639, 11, 'Peter Janssen.JPG', '', '', '', '', 'Peter Janssen.JPG', 'C/C44B712F20577755E897E2D525F697BF', '2019-03-19 04:10:54', '', 75),
(640, 20, 'Contact_Photo.jpg', '', '', '', '', 'Contact_Photo.jpg', 'E/EB10F5206DC35926D673FA6ADF085C12', '2019-03-20 04:10:54', '', 101),
(641, 11, 'David_Whitehead headshot.jpg', '', '', '', '', 'David_Whitehead headshot.jpg', '7/7A48F946EFCE3221F0E055CB5D1B078D', '2019-03-20 04:17:39', '', 76),
(642, 11, 'David_Whitehead in the field.jpg', '', '', '', '', 'David_Whitehead in the field.jpg', 'B/B7834DCFBE0769E1BB17D2245CB8BDC0', '2019-03-20 04:22:04', '', 77),
(643, 7, 'Farmer%2003.jpg', '', '', '', '', 'Farmer%2003.jpg', 'A/AC45F1DB5C187EDFB906659E3843E890', '2019-03-20 21:46:22', '', 33),
(644, 11, 'Holly Flay.JPG', '', '', '', '', 'Holly Flay.JPG', '2/2073DD055D7D5D2D005DA28692E96008', '2019-03-22 05:31:00', '', 78),
(645, 11, 'Maria Jimena Rodriguez Gelos pic.jpg', '', '', '', '', 'Maria Jimena Rodriguez Gelos pic.jpg', '3/354B2C1282CA11BA1B3E651E6423AD7F', '2019-03-22 05:32:07', '', 79),
(646, 11, 'Tessa Schmidt 2.jpg', '', '', '', '', 'Tessa Schmidt 2.jpg', 'C/CC907311926D4321A9DF7CC3E649AA83', '2019-03-24 22:58:18', '', 80),
(647, 7, 'Farmer%20glare.jpg', '', '', '', '', 'Farmer%20glare.jpg', '9/9F776A803DA0047631008D88A3481290', '2019-03-28 00:10:47', '', 34),
(648, 7, 'Farmer%20glare.jpg', '', '', '', '', 'Farmer%20glare.jpg', '6/68948F05D978D4EFE01FB71E7C037ADB', '2019-03-28 00:10:55', '', 35),
(649, 17, 'P51174 Low GHG Feeds_Pic.JPG', '', '', '', '', 'P51174 Low GHG Feeds_Pic.JPG', 'F/F9B607D637C87C24D064B26089332C0E', '2019-03-28 03:32:48', '', 79),
(655, 11, 'Ackim Mwape Sep 2018 (002) (002).jpg', '', '', '', '', 'Ackim Mwape Sep 2018 (002) (002).jpg', 'D/DDC1DD090060B21A4F21575117F02E1D', '2019-03-28 22:54:05', '', 82),
(654, 11, 'HarryClarke.jpg', '', '', '', '', 'HarryClarke.jpg', 'C/CE18A569837D134048484367351AEA83', '2019-03-28 05:21:49', '', 81),
(656, 11, 'Science Kit pic.jpg', '', '', '', '', 'Science Kit pic.jpg', '3/3B03FC10AFC5F79F96083E5818A0C2B4', '2019-03-31 21:38:21', '', 83),
(657, 7, 'LogoNzagrcPggrc.jpg', '', '', '', '', 'LogoNzagrcPggrc.jpg', 'B/B27F6C686325B76C736538A40F5BDF1E', '2019-04-03 23:19:05', '', 36),
(658, 7, 'P50971 - Conference Promo Flyer V2 FA JS2.jpg', '', '', '', '', 'P50971 - Conference Promo Flyer V2 FA JS2.jpg', '9/96578D248FF64BCBC1DF62EC22149039', '2019-04-03 23:19:38', '', 37),
(659, 17, 'Mitigation cover pic.JPG', '', '', '', '', 'Mitigation cover pic.JPG', 'A/AC4BDACD4D452D8BEF8163F1011D407D', '2019-04-15 23:45:57', '', 80),
(660, 23, 'Greenhouse_Conf_2019_PrintRes-2.jpg', '', '', '', '', 'Greenhouse_Conf_2019_PrintRes-2.jpg', '5/515B03733534A515B6AB272576A4ECFB', '2019-04-16 04:44:55', '', 2),
(661, 23, 'Greenhouse_Conf_2019_PrintRes-2.jpg', '', '', '', '', 'Greenhouse_Conf_2019_PrintRes-2.jpg', 'C/C240D5FC0F7C8FE4355B7AC5F54ED4F8', '2019-04-16 04:45:01', '', 3),
(662, 23, 'Greenhouse_Conf_2019_PrintRes-2.jpg', '', '', '', '', 'Greenhouse_Conf_2019_PrintRes-2.jpg', '7/7958CFAA85C036B1869AF5D4A65DCF2D', '2019-04-16 04:45:08', '', 4),
(663, 8, 'Greenhouse_Conf_2019_PrintRes-124.jpg', '', '', '', '', 'Greenhouse_Conf_2019_PrintRes-124.jpg', '7/74520C7ECB15A0A958C8FE33C2525948', '2019-04-16 05:31:47', '', 5),
(664, 8, 'Greenhouse_Conf_2019_PrintRes-2.jpg', '', '', '', '', 'Greenhouse_Conf_2019_PrintRes-2.jpg', '8/815BCCD637A4023AD91E5EF71C459CB3', '2019-04-16 05:43:38', '', 6),
(665, 8, 'Greenhouse_Conf_2019_PrintRes-180.jpg', '', '', '', '', 'Greenhouse_Conf_2019_PrintRes-180.jpg', 'F/FB942E0CC2994872FF94B29CB02E2BF2', '2019-04-16 06:25:34', '', 7),
(666, 8, 'Greenhouse_Conf_2019_PrintRes-139.jpg', '', '', '', '', 'Greenhouse_Conf_2019_PrintRes-139.jpg', '7/770E7B4D0A5439047C4B1DC96FF71FBD', '2019-04-16 06:26:27', '', 8),
(667, 8, 'Greenhouse_Conf_2019_PrintRes-195.jpg', '', '', '', '', 'Greenhouse_Conf_2019_PrintRes-195.jpg', 'A/A34D1A045536900DE82E5FD52BFC60E1', '2019-04-16 06:27:26', '', 9),
(668, 11, 'louisS 0060.jpg', '', '', '', '', 'louisS 0060.jpg', '2/28BD37D8E9EF1D0E15B6B9E4227DCD4B', '2019-04-18 02:56:12', '', 84),
(669, 11, 'louisS 0060.jpg', '', '', '', '', 'louisS 0060.jpg', 'B/BB4F09037E81D288973BCDD94AD1F92F', '2019-04-18 03:01:30', '', 85),
(670, 11, 'louisS 0060a.jpg', '', '', '', '', 'louisS 0060a.jpg', '7/7396691B2B716823B66FB5E76CA88DB3', '2019-04-18 03:02:36', '', 86),
(671, 11, 'louisS 0060b.jpg', '', '', '', '', 'louisS 0060b.jpg', '5/52EE50D33731E31550738C66E4C748FA', '2019-04-18 03:04:51', '', 87),
(672, 11, 'louisS 0060c.jpg', '', '', '', '', 'louisS 0060c.jpg', '2/2D5F033E3A695056519C6047101CC88D', '2019-04-18 03:07:09', '', 88),
(673, 11, 'Camilla Gardiner.jpg', '', '', '', '', 'Camilla Gardiner.jpg', 'F/FB20DA9F6532BEA5A716EBB74F225FD6', '2019-05-09 04:36:39', '', 89),
(674, 11, 'Camilla Gardiner head shot.jpg', '', '', '', '', 'Camilla Gardiner head shot.jpg', '0/026108B63EE11F86B2E5E315E7A016CA', '2019-05-09 04:38:12', '', 90),
(675, 11, 'Holly Flay.JPG', '', '', '', '', 'Holly Flay.JPG', '5/57ED3CAD733EAD03FF0DF7014D5EFA6E', '2019-05-09 04:44:16', '', 91),
(676, 11, 'Holly Flay2.JPG', '', '', '', '', 'Holly Flay2.JPG', '3/326085E7A3E3D0558D78098EEA4D8D0B', '2019-05-09 04:50:06', '', 92),
(677, 11, 'Camilla Gardiner head shot.jpg', '', '', '', '', 'Camilla Gardiner head shot.jpg', '3/371256DEE2508A8527D409D574192944', '2019-05-09 04:54:14', '', 93),
(678, 11, 'Camilla Gardiner.jpg', '', '', '', '', 'Camilla Gardiner.jpg', '7/746DDFDB5EA3F16776D93771725DA5D0', '2019-05-09 04:54:45', '', 94),
(679, 11, 'Maria Jimena Rodriguez Gelos2 pic.jpg', '', '', '', '', 'Maria Jimena Rodriguez Gelos2 pic.jpg', '8/8F50DA8B8422F2DBA556E22E97FC36FE', '2019-05-09 06:00:00', '', 95),
(680, 11, 'Maria Jimena Rodriguez Gelos pic2.jpg', '', '', '', '', 'Maria Jimena Rodriguez Gelos pic2.jpg', 'A/A8DFB18B7BFF2818EFDC423DAF9A1A11', '2019-05-09 06:03:42', '', 96),
(682, 15, 'NIWA_CMYK_Hor.png', '', '', '', '', 'NIWA_CMYK_Hor.png', '7/75B86675D19304D335BC989113CA95CF', '2019-05-21 03:19:45', '', 59),
(683, 15, 'NIWA_Rev_Hor_2.png', '', '', '', '', 'NIWA_Rev_Hor_2.png', 'A/AD63C1B000EF56F58744D4E268A1467A', '2019-05-21 03:21:47', '', 60),
(684, 15, 'NIWA_CMYK_Hor.png', '', '', '', '', 'NIWA_CMYK_Hor.png', '4/4E06F28DC3D55BD26AE75F232ACFA141', '2019-05-21 03:46:31', '', 61),
(685, 15, 'NIWA_CMYK_Hor.png', '', '', '', '', 'NIWA_CMYK_Hor.png', 'E/E7C9CF985C7D2A25C95090A6A82BC561', '2019-05-21 03:47:16', '', 62),
(686, 15, 'Niwa Logo.jpg', '', '', '', '', 'Niwa Logo.jpg', '5/5E3A266AB53E278BED3D539A8925B31D', '2019-05-21 03:54:08', '', 63),
(687, 15, 'Niwa Logo.jpg', '', '', '', '', 'Niwa Logo.jpg', '7/773C59EA8C3B8F95FF1CD58483A2A93C', '2019-05-21 03:55:23', '', 64),
(688, 15, 'Niwa Logo.jpg', '', '', '', '', 'Niwa Logo.jpg', '2/27B06269E6C70A4DBAED35FE3849B3CD', '2019-05-21 03:56:25', '', 65),
(689, 15, 'Niwa Logo.jpg', '', '', '', '', 'Niwa Logo.jpg', 'E/E6EE0014569364B2AAB74765EFED8F97', '2019-05-21 03:59:20', '', 66),
(690, 15, 'Niwa Logo2.jpg', '', '', '', '', 'Niwa Logo2.jpg', '4/499D690EDA148A9BAEC05A81957BFDCC', '2019-05-21 04:01:53', '', 67),
(691, 5, 'Niwa new', '', '', '', '', 'Niwa Logo2.jpg', 'A/A8C9048347FBF79222D4BB45FD8F1583', '2019-05-21 04:17:04', 'https://www.nzagrc.org.nz/niwa.html', 8),
(693, 11, 'Adriano Nascente working in the lab in New Zealand (photo credit Bradley White, Manaaki Whenua – Landcare Research).jpg', '', '', '', '', 'Adriano Nascente working in the lab in New Zealand (photo credit Bradley White, Manaaki Whenua – Landcare Research).jpg', '9/937676068B2ECAE667DBBEDAA7135A0E', '2019-07-05 02:59:41', '', 97),
(694, 11, 'Adriano Nascente working in the lab in New Zealand (photo credit Bradley White, Manaaki Whenua – Landcare Research).jpg', '', '', '', '', 'Adriano Nascente working in the lab in New Zealand (photo credit Bradley White, Manaaki Whenua – Landcare Research).jpg', 'B/B8536ECEE1B9B4AB523578687FD45158', '2019-07-05 03:06:23', '', 98),
(695, 8, 'Grass and dew out of focus.jpg', '', '', '', '', 'Grass and dew out of focus.jpg', 'D/D3B451920B7429DABFE54A01401ACCF7', '2019-07-09 03:16:36', '', 10),
(696, 21, 'Grass & Roots closeup_JPG.jpg', '', '', '', '', 'Grass & Roots closeup_JPG.jpg', '7/7E813D37B558E1DC16EA7B389B4D6061', '2019-07-24 02:40:01', '', 3),
(697, 11, 'Jie Li_high res photo.JPG', '', '', '', '', 'Jie Li_high res photo.JPG', 'E/EB7A3D20721E52077F1A41EF42ABEAAE', '2019-08-15 04:31:49', '', 99),
(698, 11, 'Bambang Kusomo.jpg', '', '', '', '', 'Bambang Kusomo.jpg', '7/7FF8E475980240839F26FEB535D97226', '2019-08-15 04:53:47', '', 100),
(699, 11, 'Chernet Woju.jpg', '', '', '', '', 'Chernet Woju.jpg', '4/4FBDB6C5D1116681AC4B89ADD1E91FC2', '2019-08-15 05:12:33', '', 101),
(700, 11, 'Veronica Ciganda working in Uruguay.JPG', '', '', '', '', 'Veronica Ciganda working in Uruguay.JPG', 'E/EE1EDABC5B5F1CA6698E377BF2AE99F2', '2019-08-15 05:16:30', '', 102),
(701, 11, 'Cecile De Klein.jpg', '', '', '', '', 'Cecile De Klein.jpg', '9/97894A4A1A79A60521C6566E38796546', '2019-08-15 05:26:10', '', 103),
(702, 11, 'Ackim Pic SA.jpg', '', '', '', '', 'Ackim Pic SA.jpg', '0/089C1C0BF3F52780B00D98076790B336', '2019-08-19 04:07:36', '', 104),
(703, 17, 'Cover Page Annual Report 2019.JPG', '', '', '', '', 'Cover Page Annual Report 2019.JPG', 'D/D854E5B3585F7DB0ACD1BD4B94261052', '2019-10-15 02:51:09', '', 82),
(704, 17, 'Cover Page Annual Report 2018.JPG', '', '', '', '', 'Cover Page Annual Report 2018.JPG', '0/0AE7C63C1E3ED4FB4EBE91ECF5F08703', '2019-10-15 23:16:35', '', 83),
(705, 11, 'Silhouette.jpg', '', '', '', '', 'Silhouette.jpg', 'E/EF3956AB456ABC971EE4002B389F4411', '2019-11-01 03:35:59', '', 105),
(706, 11, 'Tanira Kingi.jpg', '', '', '', '', 'Tanira Kingi.jpg', 'C/C0987B840C32D6108CE058F400EE1AF2', '2019-11-19 22:46:47', '', 106),
(707, 8, 'NZ Climate Change 2020 Logo Lockup Black FA.png', '', '', '', '', 'NZ Climate Change 2020 Logo Lockup Black FA.png', 'C/C334C8B03B8F6CE4C4A330EB251AF4D8', '2019-11-25 21:40:08', '', 11),
(708, 8, 'NZ Climate Change 2020 Logo Lockup Black FA.png', '', '', '', '', 'NZ Climate Change 2020 Logo Lockup Black FA.png', '8/8B2877815B9E2BE197B0E3E842F4364C', '2019-11-25 21:41:04', '', 12),
(709, 8, 'Snip NZACCC 2020 png.JPG', '', '', '', '', 'Snip NZACCC 2020 png.JPG', '7/751546572610BC53FDE9D6E2ABE5B151', '2019-11-25 21:59:40', '', 13),
(710, 11, 'Robyn Dynes.jpg', '', '', '', '', 'Robyn Dynes.jpg', '3/3AFCD889797116A25E093F25E429795C', '2019-11-26 23:22:59', '', 107),
(711, 11, 'Robyn Dynes.jpg', '', '', '', '', 'Robyn Dynes.jpg', 'C/C955C0292C7D1195A3F565FDCD136FFE', '2019-11-27 00:00:22', '', 108),
(712, 11, 'Graeme Attwood 2019.jpg', '', '', '', '', 'Graeme Attwood 2019.jpg', '6/61855A6FDBA1398E4DB9E07EFB45D9A7', '2019-11-28 21:44:57', '', 109),
(713, 11, 'Robyn Dynes.jpg', '', '', '', '', 'Robyn Dynes.jpg', '3/3997FDB90C0B8A06824B6EB083EBB347', '2019-11-28 21:54:33', '', 110),
(714, 17, 'highlights2019.JPG', '', '', '', '', 'highlights2019.JPG', 'B/B226A980CC4F97C8938342ED38457515', '2019-12-02 00:12:47', '', 84),
(715, 15, 'AgResearch Green_RGB_hires.jpg', '', '', '', '', 'AgResearch Green_RGB_hires.jpg', 'C/C11DCEACF42E307DA1EF99DF69F082B4', '2020-04-02 04:53:14', '', 68),
(720, 1, 'logo-agresearch.png', '', '', '', '', 'logo-agresearch.png', '5/5C0D1D9B1C18CE3EA694AD4466470682', '2020-04-02 20:18:46', '', 37),
(721, 1, 'logo.jpg', '', '', '', '', 'logo.jpg', '2/2FE92411E1916C2948D89BB92F581064', '2020-04-03 01:14:46', '', 38),
(722, 11, 'Jeroen Dijkman Pic.jpg', '', '', '', '', 'Jeroen Dijkman Pic.jpg', '3/3E570BC56B02A88B7530A7A35099F3C4', '2020-04-03 01:18:44', '', 111),
(718, 5, 'logo-agresearch.png', '', '', '', '', 'logo-agresearch.png', 'D/D354435BBF4836E8D0176E1949152E90', '2020-04-02 20:11:58', 'http://www.nzagrc.org.nz/agresearch.html', 1),
(723, 11, 'Carlos GF.JPG', '', '', '', '', 'Carlos GF.JPG', 'A/A5A10A2D820BD46FA879067AB11EF4F6', '2020-04-03 04:31:02', '', 112),
(724, 11, 'Jeremy EB.JPG', '', '', '', '', 'Jeremy EB.JPG', '7/7DD3795DA4665AA4F408AA8F44603FD8', '2020-04-17 00:45:55', '', 113),
(725, 32, 'session 1.jpg', '', '', '', '', 'session 1.jpg', '0/063CE49018559D72A30357C3845D7100', '2020-05-21 23:14:30', '', 1),
(726, 32, 'session 2.jpg', '', '', '', '', 'session 2.jpg', 'F/F7B4E472D2C00123AE8F71778FD8D2CC', '2020-05-21 23:17:05', '', 2),
(727, 32, 'session 3.jpg', '', '', '', '', 'session 3.jpg', 'C/C4702DCC38A3EE4048E3E58453F9394B', '2020-05-21 23:17:38', '', 3),
(728, 32, 'session 4.jpg', '', '', '', '', 'session 4.jpg', '6/66D6FCCFC4FEEBDC4C8DBE61CCFE7F80', '2020-05-21 23:18:01', '', 4),
(729, 32, 'session 5.jpg', '', '', '', '', 'session 5.jpg', 'A/A6E7D7FE321D616DD190C7DBC46E4BE4', '2020-05-21 23:18:21', '', 5),
(730, 32, 'session 6.jpg', '', '', '', '', 'session 6.jpg', '4/444E6FDB5F37DC4EC22CE1007D65ACF4', '2020-05-21 23:18:41', '', 6),
(731, 23, 'session 1.jpg', '', '', '', '', 'session 1.jpg', '5/5C1AF6DCA410BE347275005C39C6DB38', '2020-06-30 22:15:55', '', 5),
(732, 23, '169 Background.jpg', '', '', '', '', '169 Background.jpg', '6/60A4B2A28BC035F03A4C749BE217C9CB', '2020-06-30 22:16:52', '', 6),
(733, 23, '169 Background Image 2.jpg', '', '', '', '', '169 Background Image 2.jpg', '8/82C3BC05B597C5A2CF8E59A0C0B98162', '2020-06-30 22:17:01', '', 7),
(734, 23, '169 Background Image 3.jpg', '', '', '', '', '169 Background Image 3.jpg', '7/7838F146ACD4F191AFFFF6A6F861C40E', '2020-06-30 22:17:20', '', 8),
(735, 23, '169 Background Image 4.jpg', '', '', '', '', '169 Background Image 4.jpg', 'A/A64B3752511D12B8F990ABCEFA722456', '2020-06-30 22:17:28', '', 9),
(736, 23, '169 Background Image 5.jpg', '', '', '', '', '169 Background Image 5.jpg', 'B/BE9C35D4BFA762A7DEE73D64B2C756D3', '2020-06-30 22:17:36', '', 10),
(737, 23, '169 Background Image 6.jpg', '', '', '', '', '169 Background Image 6.jpg', 'B/B264A20F86D21C92A8AAA095F3677F1D', '2020-06-30 22:17:45', '', 11),
(738, 23, 'State of Science 1', '', '', '', '', 'State of Science 1.jpg', '7/7270A04E9580A002A71259A81F746773', '2020-09-29 03:55:53', '', 12),
(739, 1, 'NZAGRC Highlights 2020_cover.JPG', '', '', '', '', 'NZAGRC Highlights 2020_cover.JPG', 'D/D8892F0CB3185CC3A19D804017A2E1E5', '2021-01-04 02:43:36', '', 39),
(740, 1, 'NZAGRC Annual Report 2020_cover.JPG', '', '', '', '', 'NZAGRC Annual Report 2020_cover.JPG', '9/94BB02C06487C1078B0A1D60BBF6B636', '2021-01-04 02:45:49', '', 40),
(741, 1, 'State of Science - breeding webinar graphic', '', '', '', '', 'State of Science_breeding webinar_graphic.jpg', '2/2A54920A422EB4B1DD7DB2A524F85DC5', '2021-02-09 01:05:22', '', 41),
(742, 7, 'Sheep farm', '', '', '', '', 'Royalty Free.jpg', 'C/CBB0454EF5BF6E8A724E52ADF240F77E', '2021-03-16 04:14:16', '', 38),
(743, 11, 'LK2.jpg', '', '', '', '', 'LK2.jpg', '8/8F37F0940AD1F90A1AA3D5769DAB6CD8', '2021-05-17 21:25:41', '', 114),
(744, 0, 'Screen Shot 2022-06-12 at 9.15.19 PM.png', '', '', '', '', 'Screen Shot 2022-06-12 at 9.15.19 PM.png', '8/864036D4FF5726277247E0E981888F25', '2022-06-12 09:15:28', '', 28),
(745, 33, 'blank.png', '', '', '', '', 'blank.png', '9/92C88E6463730D9EF06FEB59B2754132', '2024-11-12 00:55:21', '', 1);

-- --------------------------------------------------------

--
-- Table structure for table `mix_image_category`
--

CREATE TABLE `mix_image_category` (
  `image_category_id` int(11) NOT NULL,
  `name` varchar(255) COLLATE utf8_unicode_ci NOT NULL DEFAULT ''
) ENGINE=MyISAM DEFAULT CHARSET=utf8 COLLATE=utf8_unicode_ci;

--
-- Dumping data for table `mix_image_category`
--

INSERT INTO `mix_image_category` (`image_category_id`, `name`) VALUES
(1, 'Default image category'),
(2, 'Gallery - Header'),
(3, 'Gallery - Members'),
(4, 'Gallery - Members'),
(5, 'Gallery - Members'),
(6, 'Gallery - Images'),
(7, 'News'),
(8, 'conference'),
(9, 'Infrastructure'),
(10, 'Gallery - locations'),
(11, 'people'),
(12, 'Gallery - NZAGRC infrastructure'),
(13, 'Gallery - Gallery 2'),
(14, 'WhoWeAre'),
(15, 'Logos'),
(16, 'Tables/Diagrams'),
(17, 'Publications'),
(18, 'Members'),
(19, 'Release pages'),
(20, 'Story images'),
(21, 'ROI'),
(22, 'Gallery - NZAGRC'),
(23, 'conference'),
(24, 'Gallery - Research'),
(25, 'Gallery - Conference 2017'),
(26, 'Gallery - Conference 2017'),
(27, 'Gallery - NZAGRC: Information on agricultural greenhouse gases'),
(28, 'Home'),
(29, 'Gallery - Spikey'),
(30, 'Gallery - Respiration chambers'),
(31, 'poster'),
(32, 'webinar'),
(33, 'Bastion');

-- --------------------------------------------------------

--
-- Table structure for table `mix_image_language`
--

CREATE TABLE `mix_image_language` (
  `image_id` int(11) NOT NULL,
  `language_id` int(11) NOT NULL,
  `field_key` varchar(50) COLLATE utf8_unicode_ci NOT NULL,
  `field_value` text COLLATE utf8_unicode_ci NOT NULL
) ENGINE=MyISAM DEFAULT CHARSET=utf8 COLLATE=utf8_unicode_ci;

-- --------------------------------------------------------

--
-- Table structure for table `mix_image_md5_upload`
--

CREATE TABLE `mix_image_md5_upload` (
  `image_id` int(11) NOT NULL,
  `md5` varchar(32) COLLATE utf8_unicode_ci NOT NULL
) ENGINE=MyISAM DEFAULT CHARSET=utf8 COLLATE=utf8_unicode_ci;

--
-- Dumping data for table `mix_image_md5_upload`
--

INSERT INTO `mix_image_md5_upload` (`image_id`, `md5`) VALUES
(13, '98567048956720485672098567249586'),
(18, '98567048956720485672098567249586'),
(19, '98567048956720485672098567249586'),
(20, '98567048956720485672098567249586'),
(21, '98567048956720485672098567249586'),
(22, '98567048956720485672098567249586'),
(23, '98567048956720485672098567249586'),
(24, '98567048956720485672098567249586'),
(25, '98567048956720485672098567249586'),
(26, '98567048956720485672098567249586'),
(27, '98567048956720485672098567249586'),
(28, '98567048956720485672098567249586'),
(29, '98567048956720485672098567249586'),
(32, '1f15018d938f13d299ea36cffabbacfb'),
(52, '1f15018d938f13d299ea36cffabbacfb'),
(53, '1f15018d938f13d299ea36cffabbacfb'),
(54, '1f15018d938f13d299ea36cffabbacfb'),
(60, '98567048956720485672098567249586'),
(61, '98567048956720485672098567249586'),
(62, '98567048956720485672098567249586'),
(63, '98567048956720485672098567249586'),
(64, '98567048956720485672098567249586'),
(65, '98567048956720485672098567249586'),
(66, '98567048956720485672098567249586'),
(67, '98567048956720485672098567249586'),
(68, '98567048956720485672098567249586'),
(74, 'dfc4845a7bd4e0de22c3804acd3fd9f2'),
(75, 'dfc4845a7bd4e0de22c3804acd3fd9f2'),
(76, 'dfc4845a7bd4e0de22c3804acd3fd9f2'),
(77, 'dfc4845a7bd4e0de22c3804acd3fd9f2'),
(79, 'dfc4845a7bd4e0de22c3804acd3fd9f2'),
(83, '9bacf6a431a6515b40759c42375789a1'),
(84, '9bacf6a431a6515b40759c42375789a1'),
(85, '9bacf6a431a6515b40759c42375789a1'),
(86, '9bacf6a431a6515b40759c42375789a1'),
(95, '1f15018d938f13d299ea36cffabbacfb'),
(96, '1f15018d938f13d299ea36cffabbacfb'),
(97, '1f15018d938f13d299ea36cffabbacfb'),
(98, '1f15018d938f13d299ea36cffabbacfb'),
(99, '1f15018d938f13d299ea36cffabbacfb'),
(100, '1f15018d938f13d299ea36cffabbacfb'),
(101, '1f15018d938f13d299ea36cffabbacfb'),
(102, '1f15018d938f13d299ea36cffabbacfb'),
(103, '1f15018d938f13d299ea36cffabbacfb'),
(104, '1f15018d938f13d299ea36cffabbacfb'),
(105, '1f15018d938f13d299ea36cffabbacfb'),
(106, '1f15018d938f13d299ea36cffabbacfb'),
(107, '1f15018d938f13d299ea36cffabbacfb'),
(108, '9bacf6a431a6515b40759c42375789a1'),
(109, '9bacf6a431a6515b40759c42375789a1'),
(110, '9bacf6a431a6515b40759c42375789a1'),
(111, 'dfc4845a7bd4e0de22c3804acd3fd9f2'),
(112, 'dfc4845a7bd4e0de22c3804acd3fd9f2'),
(113, 'dfc4845a7bd4e0de22c3804acd3fd9f2'),
(114, 'dfc4845a7bd4e0de22c3804acd3fd9f2'),
(115, 'dfc4845a7bd4e0de22c3804acd3fd9f2'),
(116, 'dfc4845a7bd4e0de22c3804acd3fd9f2'),
(117, 'dfc4845a7bd4e0de22c3804acd3fd9f2'),
(118, 'dfc4845a7bd4e0de22c3804acd3fd9f2'),
(119, 'dfc4845a7bd4e0de22c3804acd3fd9f2'),
(120, 'dfc4845a7bd4e0de22c3804acd3fd9f2'),
(121, 'dfc4845a7bd4e0de22c3804acd3fd9f2'),
(122, 'dfc4845a7bd4e0de22c3804acd3fd9f2'),
(123, 'dfc4845a7bd4e0de22c3804acd3fd9f2'),
(124, 'dfc4845a7bd4e0de22c3804acd3fd9f2'),
(125, 'dfc4845a7bd4e0de22c3804acd3fd9f2'),
(126, 'dfc4845a7bd4e0de22c3804acd3fd9f2'),
(127, 'dfc4845a7bd4e0de22c3804acd3fd9f2'),
(128, 'dfc4845a7bd4e0de22c3804acd3fd9f2'),
(129, 'dfc4845a7bd4e0de22c3804acd3fd9f2'),
(130, 'dfc4845a7bd4e0de22c3804acd3fd9f2'),
(131, 'dfc4845a7bd4e0de22c3804acd3fd9f2'),
(132, 'dfc4845a7bd4e0de22c3804acd3fd9f2'),
(133, 'dfc4845a7bd4e0de22c3804acd3fd9f2'),
(134, 'dfc4845a7bd4e0de22c3804acd3fd9f2'),
(135, 'dfc4845a7bd4e0de22c3804acd3fd9f2'),
(136, '1f15018d938f13d299ea36cffabbacfb'),
(137, '1f15018d938f13d299ea36cffabbacfb'),
(138, '1f15018d938f13d299ea36cffabbacfb'),
(139, '1f15018d938f13d299ea36cffabbacfb'),
(140, '1f15018d938f13d299ea36cffabbacfb'),
(141, '1f15018d938f13d299ea36cffabbacfb'),
(142, '1f15018d938f13d299ea36cffabbacfb'),
(143, '1f15018d938f13d299ea36cffabbacfb'),
(144, '1f15018d938f13d299ea36cffabbacfb'),
(145, '1f15018d938f13d299ea36cffabbacfb'),
(146, '1f15018d938f13d299ea36cffabbacfb'),
(152, '1f15018d938f13d299ea36cffabbacfb'),
(153, '1f15018d938f13d299ea36cffabbacfb'),
(154, '1f15018d938f13d299ea36cffabbacfb'),
(155, '1f15018d938f13d299ea36cffabbacfb'),
(156, '1f15018d938f13d299ea36cffabbacfb'),
(157, '1f15018d938f13d299ea36cffabbacfb'),
(158, '1f15018d938f13d299ea36cffabbacfb'),
(159, '1f15018d938f13d299ea36cffabbacfb'),
(160, '1f15018d938f13d299ea36cffabbacfb'),
(161, '1f15018d938f13d299ea36cffabbacfb'),
(162, '1f15018d938f13d299ea36cffabbacfb'),
(163, '1f15018d938f13d299ea36cffabbacfb'),
(164, '1f15018d938f13d299ea36cffabbacfb'),
(165, '1f15018d938f13d299ea36cffabbacfb'),
(166, '1f15018d938f13d299ea36cffabbacfb'),
(167, '1f15018d938f13d299ea36cffabbacfb'),
(168, '1f15018d938f13d299ea36cffabbacfb'),
(169, '1f15018d938f13d299ea36cffabbacfb'),
(170, '4938c5931ba2a6dbb2b3928c37027db4'),
(171, '1f15018d938f13d299ea36cffabbacfb'),
(172, '1f15018d938f13d299ea36cffabbacfb'),
(173, '1f15018d938f13d299ea36cffabbacfb'),
(174, '1f15018d938f13d299ea36cffabbacfb'),
(175, '9bacf6a431a6515b40759c42375789a1'),
(176, '9bacf6a431a6515b40759c42375789a1'),
(177, '9bacf6a431a6515b40759c42375789a1'),
(178, '1f15018d938f13d299ea36cffabbacfb'),
(179, '1f15018d938f13d299ea36cffabbacfb'),
(180, '1f15018d938f13d299ea36cffabbacfb'),
(181, '1f15018d938f13d299ea36cffabbacfb'),
(182, '1f15018d938f13d299ea36cffabbacfb'),
(183, '1f15018d938f13d299ea36cffabbacfb'),
(184, '1f15018d938f13d299ea36cffabbacfb'),
(191, '9bacf6a431a6515b40759c42375789a1'),
(192, '9bacf6a431a6515b40759c42375789a1'),
(193, '9bacf6a431a6515b40759c42375789a1'),
(194, '9bacf6a431a6515b40759c42375789a1'),
(195, '9bacf6a431a6515b40759c42375789a1'),
(196, '9bacf6a431a6515b40759c42375789a1'),
(197, '9bacf6a431a6515b40759c42375789a1'),
(198, '9bacf6a431a6515b40759c42375789a1'),
(199, '9bacf6a431a6515b40759c42375789a1'),
(200, '9bacf6a431a6515b40759c42375789a1'),
(201, '9bacf6a431a6515b40759c42375789a1'),
(202, '9bacf6a431a6515b40759c42375789a1'),
(203, '9bacf6a431a6515b40759c42375789a1'),
(204, '9bacf6a431a6515b40759c42375789a1'),
(205, '9bacf6a431a6515b40759c42375789a1'),
(206, '9bacf6a431a6515b40759c42375789a1'),
(207, '1f15018d938f13d299ea36cffabbacfb'),
(208, '1f15018d938f13d299ea36cffabbacfb'),
(209, '1f15018d938f13d299ea36cffabbacfb'),
(210, '1f15018d938f13d299ea36cffabbacfb'),
(211, '1f15018d938f13d299ea36cffabbacfb'),
(212, '1f15018d938f13d299ea36cffabbacfb'),
(213, '1f15018d938f13d299ea36cffabbacfb'),
(214, '1f15018d938f13d299ea36cffabbacfb'),
(215, '1f15018d938f13d299ea36cffabbacfb'),
(216, '1f15018d938f13d299ea36cffabbacfb'),
(217, '1f15018d938f13d299ea36cffabbacfb'),
(218, '1f15018d938f13d299ea36cffabbacfb'),
(219, '1f15018d938f13d299ea36cffabbacfb'),
(220, '1f15018d938f13d299ea36cffabbacfb'),
(221, '1f15018d938f13d299ea36cffabbacfb'),
(222, '1f15018d938f13d299ea36cffabbacfb'),
(223, '1f15018d938f13d299ea36cffabbacfb'),
(224, '1f15018d938f13d299ea36cffabbacfb'),
(225, '1f15018d938f13d299ea36cffabbacfb'),
(226, '1f15018d938f13d299ea36cffabbacfb'),
(227, '1f15018d938f13d299ea36cffabbacfb'),
(228, '1f15018d938f13d299ea36cffabbacfb'),
(229, '1f15018d938f13d299ea36cffabbacfb'),
(235, '1f15018d938f13d299ea36cffabbacfb'),
(236, '1f15018d938f13d299ea36cffabbacfb'),
(237, '9bacf6a431a6515b40759c42375789a1'),
(238, '9bacf6a431a6515b40759c42375789a1'),
(239, '9bacf6a431a6515b40759c42375789a1'),
(240, '9bacf6a431a6515b40759c42375789a1'),
(242, '9bacf6a431a6515b40759c42375789a1'),
(243, '9bacf6a431a6515b40759c42375789a1'),
(244, '9bacf6a431a6515b40759c42375789a1'),
(245, '9bacf6a431a6515b40759c42375789a1'),
(246, '9bacf6a431a6515b40759c42375789a1'),
(247, '9bacf6a431a6515b40759c42375789a1'),
(248, '9bacf6a431a6515b40759c42375789a1'),
(249, '9bacf6a431a6515b40759c42375789a1'),
(250, '1f15018d938f13d299ea36cffabbacfb'),
(251, '1f15018d938f13d299ea36cffabbacfb'),
(252, '1f15018d938f13d299ea36cffabbacfb'),
(253, '1f15018d938f13d299ea36cffabbacfb'),
(254, '1f15018d938f13d299ea36cffabbacfb'),
(255, '1f15018d938f13d299ea36cffabbacfb'),
(256, '1f15018d938f13d299ea36cffabbacfb'),
(257, '1f15018d938f13d299ea36cffabbacfb'),
(258, '1f15018d938f13d299ea36cffabbacfb'),
(259, '1f15018d938f13d299ea36cffabbacfb'),
(260, '1f15018d938f13d299ea36cffabbacfb'),
(261, '1f15018d938f13d299ea36cffabbacfb'),
(262, '1f15018d938f13d299ea36cffabbacfb'),
(263, '1f15018d938f13d299ea36cffabbacfb'),
(264, '1f15018d938f13d299ea36cffabbacfb'),
(265, '1f15018d938f13d299ea36cffabbacfb'),
(266, '1f15018d938f13d299ea36cffabbacfb'),
(267, '1f15018d938f13d299ea36cffabbacfb'),
(268, '1f15018d938f13d299ea36cffabbacfb'),
(269, '1f15018d938f13d299ea36cffabbacfb'),
(270, '1f15018d938f13d299ea36cffabbacfb'),
(271, '9bacf6a431a6515b40759c42375789a1'),
(272, '9bacf6a431a6515b40759c42375789a1'),
(273, '9bacf6a431a6515b40759c42375789a1'),
(274, '9bacf6a431a6515b40759c42375789a1'),
(275, '9bacf6a431a6515b40759c42375789a1'),
(276, '9bacf6a431a6515b40759c42375789a1'),
(277, '9bacf6a431a6515b40759c42375789a1'),
(278, '9bacf6a431a6515b40759c42375789a1'),
(279, '9bacf6a431a6515b40759c42375789a1'),
(280, '9bacf6a431a6515b40759c42375789a1'),
(281, '9bacf6a431a6515b40759c42375789a1'),
(282, '9bacf6a431a6515b40759c42375789a1'),
(283, '9bacf6a431a6515b40759c42375789a1'),
(284, '9bacf6a431a6515b40759c42375789a1'),
(285, '9bacf6a431a6515b40759c42375789a1'),
(286, '9bacf6a431a6515b40759c42375789a1'),
(287, '9bacf6a431a6515b40759c42375789a1'),
(288, '9bacf6a431a6515b40759c42375789a1'),
(289, '9bacf6a431a6515b40759c42375789a1'),
(290, '9bacf6a431a6515b40759c42375789a1'),
(291, '9bacf6a431a6515b40759c42375789a1'),
(292, '9bacf6a431a6515b40759c42375789a1'),
(293, '9bacf6a431a6515b40759c42375789a1'),
(294, '9bacf6a431a6515b40759c42375789a1'),
(295, '9bacf6a431a6515b40759c42375789a1'),
(296, '9bacf6a431a6515b40759c42375789a1'),
(297, '9bacf6a431a6515b40759c42375789a1'),
(298, '9bacf6a431a6515b40759c42375789a1'),
(299, '9bacf6a431a6515b40759c42375789a1'),
(300, '9bacf6a431a6515b40759c42375789a1'),
(301, '9bacf6a431a6515b40759c42375789a1'),
(302, '9bacf6a431a6515b40759c42375789a1'),
(303, '9bacf6a431a6515b40759c42375789a1'),
(304, '9bacf6a431a6515b40759c42375789a1'),
(305, '9bacf6a431a6515b40759c42375789a1'),
(306, '9bacf6a431a6515b40759c42375789a1'),
(307, '9bacf6a431a6515b40759c42375789a1'),
(308, '9bacf6a431a6515b40759c42375789a1'),
(309, '9bacf6a431a6515b40759c42375789a1'),
(310, '9bacf6a431a6515b40759c42375789a1'),
(311, '9bacf6a431a6515b40759c42375789a1'),
(312, '9bacf6a431a6515b40759c42375789a1'),
(313, '9bacf6a431a6515b40759c42375789a1'),
(314, '9bacf6a431a6515b40759c42375789a1'),
(315, '9bacf6a431a6515b40759c42375789a1'),
(316, '9bacf6a431a6515b40759c42375789a1'),
(317, '9bacf6a431a6515b40759c42375789a1'),
(318, '9bacf6a431a6515b40759c42375789a1'),
(319, '9bacf6a431a6515b40759c42375789a1'),
(320, '9bacf6a431a6515b40759c42375789a1'),
(321, '9bacf6a431a6515b40759c42375789a1'),
(322, '9bacf6a431a6515b40759c42375789a1'),
(323, '9bacf6a431a6515b40759c42375789a1'),
(324, '9bacf6a431a6515b40759c42375789a1'),
(325, '9bacf6a431a6515b40759c42375789a1'),
(326, '9bacf6a431a6515b40759c42375789a1'),
(327, '9bacf6a431a6515b40759c42375789a1'),
(328, '9bacf6a431a6515b40759c42375789a1'),
(329, '9bacf6a431a6515b40759c42375789a1'),
(330, '9bacf6a431a6515b40759c42375789a1'),
(331, '9bacf6a431a6515b40759c42375789a1'),
(332, '9bacf6a431a6515b40759c42375789a1'),
(333, '9bacf6a431a6515b40759c42375789a1'),
(334, '9bacf6a431a6515b40759c42375789a1'),
(335, '9bacf6a431a6515b40759c42375789a1'),
(336, '9bacf6a431a6515b40759c42375789a1'),
(337, '9bacf6a431a6515b40759c42375789a1'),
(338, '9bacf6a431a6515b40759c42375789a1'),
(339, '9bacf6a431a6515b40759c42375789a1'),
(340, ''),
(341, 'fa7c50e8d82c4fe3b6ba9e3487d84b72'),
(342, '9bacf6a431a6515b40759c42375789a1'),
(343, '9bacf6a431a6515b40759c42375789a1'),
(344, '9bacf6a431a6515b40759c42375789a1'),
(345, '9bacf6a431a6515b40759c42375789a1'),
(346, '9bacf6a431a6515b40759c42375789a1'),
(347, '9bacf6a431a6515b40759c42375789a1'),
(348, '9bacf6a431a6515b40759c42375789a1'),
(349, '9bacf6a431a6515b40759c42375789a1'),
(350, '9bacf6a431a6515b40759c42375789a1'),
(351, '9bacf6a431a6515b40759c42375789a1'),
(352, '9bacf6a431a6515b40759c42375789a1'),
(353, '9bacf6a431a6515b40759c42375789a1'),
(354, '9bacf6a431a6515b40759c42375789a1'),
(355, '9bacf6a431a6515b40759c42375789a1'),
(356, '9bacf6a431a6515b40759c42375789a1'),
(357, '9bacf6a431a6515b40759c42375789a1'),
(358, '9bacf6a431a6515b40759c42375789a1'),
(359, '9bacf6a431a6515b40759c42375789a1'),
(360, '9bacf6a431a6515b40759c42375789a1'),
(361, '9bacf6a431a6515b40759c42375789a1'),
(362, '9bacf6a431a6515b40759c42375789a1'),
(363, '9bacf6a431a6515b40759c42375789a1'),
(364, '9bacf6a431a6515b40759c42375789a1'),
(365, '9bacf6a431a6515b40759c42375789a1'),
(366, '9bacf6a431a6515b40759c42375789a1'),
(367, '9bacf6a431a6515b40759c42375789a1'),
(368, '9bacf6a431a6515b40759c42375789a1'),
(369, '9bacf6a431a6515b40759c42375789a1'),
(370, '9bacf6a431a6515b40759c42375789a1'),
(371, '9bacf6a431a6515b40759c42375789a1'),
(372, '9bacf6a431a6515b40759c42375789a1'),
(373, '9bacf6a431a6515b40759c42375789a1'),
(374, '9bacf6a431a6515b40759c42375789a1'),
(375, '9bacf6a431a6515b40759c42375789a1'),
(376, '9bacf6a431a6515b40759c42375789a1'),
(377, '9bacf6a431a6515b40759c42375789a1'),
(378, '9bacf6a431a6515b40759c42375789a1'),
(379, '9bacf6a431a6515b40759c42375789a1'),
(380, '9bacf6a431a6515b40759c42375789a1'),
(381, '9bacf6a431a6515b40759c42375789a1'),
(382, '9bacf6a431a6515b40759c42375789a1'),
(383, '9bacf6a431a6515b40759c42375789a1'),
(384, '9bacf6a431a6515b40759c42375789a1'),
(385, '9bacf6a431a6515b40759c42375789a1'),
(386, '9bacf6a431a6515b40759c42375789a1'),
(387, '9bacf6a431a6515b40759c42375789a1'),
(388, '9bacf6a431a6515b40759c42375789a1'),
(389, '9bacf6a431a6515b40759c42375789a1'),
(390, '9bacf6a431a6515b40759c42375789a1'),
(391, '9bacf6a431a6515b40759c42375789a1'),
(392, '9bacf6a431a6515b40759c42375789a1'),
(393, '9bacf6a431a6515b40759c42375789a1'),
(394, '9bacf6a431a6515b40759c42375789a1'),
(395, '9bacf6a431a6515b40759c42375789a1'),
(396, '9bacf6a431a6515b40759c42375789a1'),
(397, '9bacf6a431a6515b40759c42375789a1'),
(398, '9bacf6a431a6515b40759c42375789a1'),
(399, '9bacf6a431a6515b40759c42375789a1'),
(400, '9bacf6a431a6515b40759c42375789a1'),
(401, '9bacf6a431a6515b40759c42375789a1'),
(402, '9bacf6a431a6515b40759c42375789a1'),
(403, '9bacf6a431a6515b40759c42375789a1'),
(404, '9bacf6a431a6515b40759c42375789a1'),
(405, '9bacf6a431a6515b40759c42375789a1'),
(406, '9bacf6a431a6515b40759c42375789a1'),
(407, '9bacf6a431a6515b40759c42375789a1'),
(408, '9bacf6a431a6515b40759c42375789a1'),
(409, '9bacf6a431a6515b40759c42375789a1'),
(410, '9bacf6a431a6515b40759c42375789a1'),
(411, '9bacf6a431a6515b40759c42375789a1'),
(412, '9bacf6a431a6515b40759c42375789a1'),
(413, '9bacf6a431a6515b40759c42375789a1'),
(414, '9bacf6a431a6515b40759c42375789a1'),
(415, '9bacf6a431a6515b40759c42375789a1'),
(416, '9bacf6a431a6515b40759c42375789a1'),
(417, '9bacf6a431a6515b40759c42375789a1'),
(418, '9bacf6a431a6515b40759c42375789a1'),
(419, '9bacf6a431a6515b40759c42375789a1'),
(420, '9bacf6a431a6515b40759c42375789a1'),
(421, '9bacf6a431a6515b40759c42375789a1'),
(422, '9bacf6a431a6515b40759c42375789a1'),
(423, '9bacf6a431a6515b40759c42375789a1'),
(425, '9bacf6a431a6515b40759c42375789a1'),
(426, '9bacf6a431a6515b40759c42375789a1'),
(427, '9bacf6a431a6515b40759c42375789a1'),
(428, '9bacf6a431a6515b40759c42375789a1'),
(429, '9bacf6a431a6515b40759c42375789a1'),
(430, '9bacf6a431a6515b40759c42375789a1'),
(431, '9bacf6a431a6515b40759c42375789a1'),
(432, '9bacf6a431a6515b40759c42375789a1'),
(433, '9bacf6a431a6515b40759c42375789a1'),
(434, '9bacf6a431a6515b40759c42375789a1'),
(435, '9bacf6a431a6515b40759c42375789a1'),
(436, '9bacf6a431a6515b40759c42375789a1'),
(437, '9bacf6a431a6515b40759c42375789a1'),
(438, '9bacf6a431a6515b40759c42375789a1'),
(439, '9bacf6a431a6515b40759c42375789a1'),
(440, '9bacf6a431a6515b40759c42375789a1'),
(441, '9bacf6a431a6515b40759c42375789a1'),
(442, '9bacf6a431a6515b40759c42375789a1'),
(444, '9bacf6a431a6515b40759c42375789a1'),
(445, '9bacf6a431a6515b40759c42375789a1'),
(447, '9bacf6a431a6515b40759c42375789a1'),
(448, '9bacf6a431a6515b40759c42375789a1'),
(449, '9bacf6a431a6515b40759c42375789a1'),
(450, '9bacf6a431a6515b40759c42375789a1'),
(473, '9bacf6a431a6515b40759c42375789a1'),
(474, '9bacf6a431a6515b40759c42375789a1'),
(475, '9bacf6a431a6515b40759c42375789a1'),
(476, '9bacf6a431a6515b40759c42375789a1'),
(477, '9bacf6a431a6515b40759c42375789a1'),
(478, '9bacf6a431a6515b40759c42375789a1'),
(479, '9bacf6a431a6515b40759c42375789a1'),
(480, '9bacf6a431a6515b40759c42375789a1'),
(481, '9bacf6a431a6515b40759c42375789a1'),
(482, '9bacf6a431a6515b40759c42375789a1'),
(483, '9bacf6a431a6515b40759c42375789a1'),
(484, '9bacf6a431a6515b40759c42375789a1'),
(485, '9bacf6a431a6515b40759c42375789a1'),
(486, '9bacf6a431a6515b40759c42375789a1'),
(487, '9bacf6a431a6515b40759c42375789a1'),
(488, '9bacf6a431a6515b40759c42375789a1'),
(489, '9bacf6a431a6515b40759c42375789a1'),
(490, '9bacf6a431a6515b40759c42375789a1'),
(491, '9bacf6a431a6515b40759c42375789a1'),
(492, '9bacf6a431a6515b40759c42375789a1'),
(493, '9bacf6a431a6515b40759c42375789a1'),
(494, '9bacf6a431a6515b40759c42375789a1'),
(495, '9bacf6a431a6515b40759c42375789a1'),
(496, '9bacf6a431a6515b40759c42375789a1'),
(497, '9bacf6a431a6515b40759c42375789a1'),
(498, '9bacf6a431a6515b40759c42375789a1'),
(499, '9bacf6a431a6515b40759c42375789a1'),
(500, '9bacf6a431a6515b40759c42375789a1'),
(501, '9bacf6a431a6515b40759c42375789a1'),
(502, '9bacf6a431a6515b40759c42375789a1'),
(503, '9bacf6a431a6515b40759c42375789a1'),
(504, '9bacf6a431a6515b40759c42375789a1'),
(505, '9bacf6a431a6515b40759c42375789a1'),
(506, '9bacf6a431a6515b40759c42375789a1'),
(507, '9bacf6a431a6515b40759c42375789a1'),
(508, '9bacf6a431a6515b40759c42375789a1'),
(509, '9bacf6a431a6515b40759c42375789a1'),
(510, '9bacf6a431a6515b40759c42375789a1'),
(511, '9bacf6a431a6515b40759c42375789a1'),
(512, '9bacf6a431a6515b40759c42375789a1'),
(513, '9bacf6a431a6515b40759c42375789a1'),
(514, '9bacf6a431a6515b40759c42375789a1'),
(515, '9bacf6a431a6515b40759c42375789a1'),
(516, '9bacf6a431a6515b40759c42375789a1'),
(517, '9bacf6a431a6515b40759c42375789a1'),
(518, '9bacf6a431a6515b40759c42375789a1'),
(519, '9bacf6a431a6515b40759c42375789a1'),
(520, '9bacf6a431a6515b40759c42375789a1'),
(521, '9bacf6a431a6515b40759c42375789a1'),
(522, 'f7cd8a53890c574d5e4f222677b72390'),
(523, '6a7c44414776eea3b4b0a3a0e2c9dace'),
(524, '9bacf6a431a6515b40759c42375789a1'),
(525, '9bacf6a431a6515b40759c42375789a1'),
(526, '9bacf6a431a6515b40759c42375789a1'),
(527, '9bacf6a431a6515b40759c42375789a1'),
(528, '9bacf6a431a6515b40759c42375789a1'),
(529, '9bacf6a431a6515b40759c42375789a1'),
(530, '9bacf6a431a6515b40759c42375789a1'),
(531, '9bacf6a431a6515b40759c42375789a1'),
(532, '9bacf6a431a6515b40759c42375789a1'),
(533, '9bacf6a431a6515b40759c42375789a1'),
(534, '9bacf6a431a6515b40759c42375789a1'),
(535, '9bacf6a431a6515b40759c42375789a1'),
(536, '9bacf6a431a6515b40759c42375789a1'),
(537, '9bacf6a431a6515b40759c42375789a1'),
(538, '9bacf6a431a6515b40759c42375789a1'),
(539, '9bacf6a431a6515b40759c42375789a1'),
(540, '9bacf6a431a6515b40759c42375789a1'),
(541, '9bacf6a431a6515b40759c42375789a1'),
(542, '9bacf6a431a6515b40759c42375789a1'),
(543, '9bacf6a431a6515b40759c42375789a1'),
(544, '9bacf6a431a6515b40759c42375789a1'),
(545, '9bacf6a431a6515b40759c42375789a1'),
(546, '9bacf6a431a6515b40759c42375789a1'),
(547, '9bacf6a431a6515b40759c42375789a1'),
(548, '9bacf6a431a6515b40759c42375789a1'),
(549, '9bacf6a431a6515b40759c42375789a1'),
(550, '9bacf6a431a6515b40759c42375789a1'),
(551, '9bacf6a431a6515b40759c42375789a1'),
(552, '9bacf6a431a6515b40759c42375789a1'),
(553, '9bacf6a431a6515b40759c42375789a1'),
(554, '9bacf6a431a6515b40759c42375789a1'),
(555, '9bacf6a431a6515b40759c42375789a1'),
(556, '9bacf6a431a6515b40759c42375789a1'),
(557, '9bacf6a431a6515b40759c42375789a1'),
(558, '9bacf6a431a6515b40759c42375789a1'),
(559, '9bacf6a431a6515b40759c42375789a1'),
(560, '9bacf6a431a6515b40759c42375789a1'),
(561, '9bacf6a431a6515b40759c42375789a1'),
(562, '9bacf6a431a6515b40759c42375789a1'),
(563, '9bacf6a431a6515b40759c42375789a1'),
(564, '9bacf6a431a6515b40759c42375789a1'),
(565, '9bacf6a431a6515b40759c42375789a1'),
(566, '9bacf6a431a6515b40759c42375789a1'),
(567, '9bacf6a431a6515b40759c42375789a1'),
(568, '9bacf6a431a6515b40759c42375789a1'),
(569, '9bacf6a431a6515b40759c42375789a1'),
(570, '9bacf6a431a6515b40759c42375789a1'),
(571, '9bacf6a431a6515b40759c42375789a1'),
(572, '9bacf6a431a6515b40759c42375789a1'),
(573, '9bacf6a431a6515b40759c42375789a1'),
(574, '9bacf6a431a6515b40759c42375789a1'),
(575, '9bacf6a431a6515b40759c42375789a1'),
(578, '9bacf6a431a6515b40759c42375789a1'),
(579, '9bacf6a431a6515b40759c42375789a1'),
(580, '9bacf6a431a6515b40759c42375789a1'),
(581, '9bacf6a431a6515b40759c42375789a1'),
(582, '9bacf6a431a6515b40759c42375789a1'),
(583, '9bacf6a431a6515b40759c42375789a1'),
(584, '9bacf6a431a6515b40759c42375789a1'),
(586, '9bacf6a431a6515b40759c42375789a1'),
(587, '9bacf6a431a6515b40759c42375789a1'),
(588, '9bacf6a431a6515b40759c42375789a1'),
(589, '9bacf6a431a6515b40759c42375789a1'),
(590, '9bacf6a431a6515b40759c42375789a1'),
(591, '9bacf6a431a6515b40759c42375789a1'),
(592, '9bacf6a431a6515b40759c42375789a1'),
(593, '9bacf6a431a6515b40759c42375789a1'),
(594, '9bacf6a431a6515b40759c42375789a1'),
(595, '9bacf6a431a6515b40759c42375789a1'),
(596, '9bacf6a431a6515b40759c42375789a1'),
(598, '9bacf6a431a6515b40759c42375789a1'),
(599, '9bacf6a431a6515b40759c42375789a1'),
(600, '9bacf6a431a6515b40759c42375789a1'),
(601, '9bacf6a431a6515b40759c42375789a1'),
(602, '9bacf6a431a6515b40759c42375789a1'),
(603, '9bacf6a431a6515b40759c42375789a1'),
(604, '9bacf6a431a6515b40759c42375789a1'),
(605, '9bacf6a431a6515b40759c42375789a1'),
(606, '9bacf6a431a6515b40759c42375789a1'),
(607, '9bacf6a431a6515b40759c42375789a1'),
(608, '9bacf6a431a6515b40759c42375789a1'),
(609, '9bacf6a431a6515b40759c42375789a1'),
(610, '9bacf6a431a6515b40759c42375789a1'),
(611, '9bacf6a431a6515b40759c42375789a1'),
(612, '9bacf6a431a6515b40759c42375789a1'),
(613, '9bacf6a431a6515b40759c42375789a1'),
(614, '9bacf6a431a6515b40759c42375789a1'),
(615, '9bacf6a431a6515b40759c42375789a1'),
(616, '9bacf6a431a6515b40759c42375789a1'),
(617, '9bacf6a431a6515b40759c42375789a1'),
(618, '9bacf6a431a6515b40759c42375789a1'),
(619, '9bacf6a431a6515b40759c42375789a1'),
(620, '9bacf6a431a6515b40759c42375789a1'),
(621, '9bacf6a431a6515b40759c42375789a1'),
(622, '9bacf6a431a6515b40759c42375789a1'),
(623, '9bacf6a431a6515b40759c42375789a1'),
(624, '9bacf6a431a6515b40759c42375789a1'),
(625, '9bacf6a431a6515b40759c42375789a1'),
(626, '9bacf6a431a6515b40759c42375789a1'),
(627, '9bacf6a431a6515b40759c42375789a1'),
(628, '9bacf6a431a6515b40759c42375789a1'),
(629, '9bacf6a431a6515b40759c42375789a1'),
(630, '9bacf6a431a6515b40759c42375789a1'),
(631, '9bacf6a431a6515b40759c42375789a1'),
(632, '9bacf6a431a6515b40759c42375789a1'),
(633, '9bacf6a431a6515b40759c42375789a1'),
(634, '9bacf6a431a6515b40759c42375789a1'),
(635, '9bacf6a431a6515b40759c42375789a1'),
(636, '9bacf6a431a6515b40759c42375789a1'),
(637, '9bacf6a431a6515b40759c42375789a1'),
(638, '9bacf6a431a6515b40759c42375789a1'),
(639, '9bacf6a431a6515b40759c42375789a1'),
(640, '9bacf6a431a6515b40759c42375789a1'),
(641, '9bacf6a431a6515b40759c42375789a1'),
(642, '9bacf6a431a6515b40759c42375789a1'),
(643, '9bacf6a431a6515b40759c42375789a1'),
(644, '9bacf6a431a6515b40759c42375789a1'),
(645, '9bacf6a431a6515b40759c42375789a1'),
(646, '9bacf6a431a6515b40759c42375789a1'),
(647, '9bacf6a431a6515b40759c42375789a1'),
(648, '9bacf6a431a6515b40759c42375789a1'),
(649, '9bacf6a431a6515b40759c42375789a1'),
(650, '9bacf6a431a6515b40759c42375789a1'),
(651, '9bacf6a431a6515b40759c42375789a1'),
(652, '9bacf6a431a6515b40759c42375789a1'),
(653, '9bacf6a431a6515b40759c42375789a1'),
(654, '9bacf6a431a6515b40759c42375789a1'),
(655, '9bacf6a431a6515b40759c42375789a1'),
(656, '9bacf6a431a6515b40759c42375789a1'),
(657, '9bacf6a431a6515b40759c42375789a1'),
(658, '9bacf6a431a6515b40759c42375789a1'),
(659, '9bacf6a431a6515b40759c42375789a1'),
(660, '9bacf6a431a6515b40759c42375789a1'),
(661, '9bacf6a431a6515b40759c42375789a1'),
(662, '9bacf6a431a6515b40759c42375789a1'),
(663, '9bacf6a431a6515b40759c42375789a1'),
(664, '9bacf6a431a6515b40759c42375789a1'),
(665, '9bacf6a431a6515b40759c42375789a1'),
(666, '9bacf6a431a6515b40759c42375789a1'),
(667, '9bacf6a431a6515b40759c42375789a1'),
(668, '9bacf6a431a6515b40759c42375789a1'),
(669, '9bacf6a431a6515b40759c42375789a1'),
(670, '9bacf6a431a6515b40759c42375789a1'),
(671, '9bacf6a431a6515b40759c42375789a1'),
(672, '9bacf6a431a6515b40759c42375789a1'),
(673, '9bacf6a431a6515b40759c42375789a1'),
(674, '9bacf6a431a6515b40759c42375789a1'),
(675, '9bacf6a431a6515b40759c42375789a1'),
(676, '9bacf6a431a6515b40759c42375789a1'),
(677, '9bacf6a431a6515b40759c42375789a1'),
(678, '9bacf6a431a6515b40759c42375789a1'),
(679, '9bacf6a431a6515b40759c42375789a1'),
(680, '9bacf6a431a6515b40759c42375789a1'),
(681, '9bacf6a431a6515b40759c42375789a1'),
(682, '9bacf6a431a6515b40759c42375789a1'),
(683, '9bacf6a431a6515b40759c42375789a1'),
(684, '9bacf6a431a6515b40759c42375789a1'),
(685, '9bacf6a431a6515b40759c42375789a1'),
(686, '9bacf6a431a6515b40759c42375789a1'),
(687, '9bacf6a431a6515b40759c42375789a1'),
(688, '9bacf6a431a6515b40759c42375789a1'),
(689, '9bacf6a431a6515b40759c42375789a1'),
(690, '9bacf6a431a6515b40759c42375789a1'),
(692, '9bacf6a431a6515b40759c42375789a1'),
(693, '9bacf6a431a6515b40759c42375789a1'),
(694, '9bacf6a431a6515b40759c42375789a1'),
(695, '9bacf6a431a6515b40759c42375789a1'),
(696, '9bacf6a431a6515b40759c42375789a1'),
(697, '9bacf6a431a6515b40759c42375789a1'),
(698, '9bacf6a431a6515b40759c42375789a1'),
(699, '9bacf6a431a6515b40759c42375789a1'),
(700, '9bacf6a431a6515b40759c42375789a1'),
(701, '9bacf6a431a6515b40759c42375789a1'),
(702, '9bacf6a431a6515b40759c42375789a1'),
(703, '9bacf6a431a6515b40759c42375789a1'),
(704, '9bacf6a431a6515b40759c42375789a1'),
(705, '9bacf6a431a6515b40759c42375789a1'),
(706, '9bacf6a431a6515b40759c42375789a1'),
(709, '9bacf6a431a6515b40759c42375789a1'),
(710, '9bacf6a431a6515b40759c42375789a1'),
(711, '9bacf6a431a6515b40759c42375789a1'),
(712, '9bacf6a431a6515b40759c42375789a1'),
(713, '9bacf6a431a6515b40759c42375789a1'),
(714, '9bacf6a431a6515b40759c42375789a1'),
(715, '9bacf6a431a6515b40759c42375789a1'),
(719, '98567048956720485672098567249586'),
(720, '98567048956720485672098567249586'),
(721, '98567048956720485672098567249586'),
(722, '9bacf6a431a6515b40759c42375789a1'),
(723, '9bacf6a431a6515b40759c42375789a1'),
(724, '9bacf6a431a6515b40759c42375789a1'),
(725, '9bacf6a431a6515b40759c42375789a1'),
(726, '9bacf6a431a6515b40759c42375789a1'),
(727, '9bacf6a431a6515b40759c42375789a1'),
(728, '9bacf6a431a6515b40759c42375789a1'),
(729, '9bacf6a431a6515b40759c42375789a1'),
(730, '9bacf6a431a6515b40759c42375789a1'),
(731, '9bacf6a431a6515b40759c42375789a1'),
(732, '9bacf6a431a6515b40759c42375789a1'),
(733, '9bacf6a431a6515b40759c42375789a1'),
(734, '9bacf6a431a6515b40759c42375789a1'),
(735, '9bacf6a431a6515b40759c42375789a1'),
(736, '9bacf6a431a6515b40759c42375789a1'),
(737, '9bacf6a431a6515b40759c42375789a1'),
(738, '9bacf6a431a6515b40759c42375789a1'),
(739, '9bacf6a431a6515b40759c42375789a1'),
(740, '9bacf6a431a6515b40759c42375789a1'),
(741, '9bacf6a431a6515b40759c42375789a1'),
(742, '9bacf6a431a6515b40759c42375789a1'),
(743, '9bacf6a431a6515b40759c42375789a1'),
(744, '71fbb8b4264bf074d030d3152d5d14f9'),
(745, '2d6b7a863712fd502c420aae01fd538c');

-- --------------------------------------------------------

--
-- Table structure for table `mix_image_size`
--

CREATE TABLE `mix_image_size` (
  `image_id` int(11) NOT NULL DEFAULT '0',
  `size` varchar(255) COLLATE utf8_unicode_ci NOT NULL DEFAULT '',
  `width` int(11) NOT NULL DEFAULT '0',
  `height` int(11) NOT NULL DEFAULT '0'
) ENGINE=MyISAM DEFAULT CHARSET=utf8 COLLATE=utf8_unicode_ci;

--
-- Dumping data for table `mix_image_size`
--

INSERT INTO `mix_image_size` (`image_id`, `size`, `width`, `height`) VALUES
(1, 'raw', 800, 600),
(2, 'raw', 800, 600),
(30, 'raw', 1121, 223),
(633, 'raw', 4128, 3096),
(632, 'eventright', 286, 189),
(632, 'eventthumb', 110, 73),
(632, 'small', 150, 99),
(483, 'eventthumb', 110, 102),
(578, 'eventright', 255, 244),
(474, 'eventthumb', 73, 110),
(32, 'raw', 566, 158),
(261, 'pubeventsmall', 100, 134),
(9, 'raw', 800, 600),
(632, 'mixthumb', 80, 80),
(11, 'raw', 800, 600),
(12, 'raw', 800, 600),
(632, 'raw', 678, 450),
(314, 'eventright', 117, 75),
(546, 'eventright', 97, 80),
(357, 'eventright', 170, 111),
(13, 'raw', 800, 600),
(356, 'eventright', 229, 160),
(15, 'raw', 800, 600),
(350, 'mixthumb', 80, 80),
(351, 'mixthumb', 80, 80),
(137, 'raw', 732, 591),
(304, 'raw', 960, 720),
(18, 'raw', 103, 30),
(19, 'raw', 102, 28),
(20, 'raw', 122, 22),
(21, 'raw', 105, 27),
(22, 'raw', 91, 32),
(23, 'raw', 96, 26),
(24, 'raw', 51, 42),
(25, 'raw', 84, 32),
(26, 'raw', 97, 32),
(27, 'raw', 567, 159),
(28, 'raw', 109, 39),
(29, 'raw', 140, 47),
(603, 'mixthumb', 80, 80),
(529, 'mixthumb', 80, 80),
(48, 'raw', 220, 104),
(50, 'raw', 220, 104),
(378, 'eventright', 190, 286),
(386, 'eventthumb', 73, 110),
(534, 'eventthumb', 68, 110),
(45, 'raw', 220, 104),
(46, 'raw', 220, 104),
(47, 'raw', 220, 104),
(42, 'raw', 220, 104),
(43, 'raw', 220, 104),
(485, 'eventthumb', 110, 71),
(476, 'eventthumb', 110, 82),
(52, 'raw', 189, 190),
(53, 'raw', 187, 187),
(54, 'raw', 189, 191),
(60, 'raw', 103, 28),
(61, 'raw', 105, 32),
(62, 'raw', 123, 22),
(63, 'raw', 96, 33),
(64, 'raw', 100, 18),
(65, 'raw', 99, 26),
(66, 'raw', 50, 44),
(67, 'raw', 93, 31),
(68, 'raw', 97, 27),
(139, 'raw', 735, 598),
(75, 'raw', 4752, 3168),
(76, 'raw', 3072, 2304),
(521, 'mixthumb', 80, 80),
(77, 'raw', 1502, 640),
(511, 'eventright', 215, 286),
(78, 'raw', 380, 263),
(345, 'mixthumb', 80, 80),
(108, 'raw', 1569, 2238),
(79, 'raw', 4752, 3168),
(247, 'pubeventsmall', 100, 67),
(381, 'eventright', 286, 190),
(284, 'eventright', 286, 86),
(81, 'raw', 800, 600),
(82, 'raw', 800, 600),
(522, 'mixthumb', 80, 80),
(529, 'eventthumb', 78, 110),
(83, 'raw', 918, 499),
(526, 'eventright', 286, 190),
(87, 'raw', 800, 600),
(326, 'eventright', 286, 286),
(412, 'eventright', 201, 286),
(492, 'eventright', 286, 191),
(86, 'raw', 777, 419),
(88, 'raw', 800, 600),
(89, 'raw', 800, 600),
(90, 'raw', 800, 600),
(191, 'eventthumb', 77, 110),
(281, 'eventright', 286, 286),
(397, 'eventright', 203, 286),
(91, 'raw', 800, 600),
(92, 'raw', 800, 600),
(93, 'raw', 800, 600),
(94, 'raw', 800, 600),
(353, 'mixthumb', 80, 80),
(359, 'mixthumb', 80, 80),
(108, 'eventright', 200, 286),
(231, 'raw', 4752, 3168),
(291, 'eventright', 286, 286),
(384, 'pubeventsmall', 100, 66),
(533, 'pubeventsmall', 100, 52),
(244, 'eventright', 286, 190),
(352, 'small', 150, 70),
(315, 'pubeventsmall', 100, 75),
(97, 'raw', 549, 153),
(102, 'raw', 1151, 390),
(99, 'raw', 318, 396),
(100, 'raw', 680, 227),
(101, 'raw', 603, 127),
(103, 'raw', 934, 413),
(104, 'raw', 1044, 280),
(105, 'raw', 637, 558),
(106, 'raw', 908, 326),
(107, 'raw', 1278, 357),
(109, 'raw', 1024, 1539),
(110, 'raw', 429, 226),
(605, 'pubeventsmall', 100, 132),
(118, 'raw', 570, 323),
(392, 'eventright', 286, 213),
(350, 'raw', 301, 250),
(329, 'mixthumb', 80, 80),
(292, 'eventright', 286, 58),
(351, 'raw', 940, 133),
(327, 'mixthumb', 80, 80),
(326, 'mixthumb', 80, 80),
(158, 'raw', 980, 817),
(157, 'raw', 132, 170),
(156, 'raw', 136, 149),
(146, 'raw', 566, 158),
(520, 'mixthumb', 80, 80),
(151, 'raw', 1280, 319),
(152, 'raw', 200, 250),
(153, 'raw', 200, 250),
(154, 'raw', 104, 155),
(155, 'raw', 129, 191),
(159, 'raw', 1108, 906),
(325, 'mixthumb', 80, 80),
(160, 'raw', 2048, 1536),
(161, 'raw', 467, 540),
(162, 'raw', 1904, 2110),
(324, 'mixthumb', 80, 80),
(163, 'raw', 444, 87),
(164, 'raw', 437, 80),
(165, 'raw', 582, 586),
(166, 'raw', 1282, 1293),
(167, 'raw', 566, 184),
(323, 'mixthumb', 80, 80),
(168, 'raw', 582, 586),
(169, 'raw', 646, 584),
(320, 'mixthumb', 80, 80),
(170, 'raw', 794, 529),
(171, 'raw', 920, 451),
(314, 'mixthumb', 80, 80),
(172, 'raw', 1229, 316),
(173, 'raw', 922, 399),
(308, 'mixthumb', 80, 80),
(174, 'raw', 866, 395),
(519, 'mixthumb', 80, 80),
(175, 'raw', 932, 935),
(302, 'mixthumb', 80, 80),
(292, 'mixthumb', 80, 80),
(200, 'raw', 670, 922),
(177, 'raw', 608, 859),
(178, 'raw', 200, 250),
(179, 'raw', 200, 250),
(180, 'raw', 200, 250),
(217, 'raw', 250, 83),
(181, 'raw', 200, 250),
(182, 'raw', 200, 250),
(183, 'raw', 200, 250),
(372, 'eventright', 286, 214),
(184, 'raw', 200, 250),
(376, 'eventright', 190, 286),
(186, 'raw', 1920, 429),
(330, 'mixthumb', 80, 80),
(188, 'raw', 1920, 429),
(190, 'raw', 1920, 429),
(191, 'raw', 608, 859),
(582, 'eventright', 190, 286),
(192, 'raw', 698, 930),
(194, 'raw', 698, 655),
(195, 'raw', 938, 987),
(196, 'raw', 952, 989),
(294, 'mixthumb', 80, 80),
(284, 'mixthumb', 80, 80),
(198, 'raw', 1118, 626),
(276, 'mixthumb', 80, 80),
(484, 'large', 566, 474),
(199, 'raw', 868, 868),
(583, 'medium', 250, 166),
(201, 'raw', 609, 859),
(202, 'raw', 609, 859),
(203, 'raw', 609, 859),
(204, 'raw', 609, 859),
(205, 'raw', 609, 859),
(206, 'raw', 657, 929),
(277, 'mixthumb', 80, 80),
(208, 'raw', 1045, 310),
(272, 'mixthumb', 80, 80),
(209, 'raw', 201, 67),
(210, 'raw', 250, 83),
(211, 'raw', 250, 61),
(212, 'raw', 250, 83),
(213, 'raw', 250, 83),
(383, 'eventthumb', 73, 110),
(214, 'raw', 250, 42),
(215, 'raw', 250, 64),
(246, 'mixthumb', 80, 80),
(216, 'raw', 184, 158),
(146, 'mixthumb', 80, 80),
(218, 'raw', 250, 83),
(219, 'raw', 255, 226),
(220, 'raw', 255, 226),
(221, 'raw', 255, 226),
(222, 'raw', 255, 226),
(387, 'eventthumb', 110, 73),
(223, 'raw', 255, 226),
(224, 'raw', 255, 226),
(225, 'raw', 255, 226),
(226, 'raw', 255, 226),
(227, 'raw', 255, 226),
(288, 'eventright', 286, 285),
(228, 'raw', 255, 226),
(229, 'raw', 255, 226),
(230, 'raw', 1205, 904),
(245, 'mixthumb', 80, 80),
(232, 'raw', 2816, 1584),
(233, 'raw', 4752, 3168),
(234, 'raw', 258, 189),
(375, 'eventthumb', 73, 110),
(590, 'pubeventsmall', 100, 66),
(235, 'raw', 255, 226),
(236, 'raw', 255, 226),
(248, 'mixthumb', 80, 80),
(32, 'mixthumb', 80, 80),
(631, 'eventright', 214, 286),
(238, 'raw', 679, 285),
(239, 'raw', 316, 175),
(240, 'raw', 325, 34),
(631, 'eventthumb', 82, 110),
(242, 'raw', 314, 393),
(631, 'small', 112, 150),
(631, 'mixthumb', 80, 80),
(631, 'raw', 3024, 4032),
(244, 'raw', 5184, 3456),
(630, 'eventright', 144, 286),
(245, 'raw', 429, 300),
(246, 'raw', 1502, 1002),
(247, 'raw', 2515, 1697),
(248, 'raw', 3072, 2304),
(249, 'raw', 180, 222),
(250, 'raw', 505, 194),
(630, 'eventthumb', 55, 110),
(251, 'raw', 500, 192),
(152, 'medium', 200, 250),
(316, 'eventright', 207, 256),
(252, 'raw', 290, 357),
(630, 'small', 75, 150),
(253, 'raw', 290, 357),
(254, 'raw', 290, 357),
(630, 'mixthumb', 80, 80),
(255, 'raw', 290, 357),
(256, 'raw', 290, 357),
(630, 'raw', 2000, 3948),
(177, 'eventright', 202, 286),
(257, 'raw', 600, 800),
(482, 'large', 566, 488),
(258, 'raw', 600, 800),
(456, 'eventright', 286, 190),
(259, 'raw', 600, 600),
(537, 'eventright', 161, 160),
(260, 'raw', 600, 600),
(548, 'eventthumb', 75, 110),
(261, 'raw', 600, 806),
(262, 'raw', 600, 806),
(263, 'raw', 600, 806),
(592, 'large', 566, 283),
(264, 'raw', 600, 806),
(191, 'eventright', 202, 286),
(265, 'raw', 600, 806),
(177, 'eventthumb', 77, 110),
(266, 'raw', 505, 413),
(267, 'raw', 505, 230),
(268, 'raw', 290, 357),
(359, 'eventright', 80, 80),
(269, 'raw', 290, 357),
(184, 'medium', 200, 250),
(270, 'raw', 290, 357),
(549, 'pubeventsmall', 100, 141),
(272, 'raw', 384, 127),
(273, 'raw', 200, 105),
(274, 'raw', 4737, 2114),
(589, 'large', 566, 283),
(276, 'raw', 1000, 667),
(252, 'medium', 203, 250),
(277, 'raw', 1000, 379),
(257, 'eventthumb', 82, 110),
(280, 'raw', 622, 846),
(260, 'eventthumb', 110, 109),
(281, 'raw', 360, 360),
(282, 'raw', 1199, 1200),
(283, 'raw', 453, 453),
(284, 'raw', 705, 213),
(285, 'raw', 796, 817),
(286, 'raw', 690, 945),
(373, 'eventthumb', 78, 110),
(287, 'raw', 1500, 1500),
(288, 'raw', 557, 556),
(289, 'raw', 1426, 1426),
(290, 'raw', 1200, 1200),
(291, 'raw', 2092, 2092),
(292, 'raw', 960, 195),
(293, 'raw', 615, 869),
(404, 'eventright', 286, 143),
(294, 'raw', 450, 304),
(295, 'raw', 894, 894),
(296, 'raw', 934, 934),
(616, 'eventthumb', 78, 110),
(297, 'raw', 642, 514),
(376, 'pubeventsmall', 100, 149),
(298, 'raw', 747, 816),
(299, 'raw', 615, 870),
(300, 'raw', 615, 870),
(444, 'raw', 842, 154),
(301, 'raw', 615, 870),
(349, 'pubeventsmall', 100, 116),
(302, 'raw', 304, 301),
(303, 'raw', 625, 853),
(411, 'eventthumb', 77, 110),
(225, 'pubeventsmall', 100, 88),
(224, 'pubeventsmall', 100, 88),
(395, 'pubeventsmall', 100, 21),
(282, 'pubeventsmall', 100, 100),
(191, 'small', 106, 150),
(220, 'thumb', 80, 80),
(274, 'medium', 250, 111),
(283, 'thumb', 80, 80),
(305, 'raw', 598, 847),
(393, 'pubeventsmall', 100, 80),
(234, 'gallerythumb', 110, 110),
(533, 'thumb', 80, 80),
(306, 'raw', 143, 200),
(288, 'thumb', 80, 80),
(576, 'gallerythumb', 110, 110),
(265, 'pubeventsmall', 100, 134),
(249, 'small', 121, 150),
(407, 'pubeventsmall', 100, 66),
(307, 'raw', 130, 130),
(344, 'small', 114, 150),
(577, 'gallerythumb', 110, 110),
(535, 'thumb', 80, 80),
(308, 'raw', 426, 424),
(230, 'gallerythumb', 110, 110),
(530, 'eventright', 101, 131),
(309, 'raw', 1167, 268),
(328, 'pubeventsmall', 100, 64),
(231, 'gallerythumb', 110, 110),
(310, 'raw', 842, 280),
(323, 'medium', 250, 250),
(233, 'gallerythumb', 110, 110),
(75, 'thumb', 80, 80),
(352, 'raw', 412, 193),
(223, 'eventright', 255, 226),
(385, 'eventright', 190, 286),
(259, 'pubeventsmall', 100, 100),
(239, 'small', 150, 83),
(353, 'raw', 361, 271),
(314, 'pubeventsmall', 100, 64),
(341, 'thumb', 80, 80),
(307, 'pubeventsmall', 100, 100),
(232, 'large', 566, 318),
(233, 'large', 566, 377),
(547, 'eventright', 286, 41),
(311, 'raw', 1002, 82),
(260, 'pubeventsmall', 100, 100),
(302, 'eventright', 286, 283),
(328, 'thumb', 80, 80),
(445, 'small', 150, 27),
(520, 'eventright', 286, 147),
(221, 'eventright', 255, 226),
(594, 'eventright', 202, 286),
(363, 'eventright', 286, 233),
(75, 'medium', 250, 166),
(395, 'eventright', 286, 62),
(290, 'thumb', 80, 80),
(196, 'small', 144, 150),
(341, 'small', 108, 150),
(211, 'medium', 250, 61),
(398, 'pubeventsmall', 100, 141),
(325, 'medium', 250, 250),
(301, 'pubeventsmall', 100, 141),
(287, 'thumb', 80, 80),
(297, 'pubeventsmall', 100, 80),
(372, 'pubeventsmall', 100, 75),
(277, 'large', 566, 214),
(307, 'thumb', 80, 80),
(77, 'medium', 250, 106),
(296, 'small', 150, 150),
(337, 'eventthumb', 98, 110),
(257, 'pubeventsmall', 100, 133),
(224, 'thumb', 80, 80),
(281, 'pubeventsmall', 100, 100),
(195, 'small', 142, 150),
(326, 'eventthumb', 110, 110),
(405, 'pubeventsmall', 100, 91),
(244, 'medium', 250, 166),
(195, 'thumb', 80, 80),
(381, 'pubeventsmall', 100, 66),
(360, 'small', 105, 150),
(298, 'small', 137, 150),
(326, 'medium', 250, 250),
(359, 'pubeventsmall', 80, 80),
(223, 'thumb', 80, 80),
(373, 'pubeventsmall', 100, 140),
(281, 'thumb', 80, 80),
(225, 'thumb', 80, 80),
(344, 'pubeventsmall', 100, 131),
(293, 'pubeventsmall', 100, 141),
(276, 'thumb', 80, 80),
(220, 'pubeventsmall', 100, 88),
(314, 'raw', 117, 75),
(305, 'pubeventsmall', 100, 141),
(576, 'large', 450, 600),
(230, 'large', 566, 424),
(231, 'large', 566, 377),
(622, 'pubeventsmall', 100, 133),
(311, 'thumb', 80, 80),
(283, 'pubeventsmall', 100, 100),
(326, 'pubeventsmall', 100, 100),
(289, 'thumb', 80, 80),
(177, 'small', 106, 150),
(391, 'pubeventsmall', 100, 143),
(194, 'small', 150, 140),
(296, 'pubeventsmall', 100, 100),
(219, 'thumb', 80, 80),
(315, 'raw', 678, 509),
(282, 'thumb', 80, 80),
(222, 'pubeventsmall', 100, 88),
(408, 'pubeventsmall', 86, 48),
(234, 'large', 258, 189),
(316, 'raw', 207, 256),
(373, 'small', 106, 150),
(296, 'eventright', 286, 286),
(311, 'eventright', 286, 23),
(317, 'raw', 106, 157),
(629, 'eventright', 202, 286),
(227, 'thumb', 80, 80),
(478, 'large', 566, 478),
(404, 'pubeventsmall', 100, 50),
(408, 'eventright', 86, 48),
(530, 'pubeventsmall', 100, 129),
(320, 'raw', 1123, 329),
(629, 'eventthumb', 77, 110),
(228, 'thumb', 80, 80),
(574, 'medium', 187, 250),
(325, 'raw', 3000, 3000),
(580, 'eventright', 111, 150),
(467, 'large', 566, 377),
(323, 'raw', 3000, 3000),
(629, 'small', 106, 150),
(229, 'thumb', 80, 80),
(228, 'eventright', 255, 226),
(324, 'raw', 3000, 3000),
(629, 'mixthumb', 80, 80),
(248, 'eventright', 286, 214),
(286, 'pubeventsmall', 100, 136),
(224, 'eventright', 255, 226),
(326, 'raw', 3000, 3000),
(629, 'raw', 645, 910),
(379, 'eventright', 286, 190),
(303, 'pubeventsmall', 100, 136),
(327, 'raw', 3000, 3000),
(252, 'small', 121, 150),
(328, 'raw', 2031, 1301),
(108, 'small', 105, 150),
(100, 'eventright', 286, 95),
(273, 'small', 150, 78),
(293, 'small', 106, 150),
(302, 'small', 150, 148),
(299, 'pubeventsmall', 100, 141),
(329, 'raw', 607, 791),
(198, 'mixthumb', 80, 80),
(471, 'large', 566, 377),
(86, 'mixthumb', 80, 80),
(250, 'mixthumb', 80, 80),
(238, 'mixthumb', 80, 80),
(251, 'mixthumb', 80, 80),
(330, 'raw', 640, 960),
(628, 'eventthumb', 78, 110),
(455, 'large', 566, 377),
(404, 'mixthumb', 80, 80),
(622, 'eventright', 214, 286),
(331, 'raw', 640, 480),
(628, 'eventright', 202, 286),
(457, 'large', 566, 377),
(332, 'raw', 640, 480),
(628, 'small', 106, 150),
(601, 'eventright', 111, 150),
(262, 'pubeventsmall', 100, 134),
(286, 'small', 109, 150),
(290, 'eventright', 286, 286),
(333, 'raw', 3297, 3033),
(628, 'mixthumb', 80, 80),
(388, 'eventright', 190, 286),
(349, 'mixthumb', 80, 80),
(334, 'raw', 960, 720),
(628, 'raw', 647, 912),
(487, 'large', 566, 134),
(335, 'raw', 674, 512),
(330, 'eventright', 190, 286),
(353, 'eventright', 286, 214),
(336, 'raw', 397, 634),
(360, 'pubeventsmall', 100, 141),
(602, 'eventright', 101, 131),
(480, 'eventthumb', 110, 54),
(337, 'raw', 393, 438),
(488, 'large', 566, 136),
(338, 'raw', 397, 76),
(221, 'pubeventsmall', 100, 88),
(521, 'eventright', 202, 286),
(105, 'pubeventsmall', 100, 87),
(340, 'raw', 275, 355),
(544, 'small', 150, 107),
(627, 'eventthumb', 78, 110),
(627, 'eventright', 202, 286),
(627, 'small', 106, 150),
(627, 'mixthumb', 80, 80),
(627, 'raw', 647, 912),
(305, 'eventright', 201, 286),
(539, 'eventright', 220, 286),
(472, 'gallerythumb', 110, 110),
(456, 'gallerythumb', 110, 110),
(468, 'gallerythumb', 110, 110),
(273, 'eventright', 200, 105),
(394, 'pubeventsmall', 100, 141),
(515, 'small', 107, 150),
(374, 'thumb', 80, 80),
(106, 'thumb', 80, 80),
(106, 'small', 150, 53),
(100, 'mixthumb', 80, 80),
(102, 'mixthumb', 80, 80),
(97, 'mixthumb', 80, 80),
(107, 'mixthumb', 80, 80),
(106, 'mixthumb', 80, 80),
(369, 'mixthumb', 80, 80),
(410, 'mixthumb', 80, 80),
(540, 'mixthumb', 80, 80),
(413, 'mixthumb', 80, 80),
(536, 'mixthumb', 80, 80),
(366, 'mixthumb', 80, 80),
(337, 'mixthumb', 80, 80),
(352, 'mixthumb', 80, 80),
(547, 'mixthumb', 80, 80),
(396, 'mixthumb', 80, 80),
(578, 'mixthumb', 80, 80),
(311, 'mixthumb', 80, 80),
(247, 'mixthumb', 80, 80),
(423, 'mixthumb', 80, 80),
(371, 'mixthumb', 80, 80),
(240, 'mixthumb', 80, 80),
(408, 'mixthumb', 80, 80),
(100, 'pubeventsmall', 100, 33),
(595, 'eventright', 201, 286),
(341, 'raw', 391, 539),
(528, 'mixthumb', 80, 80),
(344, 'eventright', 218, 286),
(342, 'raw', 397, 634),
(370, 'mixthumb', 80, 80),
(450, 'eventright', 202, 286),
(343, 'raw', 395, 469),
(364, 'mixthumb', 80, 80),
(590, 'eventright', 286, 190),
(344, 'raw', 396, 519),
(328, 'mixthumb', 80, 80),
(572, 'eventright', 286, 209),
(345, 'raw', 2972, 2620),
(367, 'mixthumb', 80, 80),
(522, 'eventthumb', 76, 110),
(102, 'pubeventsmall', 100, 33),
(293, 'eventthumb', 77, 110),
(391, 'eventright', 199, 286),
(528, 'eventright', 112, 48),
(346, 'raw', 441, 290),
(310, 'mixthumb', 80, 80),
(236, 'thumb', 80, 80),
(347, 'raw', 3680, 2456),
(415, 'mixthumb', 80, 80),
(417, 'eventright', 286, 233),
(235, 'thumb', 80, 80),
(348, 'raw', 960, 562),
(533, 'mixthumb', 80, 80),
(618, 'thumb', 80, 80),
(349, 'raw', 233, 272),
(414, 'mixthumb', 80, 80),
(523, 'thumb', 80, 80),
(314, 'eventthumb', 110, 70),
(296, 'eventthumb', 110, 110),
(299, 'eventright', 202, 286),
(259, 'eventthumb', 110, 109),
(335, 'large', 566, 429),
(401, 'eventthumb', 78, 110),
(358, 'raw', 1881, 3477),
(291, 'pubeventsmall', 100, 100),
(357, 'raw', 170, 111),
(153, 'medium', 200, 250),
(356, 'raw', 229, 160),
(431, 'mixthumb', 80, 80),
(540, 'eventthumb', 110, 30),
(546, 'eventthumb', 97, 80),
(593, 'eventthumb', 110, 50),
(359, 'raw', 80, 80),
(104, 'mixthumb', 80, 80),
(247, 'eventright', 286, 192),
(347, 'mixthumb', 80, 80),
(247, 'small', 150, 101),
(240, 'small', 150, 15),
(105, 'small', 150, 131),
(403, 'mixthumb', 80, 80),
(360, 'raw', 598, 847),
(608, 'mixthumb', 80, 80),
(360, 'eventthumb', 77, 110),
(384, 'mixthumb', 80, 80),
(361, 'raw', 1343, 950),
(593, 'mixthumb', 80, 80),
(620, 'thumb', 80, 80),
(385, 'mixthumb', 80, 80),
(517, 'mixthumb', 80, 80),
(518, 'mixthumb', 80, 80),
(328, 'small', 150, 96),
(309, 'small', 150, 34),
(491, 'mixthumb', 80, 80),
(253, 'mixthumb', 80, 80),
(381, 'mixthumb', 80, 80),
(256, 'mixthumb', 80, 80),
(315, 'mixthumb', 80, 80),
(270, 'mixthumb', 80, 80),
(382, 'mixthumb', 80, 80),
(268, 'mixthumb', 80, 80),
(529, 'eventright', 202, 286),
(519, 'eventthumb', 77, 110),
(518, 'eventthumb', 79, 110),
(517, 'eventthumb', 80, 110),
(521, 'eventthumb', 77, 110),
(450, 'mixthumb', 80, 80),
(412, 'mixthumb', 80, 80),
(411, 'mixthumb', 80, 80),
(362, 'raw', 1226, 870),
(239, 'mixthumb', 80, 80),
(551, 'medium', 250, 127),
(363, 'raw', 2513, 2050),
(105, 'mixthumb', 80, 80),
(547, 'eventthumb', 110, 16),
(388, 'eventthumb', 73, 110),
(520, 'eventthumb', 110, 56),
(401, 'mixthumb', 80, 80),
(398, 'mixthumb', 80, 80),
(397, 'mixthumb', 80, 80),
(394, 'mixthumb', 80, 80),
(391, 'mixthumb', 80, 80),
(390, 'mixthumb', 80, 80),
(389, 'mixthumb', 80, 80),
(373, 'mixthumb', 80, 80),
(595, 'eventthumb', 77, 110),
(364, 'raw', 562, 65),
(433, 'mixthumb', 80, 80),
(530, 'eventthumb', 84, 110),
(365, 'raw', 562, 65),
(374, 'mixthumb', 80, 80),
(366, 'raw', 562, 65),
(538, 'mixthumb', 80, 80),
(620, 'small', 150, 119),
(367, 'raw', 70, 65),
(419, 'mixthumb', 80, 80),
(591, 'large', 566, 305),
(473, 'mixthumb', 80, 80),
(252, 'mixthumb', 80, 80),
(372, 'mixthumb', 80, 80),
(361, 'mixthumb', 80, 80),
(360, 'mixthumb', 80, 80),
(344, 'mixthumb', 80, 80),
(343, 'mixthumb', 80, 80),
(594, 'eventthumb', 77, 110),
(596, 'eventthumb', 77, 110),
(213, 'medium', 250, 83),
(368, 'raw', 1598, 1325),
(418, 'mixthumb', 80, 80),
(525, 'eventright', 101, 128),
(109, 'small', 99, 150),
(288, 'eventthumb', 110, 109),
(388, 'pubeventsmall', 100, 149),
(182, 'medium', 200, 250),
(369, 'raw', 218, 87),
(309, 'mixthumb', 80, 80),
(290, 'eventthumb', 110, 109),
(370, 'raw', 280, 113),
(537, 'mixthumb', 80, 80),
(371, 'raw', 466, 229),
(416, 'mixthumb', 80, 80),
(293, 'eventright', 202, 286),
(239, 'thumb', 80, 80),
(287, 'eventright', 286, 286),
(102, 'eventright', 286, 96),
(410, 'pubeventsmall', 100, 30),
(372, 'raw', 960, 720),
(432, 'mixthumb', 80, 80),
(440, 'large', 566, 107),
(373, 'raw', 623, 874),
(273, 'mixthumb', 80, 80),
(376, 'eventthumb', 73, 110),
(603, 'eventright', 202, 286),
(374, 'raw', 169, 175),
(103, 'mixthumb', 80, 80),
(581, 'pubeventsmall', 100, 75),
(515, 'eventthumb', 78, 110),
(375, 'raw', 299, 448),
(422, 'mixthumb', 80, 80),
(342, 'mixthumb', 80, 80),
(376, 'raw', 299, 448),
(395, 'mixthumb', 80, 80),
(257, 'eventright', 214, 286),
(377, 'raw', 299, 448),
(101, 'mixthumb', 80, 80),
(300, 'eventright', 202, 286),
(378, 'raw', 299, 448),
(546, 'mixthumb', 80, 80),
(316, 'eventthumb', 88, 110),
(317, 'eventthumb', 74, 110),
(379, 'raw', 448, 299),
(580, 'mixthumb', 80, 80),
(426, 'large', 566, 318),
(315, 'eventthumb', 110, 82),
(380, 'raw', 448, 299),
(365, 'mixthumb', 80, 80),
(428, 'eventright', 286, 286),
(381, 'raw', 448, 299),
(445, 'mixthumb', 80, 80),
(330, 'eventthumb', 73, 110),
(382, 'raw', 299, 448),
(444, 'mixthumb', 80, 80),
(430, 'mixthumb', 80, 80),
(349, 'eventthumb', 94, 110),
(383, 'raw', 299, 448),
(626, 'thumb', 80, 80),
(249, 'eventright', 180, 222),
(333, 'eventthumb', 110, 101),
(384, 'raw', 448, 299),
(626, 'small', 150, 129),
(385, 'raw', 299, 448),
(626, 'mixthumb', 80, 80),
(386, 'raw', 299, 448),
(626, 'raw', 609, 527),
(411, 'eventright', 200, 286),
(368, 'eventthumb', 110, 91),
(387, 'raw', 448, 299),
(615, 'mixthumb', 80, 80),
(388, 'raw', 299, 448),
(614, 'mixthumb', 80, 80),
(404, 'eventthumb', 110, 55),
(102, 'eventthumb', 110, 37),
(389, 'raw', 119, 168),
(171, 'mixthumb', 80, 80),
(232, 'gallerythumb', 110, 110),
(390, 'raw', 119, 168),
(170, 'mixthumb', 80, 80),
(519, 'eventright', 175, 249),
(391, 'raw', 645, 923),
(159, 'mixthumb', 80, 80),
(479, 'eventright', 286, 186),
(473, 'eventthumb', 110, 99),
(392, 'raw', 640, 478),
(158, 'mixthumb', 80, 80),
(491, 'eventright', 286, 190),
(430, 'eventthumb', 110, 95),
(393, 'raw', 220, 275),
(139, 'mixthumb', 80, 80),
(252, 'eventthumb', 89, 110),
(428, 'eventthumb', 110, 109),
(394, 'raw', 598, 845),
(545, 'mixthumb', 80, 80),
(585, 'large', 566, 377),
(395, 'raw', 1086, 237),
(544, 'mixthumb', 80, 80),
(525, 'thumb', 80, 80),
(380, 'mixthumb', 80, 80),
(489, 'eventthumb', 110, 73),
(396, 'raw', 595, 835),
(543, 'mixthumb', 80, 80),
(582, 'eventthumb', 73, 110),
(397, 'raw', 595, 835),
(542, 'mixthumb', 80, 80),
(398, 'raw', 595, 844),
(541, 'mixthumb', 80, 80),
(217, 'medium', 250, 83),
(399, 'eventright', 280, 187),
(393, 'eventright', 275, 220),
(523, 'eventright', 286, 161),
(438, 'large', 566, 103),
(328, 'eventright', 286, 183),
(399, 'raw', 280, 187),
(535, 'mixthumb', 80, 80),
(536, 'eventright', 146, 120),
(400, 'raw', 350, 218),
(513, 'mixthumb', 80, 80),
(515, 'eventright', 204, 286),
(247, 'thumb', 80, 80),
(225, 'eventthumb', 110, 97),
(291, 'eventthumb', 110, 110),
(372, 'eventthumb', 110, 82),
(377, 'eventthumb', 73, 110),
(401, 'raw', 599, 843),
(507, 'mixthumb', 80, 80),
(239, 'eventright', 286, 158),
(402, 'raw', 365, 205),
(488, 'mixthumb', 80, 80),
(410, 'eventright', 286, 86),
(403, 'raw', 2448, 3264),
(440, 'mixthumb', 80, 80),
(307, 'eventthumb', 110, 110),
(404, 'raw', 400, 200),
(487, 'mixthumb', 80, 80),
(477, 'large', 566, 428),
(405, 'raw', 753, 691),
(439, 'mixthumb', 80, 80),
(221, 'thumb', 80, 80),
(97, 'small', 150, 41),
(406, 'raw', 2448, 3264),
(438, 'mixthumb', 80, 80),
(621, 'eventright', 286, 214),
(240, 'eventright', 286, 29),
(253, 'eventthumb', 89, 110),
(407, 'raw', 833, 555),
(437, 'mixthumb', 80, 80),
(430, 'eventright', 140, 122),
(360, 'eventright', 201, 286),
(408, 'raw', 86, 48),
(436, 'mixthumb', 80, 80),
(229, 'eventright', 255, 226),
(227, 'eventright', 255, 226),
(481, 'large', 566, 446),
(427, 'large', 566, 222),
(409, 'raw', 400, 200),
(435, 'mixthumb', 80, 80),
(301, 'eventright', 202, 286),
(109, 'eventright', 190, 286),
(410, 'raw', 1000, 301),
(434, 'mixthumb', 80, 80),
(183, 'medium', 200, 250),
(223, 'eventthumb', 110, 97),
(411, 'raw', 450, 641),
(427, 'mixthumb', 80, 80),
(338, 'mixthumb', 80, 80),
(340, 'mixthumb', 80, 80),
(412, 'raw', 647, 920),
(426, 'mixthumb', 80, 80),
(341, 'mixthumb', 80, 80),
(332, 'medium', 250, 187),
(103, 'pubeventsmall', 100, 44),
(181, 'medium', 200, 250),
(371, 'eventright', 286, 140),
(101, 'pubeventsmall', 100, 21),
(444, 'pubeventsmall', 100, 18),
(214, 'medium', 250, 42),
(97, 'pubeventsmall', 100, 27),
(513, 'large', 566, 139),
(413, 'raw', 1772, 709),
(425, 'mixthumb', 80, 80),
(336, 'mixthumb', 80, 80),
(414, 'raw', 1772, 709),
(335, 'mixthumb', 80, 80),
(216, 'small', 150, 128),
(415, 'raw', 507, 122),
(334, 'mixthumb', 80, 80),
(398, 'eventright', 201, 286),
(416, 'raw', 507, 122),
(267, 'mixthumb', 80, 80),
(307, 'mixthumb', 80, 80),
(306, 'mixthumb', 80, 80),
(305, 'mixthumb', 80, 80),
(303, 'mixthumb', 80, 80),
(301, 'mixthumb', 80, 80),
(300, 'mixthumb', 80, 80),
(417, 'raw', 2513, 2050),
(173, 'mixthumb', 80, 80),
(621, 'mixthumb', 80, 80),
(400, 'eventright', 286, 178),
(299, 'mixthumb', 80, 80),
(298, 'mixthumb', 80, 80),
(297, 'mixthumb', 80, 80),
(296, 'mixthumb', 80, 80),
(295, 'mixthumb', 80, 80),
(293, 'mixthumb', 80, 80),
(418, 'raw', 843, 375),
(172, 'mixthumb', 80, 80),
(249, 'eventthumb', 89, 110),
(526, 'eventthumb', 110, 73),
(419, 'raw', 2362, 650),
(174, 'mixthumb', 80, 80),
(105, 'eventright', 286, 250),
(175, 'eventthumb', 109, 110),
(244, 'eventthumb', 110, 73),
(286, 'mixthumb', 80, 80),
(280, 'mixthumb', 80, 80),
(262, 'mixthumb', 80, 80),
(420, 'raw', 797, 562),
(266, 'mixthumb', 80, 80),
(246, 'eventthumb', 110, 73),
(421, 'raw', 797, 562),
(137, 'mixthumb', 80, 80),
(273, 'eventthumb', 110, 57),
(272, 'eventthumb', 110, 36),
(245, 'eventthumb', 110, 76),
(422, 'raw', 507, 122),
(160, 'mixthumb', 80, 80),
(248, 'eventthumb', 110, 82),
(423, 'raw', 1772, 709),
(153, 'mixthumb', 80, 80),
(249, 'mixthumb', 80, 80),
(429, 'mixthumb', 80, 80),
(424, 'raw', 1772, 709),
(152, 'mixthumb', 80, 80),
(264, 'pubeventsmall', 100, 134),
(263, 'pubeventsmall', 100, 134),
(475, 'large', 566, 480),
(259, 'eventright', 286, 286),
(302, 'eventthumb', 110, 108),
(264, 'mixthumb', 80, 80),
(265, 'mixthumb', 80, 80),
(263, 'mixthumb', 80, 80),
(399, 'mixthumb', 80, 80),
(523, 'small', 150, 84),
(405, 'mixthumb', 80, 80),
(260, 'mixthumb', 80, 80),
(261, 'mixthumb', 80, 80),
(284, 'eventthumb', 110, 33),
(105, 'eventthumb', 110, 96),
(425, 'raw', 1336, 821),
(118, 'mixthumb', 80, 80),
(292, 'eventthumb', 110, 22),
(426, 'raw', 1280, 720),
(169, 'mixthumb', 80, 80),
(427, 'raw', 1034, 407),
(168, 'mixthumb', 80, 80),
(329, 'eventthumb', 84, 110),
(428, 'raw', 300, 300),
(167, 'mixthumb', 80, 80),
(536, 'eventthumb', 110, 90),
(429, 'raw', 600, 450),
(166, 'mixthumb', 80, 80),
(539, 'eventthumb', 84, 110),
(430, 'raw', 140, 122),
(165, 'mixthumb', 80, 80),
(357, 'eventthumb', 110, 71),
(289, 'eventthumb', 110, 110),
(431, 'raw', 2362, 650),
(163, 'mixthumb', 80, 80),
(538, 'eventthumb', 110, 109),
(432, 'raw', 2362, 650),
(161, 'mixthumb', 80, 80),
(525, 'small', 101, 128),
(433, 'raw', 2362, 650),
(162, 'mixthumb', 80, 80),
(356, 'eventthumb', 110, 76),
(434, 'raw', 1361, 248),
(99, 'mixthumb', 80, 80),
(361, 'eventthumb', 110, 77),
(435, 'raw', 1364, 76),
(164, 'mixthumb', 80, 80),
(229, 'eventthumb', 110, 97),
(436, 'raw', 1360, 248),
(76, 'mixthumb', 80, 80),
(228, 'eventthumb', 110, 97),
(437, 'raw', 1360, 248),
(274, 'mixthumb', 80, 80),
(363, 'eventthumb', 110, 89),
(438, 'raw', 1360, 248),
(77, 'mixthumb', 80, 80),
(333, 'pubeventsmall', 100, 91),
(439, 'raw', 1362, 246),
(602, 'small', 101, 131),
(474, 'eventright', 190, 286),
(440, 'raw', 1361, 258),
(221, 'small', 150, 132),
(206, 'mixthumb', 80, 80),
(489, 'raw', 1920, 1280),
(106, 'eventthumb', 110, 39),
(392, 'eventthumb', 110, 82),
(488, 'raw', 1431, 346),
(259, 'mixthumb', 80, 80),
(258, 'mixthumb', 80, 80),
(598, 'raw', 1000, 668),
(417, 'eventthumb', 110, 89),
(528, 'pubeventsmall', 100, 42),
(445, 'raw', 200, 37),
(224, 'eventthumb', 110, 97),
(103, 'eventright', 286, 126),
(447, 'raw', 2319, 3000),
(337, 'pubeventsmall', 100, 111),
(448, 'raw', 2319, 3000),
(400, 'eventthumb', 110, 68),
(449, 'raw', 99, 148),
(378, 'pubeventsmall', 100, 149),
(398, 'eventthumb', 77, 110),
(450, 'raw', 451, 638),
(265, 'eventright', 212, 286),
(402, 'eventthumb', 110, 61),
(451, 'raw', 1920, 1280),
(261, 'eventright', 212, 286),
(452, 'raw', 1920, 1280),
(286, 'eventright', 208, 286),
(453, 'raw', 1920, 1280),
(263, 'eventright', 212, 286),
(454, 'raw', 1920, 1280),
(280, 'eventright', 210, 286),
(455, 'raw', 1920, 1280),
(262, 'eventright', 212, 286),
(456, 'raw', 1920, 1280),
(264, 'eventright', 212, 286),
(457, 'raw', 1920, 1280),
(224, 'small', 150, 132),
(458, 'raw', 1920, 1280),
(261, 'eventthumb', 81, 110),
(471, 'raw', 1920, 1280),
(262, 'eventthumb', 81, 110),
(470, 'raw', 1920, 1280),
(263, 'eventthumb', 81, 110),
(469, 'raw', 1920, 1280),
(265, 'eventthumb', 81, 110),
(468, 'raw', 1920, 1280),
(264, 'eventthumb', 81, 110),
(280, 'eventthumb', 80, 110),
(472, 'raw', 1920, 1280),
(303, 'eventthumb', 80, 110),
(548, 'eventright', 197, 286),
(467, 'raw', 1920, 1280),
(585, 'gallerythumb', 110, 110),
(596, 'eventright', 202, 286),
(368, 'pubeventsmall', 100, 82),
(613, 'pubeventsmall', 100, 150),
(179, 'medium', 200, 250),
(522, 'eventright', 198, 286),
(212, 'medium', 250, 83),
(606, 'eventright', 198, 286),
(283, 'eventright', 286, 286),
(486, 'large', 566, 550),
(282, 'eventright', 285, 286),
(617, 'small', 115, 150),
(580, 'pubeventsmall', 100, 135),
(308, 'small', 150, 149),
(526, 'pubeventsmall', 100, 66),
(280, 'pubeventsmall', 100, 136),
(264, 'small', 111, 150),
(180, 'medium', 200, 250),
(433, 'eventright', 286, 78),
(473, 'raw', 1145, 1035),
(286, 'eventthumb', 80, 110),
(399, 'eventthumb', 110, 73),
(257, 'mixthumb', 80, 80),
(199, 'mixthumb', 80, 80),
(195, 'mixthumb', 80, 80),
(192, 'mixthumb', 80, 80),
(203, 'mixthumb', 80, 80),
(194, 'mixthumb', 80, 80),
(202, 'mixthumb', 80, 80),
(204, 'mixthumb', 80, 80),
(205, 'mixthumb', 80, 80),
(474, 'raw', 3456, 5184),
(305, 'eventthumb', 77, 110),
(475, 'raw', 868, 737),
(303, 'eventright', 209, 286),
(246, 'eventright', 286, 190),
(476, 'raw', 640, 480),
(361, 'small', 150, 106),
(268, 'medium', 203, 250),
(477, 'raw', 875, 662),
(544, 'large', 566, 404),
(478, 'raw', 870, 736),
(606, 'small', 104, 150),
(407, 'eventthumb', 110, 73),
(479, 'raw', 417, 272),
(405, 'eventthumb', 110, 100),
(408, 'eventthumb', 86, 48),
(480, 'raw', 354, 176),
(316, 'pubeventsmall', 100, 123),
(371, 'eventthumb', 110, 54),
(481, 'raw', 873, 688),
(269, 'medium', 203, 250),
(511, 'eventthumb', 82, 110),
(482, 'raw', 862, 744),
(622, 'small', 112, 150),
(101, 'eventthumb', 110, 23),
(483, 'raw', 348, 325),
(593, 'eventright', 286, 130),
(311, 'eventthumb', 110, 9),
(484, 'raw', 875, 734),
(374, 'eventthumb', 106, 110),
(485, 'raw', 357, 231),
(382, 'pubeventsmall', 100, 149),
(572, 'eventthumb', 110, 80),
(486, 'raw', 736, 716),
(625, 'eventthumb', 78, 110),
(523, 'eventthumb', 110, 62),
(487, 'raw', 1436, 341),
(625, 'eventright', 202, 286),
(579, 'eventthumb', 110, 73),
(578, 'eventthumb', 110, 105),
(581, 'eventthumb', 110, 82),
(490, 'raw', 1920, 1280),
(625, 'small', 106, 150),
(100, 'eventthumb', 110, 36),
(491, 'raw', 1920, 1280),
(625, 'mixthumb', 80, 80),
(109, 'eventthumb', 73, 110),
(108, 'eventthumb', 77, 110),
(613, 'eventthumb', 73, 110),
(621, 'eventthumb', 110, 82),
(287, 'eventthumb', 110, 110),
(387, 'mixthumb', 80, 80),
(526, 'mixthumb', 80, 80),
(492, 'raw', 640, 428),
(625, 'raw', 557, 785),
(490, 'eventthumb', 110, 73),
(493, 'raw', 135, 135),
(532, 'eventright', 113, 150),
(494, 'raw', 135, 135),
(615, 'eventright', 286, 156),
(495, 'raw', 135, 135),
(624, 'pubeventsmall', 100, 86),
(227, 'eventthumb', 110, 97),
(497, 'raw', 135, 135),
(498, 'raw', 135, 135),
(623, 'eventright', 286, 190),
(533, 'small', 150, 78),
(499, 'raw', 135, 135),
(623, 'eventthumb', 110, 73),
(615, 'eventthumb', 110, 60),
(500, 'raw', 135, 135),
(391, 'thumb', 80, 80),
(533, 'eventright', 286, 150),
(502, 'raw', 135, 135),
(503, 'raw', 135, 135),
(624, 'thumb', 80, 80),
(200, 'mixthumb', 80, 80),
(504, 'raw', 135, 135),
(624, 'eventright', 286, 247),
(608, 'large', 566, 470),
(492, 'eventthumb', 110, 73),
(412, 'eventthumb', 77, 110),
(391, 'eventthumb', 76, 110),
(328, 'eventthumb', 110, 70),
(344, 'eventthumb', 83, 110),
(300, 'eventthumb', 77, 110),
(301, 'eventthumb', 77, 110),
(299, 'eventthumb', 77, 110),
(514, 'eventthumb', 83, 110),
(491, 'eventthumb', 110, 73),
(505, 'raw', 1920, 1280),
(624, 'eventthumb', 110, 95),
(506, 'raw', 1920, 1280),
(624, 'small', 150, 129),
(269, 'mixthumb', 80, 80),
(428, 'mixthumb', 80, 80),
(507, 'raw', 1575, 398),
(624, 'mixthumb', 80, 80),
(450, 'eventthumb', 77, 110),
(508, 'raw', 994, 355),
(624, 'raw', 609, 527),
(394, 'eventthumb', 77, 110),
(196, 'mixthumb', 80, 80),
(201, 'mixthumb', 80, 80),
(510, 'raw', 623, 1200),
(101, 'eventright', 286, 60),
(511, 'raw', 371, 493),
(204, 'small', 106, 150),
(191, 'mixthumb', 80, 80),
(175, 'mixthumb', 80, 80),
(177, 'mixthumb', 80, 80),
(513, 'raw', 1014, 250),
(584, 'mixthumb', 80, 80),
(599, 'mixthumb', 80, 80),
(478, 'mixthumb', 80, 80),
(220, 'mixthumb', 80, 80),
(356, 'mixthumb', 80, 80),
(358, 'mixthumb', 80, 80),
(582, 'pubeventsmall', 100, 149),
(532, 'pubeventsmall', 100, 132),
(330, 'pubeventsmall', 100, 150),
(399, 'pubeventsmall', 100, 66),
(307, 'eventright', 130, 130),
(534, 'eventright', 100, 160),
(346, 'medium', 250, 164),
(473, 'eventright', 286, 258),
(489, 'eventright', 286, 190),
(225, 'eventright', 255, 226),
(514, 'raw', 651, 857),
(623, 'thumb', 80, 80),
(577, 'large', 566, 424),
(515, 'raw', 625, 875),
(623, 'small', 150, 99),
(397, 'eventthumb', 78, 110),
(516, 'raw', 89, 66),
(623, 'mixthumb', 80, 80),
(433, 'eventthumb', 110, 30),
(605, 'eventthumb', 82, 110),
(525, 'eventthumb', 86, 110),
(531, 'eventright', 113, 150),
(517, 'raw', 181, 247),
(623, 'raw', 640, 426),
(524, 'eventright', 113, 150),
(518, 'raw', 177, 246),
(543, 'large', 566, 236),
(601, 'eventthumb', 81, 110),
(519, 'raw', 175, 249),
(542, 'large', 566, 225),
(602, 'eventthumb', 84, 110),
(474, 'mixthumb', 80, 80),
(282, 'mixthumb', 80, 80),
(594, 'mixthumb', 80, 80),
(601, 'mixthumb', 80, 80),
(484, 'mixthumb', 80, 80),
(420, 'mixthumb', 80, 80),
(520, 'raw', 518, 268),
(616, 'small', 106, 150),
(524, 'eventthumb', 82, 110),
(521, 'raw', 675, 954),
(603, 'eventthumb', 77, 110),
(620, 'mixthumb', 80, 80),
(226, 'mixthumb', 80, 80),
(619, 'mixthumb', 80, 80),
(226, 'thumb', 80, 80),
(550, 'eventright', 286, 273),
(550, 'medium', 250, 238),
(599, 'small', 150, 66),
(598, 'eventright', 286, 191),
(522, 'raw', 605, 873),
(469, 'gallerythumb', 110, 110),
(410, 'eventthumb', 110, 33),
(606, 'eventthumb', 76, 110),
(569, 'mixthumb', 80, 80),
(227, 'mixthumb', 80, 80),
(532, 'mixthumb', 80, 80),
(575, 'mixthumb', 80, 80),
(223, 'mixthumb', 80, 80),
(534, 'mixthumb', 80, 80),
(532, 'eventthumb', 82, 110),
(444, 'eventthumb', 110, 20),
(508, 'mixthumb', 80, 80),
(552, 'mixthumb', 80, 80),
(566, 'mixthumb', 80, 80),
(483, 'mixthumb', 80, 80),
(235, 'mixthumb', 80, 80),
(392, 'mixthumb', 80, 80),
(283, 'mixthumb', 80, 80),
(598, 'mixthumb', 80, 80),
(610, 'mixthumb', 80, 80),
(479, 'mixthumb', 80, 80),
(229, 'mixthumb', 80, 80),
(595, 'mixthumb', 80, 80),
(480, 'mixthumb', 80, 80),
(477, 'mixthumb', 80, 80),
(291, 'mixthumb', 80, 80),
(583, 'mixthumb', 80, 80),
(482, 'mixthumb', 80, 80),
(586, 'mixthumb', 80, 80),
(565, 'mixthumb', 80, 80),
(515, 'mixthumb', 80, 80),
(288, 'mixthumb', 80, 80),
(567, 'mixthumb', 80, 80),
(523, 'raw', 619, 349),
(103, 'eventthumb', 110, 48),
(228, 'mixthumb', 80, 80),
(573, 'mixthumb', 80, 80),
(549, 'mixthumb', 80, 80),
(524, 'raw', 113, 150),
(467, 'gallerythumb', 110, 110),
(531, 'eventthumb', 82, 110),
(551, 'mixthumb', 80, 80),
(486, 'mixthumb', 80, 80),
(221, 'mixthumb', 80, 80),
(222, 'mixthumb', 80, 80),
(524, 'mixthumb', 80, 80),
(368, 'mixthumb', 80, 80),
(447, 'mixthumb', 80, 80),
(317, 'mixthumb', 80, 80),
(154, 'mixthumb', 80, 80),
(375, 'mixthumb', 80, 80),
(582, 'mixthumb', 80, 80),
(449, 'mixthumb', 80, 80),
(525, 'raw', 101, 128),
(580, 'eventthumb', 81, 110),
(525, 'mixthumb', 80, 80),
(531, 'mixthumb', 80, 80),
(579, 'mixthumb', 80, 80),
(289, 'mixthumb', 80, 80),
(539, 'mixthumb', 80, 80),
(574, 'mixthumb', 80, 80),
(591, 'mixthumb', 80, 80),
(514, 'mixthumb', 80, 80),
(596, 'mixthumb', 80, 80),
(568, 'mixthumb', 80, 80),
(617, 'mixthumb', 80, 80),
(602, 'mixthumb', 80, 80),
(475, 'mixthumb', 80, 80),
(290, 'mixthumb', 80, 80),
(481, 'mixthumb', 80, 80),
(287, 'mixthumb', 80, 80),
(618, 'mixthumb', 80, 80),
(572, 'mixthumb', 80, 80),
(393, 'mixthumb', 80, 80),
(421, 'mixthumb', 80, 80),
(550, 'mixthumb', 80, 80),
(581, 'mixthumb', 80, 80),
(526, 'raw', 3600, 2400),
(471, 'gallerythumb', 110, 110),
(439, 'large', 566, 102),
(492, 'mixthumb', 80, 80),
(281, 'mixthumb', 80, 80),
(528, 'raw', 112, 48),
(383, 'mixthumb', 80, 80),
(402, 'mixthumb', 80, 80),
(529, 'raw', 643, 906),
(401, 'eventright', 203, 286),
(607, 'mixthumb', 80, 80),
(485, 'mixthumb', 80, 80),
(530, 'raw', 101, 131),
(470, 'gallerythumb', 110, 110),
(479, 'eventthumb', 110, 71),
(506, 'eventright', 286, 190),
(435, 'large', 566, 31),
(531, 'raw', 113, 150),
(220, 'eventright', 255, 226),
(434, 'large', 566, 103),
(604, 'large', 566, 283),
(532, 'raw', 113, 150),
(452, 'gallerythumb', 110, 110),
(378, 'eventthumb', 73, 110),
(289, 'eventright', 286, 286),
(533, 'raw', 1200, 630),
(215, 'medium', 250, 64),
(579, 'pubeventsmall', 100, 66),
(534, 'raw', 100, 160),
(453, 'gallerythumb', 110, 110),
(397, 'pubeventsmall', 100, 140),
(410, 'small', 150, 45),
(476, 'mixthumb', 80, 80),
(225, 'mixthumb', 80, 80),
(511, 'mixthumb', 80, 80),
(612, 'mixthumb', 80, 80),
(548, 'mixthumb', 80, 80),
(535, 'raw', 231, 354),
(245, 'eventright', 286, 200),
(374, 'eventright', 169, 175),
(575, 'medium', 250, 187),
(536, 'raw', 146, 120),
(457, 'gallerythumb', 110, 110),
(612, 'large', 566, 566),
(151, 'banner', 1280, 319),
(537, 'raw', 161, 160),
(252, 'eventright', 232, 286),
(405, 'eventright', 286, 262),
(538, 'raw', 153, 152),
(454, 'gallerythumb', 110, 110),
(210, 'medium', 250, 83),
(188, 'banner', 1920, 429),
(539, 'raw', 231, 300),
(514, 'eventright', 217, 286),
(240, 'eventthumb', 110, 11),
(540, 'raw', 237, 66),
(455, 'gallerythumb', 110, 110),
(518, 'eventright', 177, 246),
(242, 'medium', 199, 250),
(541, 'raw', 1381, 513),
(97, 'eventright', 286, 79),
(542, 'raw', 1263, 503),
(451, 'gallerythumb', 110, 110),
(283, 'eventthumb', 110, 110),
(543, 'raw', 1325, 553),
(544, 'raw', 1154, 825),
(458, 'gallerythumb', 110, 110),
(359, 'eventthumb', 80, 80),
(545, 'raw', 821, 1198),
(395, 'eventthumb', 110, 24),
(605, 'mixthumb', 80, 80),
(546, 'raw', 97, 80),
(541, 'large', 566, 210),
(516, 'eventthumb', 89, 66),
(547, 'raw', 327, 48),
(100, 'small', 150, 50),
(393, 'eventthumb', 110, 88),
(548, 'raw', 717, 1039),
(537, 'eventthumb', 110, 109),
(353, 'eventthumb', 110, 82),
(549, 'raw', 599, 848),
(239, 'pubeventsmall', 100, 55),
(506, 'eventthumb', 110, 73),
(622, 'eventthumb', 82, 110),
(550, 'raw', 924, 882),
(402, 'eventright', 286, 160),
(222, 'eventthumb', 110, 97),
(579, 'eventright', 286, 190),
(551, 'raw', 505, 257),
(317, 'eventright', 106, 157),
(282, 'eventthumb', 109, 110),
(552, 'raw', 543, 323),
(222, 'thumb', 80, 80),
(220, 'eventthumb', 110, 97),
(276, 'eventthumb', 110, 73),
(236, 'mixthumb', 80, 80),
(510, 'mixthumb', 80, 80),
(553, 'raw', 600, 600),
(222, 'eventright', 255, 226),
(456, 'eventthumb', 110, 73),
(554, 'raw', 500, 500),
(555, 'raw', 600, 300),
(418, 'pubeventsmall', 100, 44),
(590, 'mixthumb', 80, 80),
(556, 'raw', 180, 180),
(276, 'eventright', 286, 190),
(557, 'raw', 180, 180),
(411, 'small', 105, 150),
(376, 'mixthumb', 80, 80),
(558, 'raw', 180, 180),
(375, 'eventright', 190, 286),
(559, 'raw', 180, 180),
(483, 'eventright', 286, 267),
(332, 'mixthumb', 80, 80),
(560, 'raw', 180, 180),
(480, 'eventright', 286, 142),
(155, 'mixthumb', 80, 80),
(346, 'mixthumb', 80, 80),
(561, 'raw', 599, 848),
(333, 'eventright', 286, 263),
(386, 'mixthumb', 80, 80),
(562, 'raw', 410, 171),
(578, 'small', 150, 143),
(563, 'raw', 600, 300),
(517, 'eventright', 181, 247),
(379, 'mixthumb', 80, 80),
(564, 'raw', 600, 300),
(315, 'eventright', 286, 214),
(565, 'raw', 480, 640),
(291, 'thumb', 80, 80),
(505, 'mixthumb', 80, 80),
(566, 'raw', 640, 480),
(516, 'eventright', 89, 66),
(567, 'raw', 587, 481),
(540, 'eventright', 237, 66),
(489, 'mixthumb', 80, 80),
(609, 'mixthumb', 80, 80),
(568, 'raw', 600, 300),
(367, 'small', 70, 65),
(281, 'eventthumb', 110, 110),
(569, 'raw', 600, 300),
(372, 'small', 150, 112),
(221, 'eventthumb', 110, 97),
(379, 'eventthumb', 110, 73),
(570, 'raw', 600, 300),
(297, 'eventright', 286, 228),
(254, 'mixthumb', 80, 80),
(571, 'raw', 600, 300),
(218, 'medium', 250, 83),
(406, 'mixthumb', 80, 80),
(572, 'raw', 1280, 939),
(448, 'mixthumb', 80, 80),
(618, 'small', 126, 123),
(573, 'raw', 1280, 939),
(379, 'pubeventsmall', 100, 66),
(574, 'raw', 480, 640),
(351, 'small', 150, 21),
(575, 'raw', 640, 480),
(383, 'eventright', 190, 286),
(377, 'mixthumb', 80, 80),
(576, 'raw', 480, 640),
(306, 'small', 107, 150),
(577, 'raw', 640, 480),
(386, 'eventright', 190, 286),
(573, 'medium', 250, 183),
(260, 'eventright', 286, 286),
(605, 'eventright', 153, 203),
(581, 'eventright', 286, 214),
(381, 'eventthumb', 110, 73),
(247, 'eventthumb', 110, 74),
(578, 'raw', 255, 244),
(476, 'eventright', 286, 214),
(331, 'mixthumb', 80, 80),
(388, 'mixthumb', 80, 80),
(516, 'mixthumb', 80, 80),
(579, 'raw', 1000, 667),
(349, 'eventright', 233, 272),
(622, 'mixthumb', 80, 80),
(333, 'mixthumb', 80, 80),
(580, 'raw', 111, 150),
(387, 'eventright', 286, 190),
(523, 'mixthumb', 80, 80),
(382, 'eventthumb', 73, 110),
(611, 'mixthumb', 80, 80),
(581, 'raw', 3264, 2448),
(175, 'eventright', 285, 286),
(590, 'eventthumb', 110, 73),
(582, 'raw', 2582, 3870),
(451, 'large', 566, 377),
(79, 'mixthumb', 80, 80),
(255, 'mixthumb', 80, 80),
(583, 'raw', 1000, 667),
(316, 'mixthumb', 80, 80),
(584, 'raw', 600, 300),
(109, 'pubeventsmall', 99, 150),
(549, 'eventthumb', 77, 110),
(585, 'raw', 3600, 2400),
(456, 'large', 566, 377),
(613, 'eventright', 190, 286),
(586, 'raw', 600, 300),
(538, 'eventright', 153, 152),
(384, 'eventthumb', 110, 73),
(587, 'raw', 1200, 600),
(588, 'raw', 1200, 600),
(276, 'pubeventsmall', 100, 66),
(550, 'eventthumb', 110, 105),
(589, 'raw', 1200, 600),
(97, 'eventthumb', 110, 30),
(590, 'raw', 2184, 1456),
(353, 'pubeventsmall', 100, 75),
(533, 'eventthumb', 110, 57),
(528, 'eventthumb', 110, 47),
(598, 'eventthumb', 110, 73),
(591, 'raw', 892, 481),
(247, 'large', 566, 381),
(363, 'medium', 250, 203),
(592, 'raw', 1200, 600),
(579, 'small', 150, 100),
(239, 'eventthumb', 110, 60),
(593, 'raw', 300, 137),
(272, 'eventright', 286, 94),
(156, 'mixthumb', 80, 80),
(186, 'banner', 1920, 429),
(594, 'raw', 626, 886),
(394, 'eventright', 202, 286),
(108, 'mixthumb', 80, 80),
(595, 'raw', 626, 888),
(300, 'pubeventsmall', 100, 141),
(549, 'eventright', 202, 286),
(423, 'medium', 250, 100),
(596, 'raw', 626, 883),
(350, 'small', 150, 124),
(106, 'eventright', 286, 102),
(30, 'banner', 1121, 223),
(301, 'thumb', 80, 80),
(253, 'eventright', 232, 286),
(424, 'slideimg', 298, 100),
(616, 'mixthumb', 80, 80),
(606, 'mixthumb', 80, 80),
(157, 'mixthumb', 80, 80),
(597, 'raw', 4400, 1959),
(363, 'small', 150, 122),
(485, 'eventright', 286, 185),
(599, 'raw', 206, 91),
(470, 'large', 566, 377),
(507, 'large', 566, 143),
(48, 'slideimg', 298, 100),
(600, 'raw', 1200, 600),
(368, 'eventright', 286, 237),
(385, 'eventthumb', 73, 110),
(601, 'raw', 111, 150),
(490, 'eventright', 286, 190),
(510, 'large', 311, 600),
(50, 'slideimg', 298, 100),
(602, 'raw', 101, 131),
(272, 'small', 150, 49),
(110, 'mixthumb', 80, 80),
(490, 'mixthumb', 80, 80),
(109, 'mixthumb', 80, 80),
(603, 'raw', 644, 909),
(361, 'eventright', 286, 202),
(597, 'slideimg', 298, 100),
(416, 'small', 150, 36),
(604, 'raw', 1200, 600),
(444, 'eventright', 286, 52),
(47, 'slideimg', 298, 100),
(605, 'raw', 153, 203),
(382, 'eventright', 190, 286),
(46, 'slideimg', 298, 100),
(506, 'mixthumb', 80, 80),
(606, 'raw', 579, 835),
(458, 'large', 566, 377),
(45, 'slideimg', 298, 100),
(42, 'slideimg', 298, 100),
(43, 'slideimg', 298, 100),
(607, 'raw', 800, 2000),
(469, 'large', 566, 377),
(299, 'small', 106, 150),
(433, 'small', 150, 41),
(42, 'small', 150, 70),
(608, 'raw', 800, 665),
(468, 'large', 566, 377),
(597, 'small', 150, 66),
(609, 'raw', 800, 659),
(454, 'large', 566, 377),
(300, 'small', 106, 150),
(610, 'raw', 799, 682),
(452, 'large', 566, 377),
(397, 'small', 106, 150),
(611, 'raw', 3508, 2481),
(581, 'small', 150, 112),
(409, 'mixthumb', 80, 80),
(582, 'thumb', 80, 80),
(612, 'raw', 800, 800),
(472, 'large', 566, 377),
(342, 'small', 93, 150),
(613, 'raw', 2160, 3240),
(453, 'large', 566, 377),
(301, 'small', 106, 150),
(394, 'small', 106, 150),
(391, 'small', 104, 150),
(614, 'raw', 800, 2000),
(384, 'eventright', 286, 190),
(390, 'small', 106, 150),
(615, 'raw', 798, 438),
(373, 'eventright', 203, 286),
(389, 'small', 106, 150),
(450, 'small', 106, 150),
(412, 'small', 105, 150),
(616, 'raw', 645, 908),
(377, 'eventright', 190, 286),
(560, 'small', 150, 150),
(558, 'small', 150, 150),
(617, 'raw', 619, 803),
(329, 'eventright', 219, 286),
(561, 'small', 105, 150),
(618, 'raw', 126, 123),
(616, 'eventright', 203, 286),
(559, 'small', 150, 150),
(556, 'small', 150, 150),
(619, 'raw', 565, 451),
(407, 'eventright', 286, 190),
(190, 'banner', 1920, 429),
(620, 'raw', 565, 451),
(303, 'small', 109, 150),
(557, 'small', 150, 150),
(613, 'mixthumb', 80, 80),
(400, 'mixthumb', 80, 80),
(348, 'mixthumb', 80, 80),
(621, 'raw', 640, 480),
(280, 'small', 110, 150),
(357, 'mixthumb', 80, 80),
(378, 'mixthumb', 80, 80),
(407, 'mixthumb', 80, 80),
(224, 'mixthumb', 80, 80),
(622, 'raw', 2448, 3264),
(530, 'mixthumb', 80, 80),
(561, 'mixthumb', 80, 80),
(633, 'mixthumb', 80, 80),
(633, 'small', 150, 112),
(633, 'eventthumb', 110, 82),
(633, 'eventright', 286, 214),
(489, 'small', 150, 100),
(634, 'raw', 4608, 3456),
(634, 'mixthumb', 80, 80),
(634, 'small', 150, 112),
(634, 'eventthumb', 110, 82),
(634, 'eventright', 286, 214),
(635, 'raw', 4750, 2917),
(635, 'mixthumb', 80, 80),
(635, 'small', 150, 92),
(635, 'large', 566, 347),
(636, 'raw', 2881, 1920),
(636, 'mixthumb', 80, 80),
(636, 'small', 150, 99),
(637, 'raw', 799, 1198),
(637, 'mixthumb', 80, 80),
(637, 'small', 100, 150),
(637, 'eventright', 190, 286),
(637, 'eventthumb', 73, 110),
(309, 'large', 566, 129),
(638, 'raw', 595, 665),
(638, 'mixthumb', 80, 80),
(638, 'small', 134, 150),
(638, 'eventright', 255, 286),
(638, 'eventthumb', 98, 110),
(430, 'small', 140, 122),
(386, 'pubeventsmall', 100, 149),
(383, 'pubeventsmall', 100, 149),
(506, 'small', 150, 100),
(639, 'raw', 3168, 4752),
(639, 'mixthumb', 80, 80),
(639, 'small', 100, 150),
(639, 'eventright', 190, 286),
(639, 'eventthumb', 73, 110),
(393, 'small', 150, 119),
(640, 'raw', 220, 275),
(640, 'mixthumb', 80, 80),
(640, 'small', 119, 150),
(640, 'eventright', 220, 275),
(640, 'eventthumb', 88, 110),
(641, 'raw', 1732, 1154),
(641, 'mixthumb', 80, 80),
(641, 'small', 150, 99),
(641, 'eventthumb', 110, 73),
(641, 'eventright', 286, 190),
(642, 'raw', 1024, 682),
(642, 'mixthumb', 80, 80),
(642, 'small', 150, 99),
(643, 'raw', 1630, 1630),
(643, 'mixthumb', 80, 80),
(643, 'small', 150, 150),
(643, 'eventthumb', 110, 110),
(643, 'eventright', 286, 286),
(395, 'small', 150, 32),
(644, 'raw', 5184, 3456),
(644, 'mixthumb', 80, 80),
(644, 'small', 150, 100),
(644, 'eventthumb', 110, 73),
(644, 'eventright', 286, 190),
(645, 'raw', 966, 725),
(645, 'mixthumb', 80, 80),
(645, 'small', 150, 112),
(645, 'eventright', 286, 214),
(645, 'eventthumb', 110, 82),
(646, 'raw', 400, 560),
(646, 'mixthumb', 80, 80),
(646, 'small', 107, 150),
(646, 'eventright', 204, 286),
(646, 'eventthumb', 78, 110),
(647, 'raw', 4992, 3328),
(647, 'mixthumb', 80, 80),
(648, 'raw', 4992, 3328),
(648, 'mixthumb', 80, 80),
(648, 'small', 150, 100),
(648, 'eventthumb', 110, 73),
(648, 'eventright', 286, 190),
(549, 'small', 105, 150),
(649, 'raw', 654, 918),
(649, 'mixthumb', 80, 80),
(649, 'small', 106, 150),
(649, 'eventright', 203, 286),
(649, 'eventthumb', 78, 110),
(655, 'small', 134, 150),
(655, 'mixthumb', 80, 80),
(655, 'raw', 595, 665),
(654, 'eventthumb', 110, 73),
(654, 'eventright', 286, 190),
(654, 'small', 150, 100),
(654, 'mixthumb', 80, 80),
(654, 'raw', 720, 480),
(655, 'thumb', 80, 80),
(656, 'raw', 550, 412),
(656, 'mixthumb', 80, 80),
(656, 'small', 150, 112),
(656, 'eventthumb', 110, 82),
(656, 'eventright', 286, 214),
(657, 'raw', 150, 96),
(657, 'mixthumb', 80, 80),
(657, 'small', 150, 96),
(658, 'raw', 990, 2018),
(658, 'mixthumb', 80, 80),
(658, 'small', 73, 150),
(658, 'eventthumb', 53, 110),
(658, 'eventright', 140, 286),
(252, 'pubeventsmall', 100, 123),
(659, 'raw', 651, 913),
(659, 'mixthumb', 80, 80),
(659, 'small', 106, 150),
(659, 'eventthumb', 78, 110),
(659, 'eventright', 203, 286),
(417, 'mixthumb', 80, 80),
(660, 'raw', 5097, 3398),
(660, 'mixthumb', 80, 80),
(661, 'raw', 5097, 3398),
(661, 'mixthumb', 80, 80),
(662, 'raw', 5097, 3398),
(662, 'mixthumb', 80, 80),
(662, 'small', 150, 100),
(662, 'thumb', 80, 80),
(75, 'mixthumb', 80, 80),
(363, 'mixthumb', 80, 80),
(244, 'mixthumb', 80, 80),
(362, 'mixthumb', 80, 80),
(660, 'small', 150, 100),
(660, 'large', 566, 377),
(663, 'raw', 4630, 3087),
(663, 'mixthumb', 80, 80),
(663, 'small', 150, 100),
(663, 'large', 566, 377),
(664, 'raw', 5097, 3398),
(664, 'mixthumb', 80, 80),
(664, 'small', 150, 100),
(664, 'large', 566, 377),
(665, 'raw', 4973, 3315),
(665, 'mixthumb', 80, 80),
(665, 'small', 150, 99),
(665, 'large', 566, 377),
(666, 'raw', 4797, 3198),
(666, 'mixthumb', 80, 80),
(666, 'small', 150, 100),
(666, 'large', 566, 377),
(667, 'raw', 5120, 3413),
(667, 'mixthumb', 80, 80),
(667, 'small', 150, 99),
(667, 'large', 566, 377),
(666, 'thumb', 80, 80),
(659, 'pubeventsmall', 100, 140),
(668, 'raw', 2903, 2329),
(668, 'mixthumb', 80, 80),
(668, 'small', 150, 120),
(668, 'eventthumb', 110, 88),
(668, 'eventright', 286, 229),
(669, 'raw', 2444, 1981),
(669, 'mixthumb', 80, 80),
(669, 'small', 150, 121),
(670, 'raw', 2444, 1981),
(670, 'mixthumb', 80, 80),
(670, 'small', 150, 121),
(670, 'eventright', 286, 231),
(671, 'raw', 2049, 1800),
(671, 'mixthumb', 80, 80),
(671, 'small', 150, 131),
(671, 'eventright', 286, 251),
(671, 'eventthumb', 110, 96),
(672, 'raw', 1972, 1793),
(672, 'mixthumb', 80, 80),
(672, 'small', 150, 136),
(672, 'eventright', 286, 260),
(672, 'eventthumb', 110, 100),
(385, 'pubeventsmall', 100, 149),
(377, 'pubeventsmall', 100, 149),
(375, 'pubeventsmall', 100, 149),
(673, 'raw', 2268, 4032),
(673, 'mixthumb', 80, 80),
(673, 'small', 84, 150),
(673, 'eventthumb', 61, 110),
(673, 'eventright', 160, 286),
(674, 'raw', 740, 908),
(674, 'mixthumb', 80, 80),
(674, 'small', 122, 150),
(674, 'eventright', 233, 286),
(674, 'eventthumb', 89, 110),
(675, 'raw', 5184, 3456),
(675, 'mixthumb', 80, 80),
(675, 'small', 150, 100),
(675, 'eventthumb', 110, 73),
(675, 'eventright', 286, 190),
(676, 'raw', 2677, 3053),
(676, 'mixthumb', 80, 80),
(676, 'small', 131, 150),
(676, 'eventright', 250, 286),
(676, 'eventthumb', 96, 110),
(677, 'raw', 740, 908),
(677, 'mixthumb', 80, 80),
(677, 'small', 122, 150),
(678, 'raw', 2154, 3077),
(678, 'mixthumb', 80, 80),
(678, 'small', 105, 150),
(678, 'eventright', 200, 286),
(678, 'eventthumb', 77, 110),
(679, 'raw', 671, 545),
(679, 'mixthumb', 80, 80),
(679, 'small', 150, 121),
(679, 'eventright', 286, 232),
(679, 'eventthumb', 110, 89),
(680, 'raw', 671, 545),
(680, 'mixthumb', 80, 80),
(680, 'small', 150, 121),
(680, 'eventright', 286, 232),
(680, 'eventthumb', 110, 89),
(288, 'pubeventsmall', 100, 99),
(506, 'pubeventsmall', 100, 66),
(428, 'pubeventsmall', 100, 100),
(489, 'pubeventsmall', 100, 66),
(401, 'pubeventsmall', 100, 140),
(289, 'pubeventsmall', 100, 100),
(65, 'small', 99, 26),
(682, 'small', 150, 64),
(682, 'mixthumb', 80, 80),
(682, 'raw', 2274, 978),
(682, 'thumb', 80, 80),
(683, 'raw', 1091, 397),
(683, 'mixthumb', 80, 80),
(683, 'small', 150, 54),
(683, 'thumb', 80, 80),
(104, 'small', 150, 40),
(682, 'medium', 250, 107),
(684, 'raw', 2274, 978),
(684, 'mixthumb', 80, 80),
(684, 'small', 150, 64),
(684, 'thumb', 80, 80),
(685, 'raw', 2274, 978),
(685, 'mixthumb', 80, 80),
(685, 'small', 150, 64),
(104, 'thumb', 80, 80),
(686, 'raw', 1280, 720),
(686, 'mixthumb', 80, 80),
(686, 'small', 150, 84),
(687, 'raw', 1280, 720),
(687, 'mixthumb', 80, 80),
(687, 'small', 150, 84),
(688, 'raw', 1280, 720),
(688, 'mixthumb', 80, 80),
(688, 'small', 150, 84),
(689, 'raw', 1280, 720),
(689, 'mixthumb', 80, 80),
(689, 'small', 150, 84),
(690, 'raw', 1280, 720),
(690, 'mixthumb', 80, 80),
(690, 'small', 150, 84),
(42, 'mixthumb', 80, 80),
(46, 'mixthumb', 80, 80),
(45, 'mixthumb', 80, 80),
(597, 'mixthumb', 80, 80),
(47, 'mixthumb', 80, 80),
(43, 'mixthumb', 80, 80),
(48, 'mixthumb', 80, 80),
(50, 'mixthumb', 80, 80),
(424, 'mixthumb', 80, 80),
(691, 'raw', 1280, 720),
(691, 'mixthumb', 80, 80),
(691, 'slideimg', 298, 100),
(42, 'mixsmall', 120, 56),
(691, 'mixsmall', 120, 67),
(50, 'mixsmall', 120, 56),
(48, 'mixsmall', 120, 56),
(45, 'mixsmall', 120, 56),
(290, 'pubeventsmall', 100, 100),
(297, 'eventthumb', 110, 88),
(374, 'pubeventsmall', 100, 103),
(400, 'pubeventsmall', 100, 62),
(329, 'pubeventsmall', 100, 130),
(253, 'pubeventsmall', 100, 123),
(402, 'pubeventsmall', 100, 56),
(311, 'pubeventsmall', 100, 8),
(223, 'pubeventsmall', 100, 88),
(450, 'pubeventsmall', 100, 141),
(287, 'pubeventsmall', 100, 100),
(317, 'pubeventsmall', 100, 148),
(371, 'pubeventsmall', 100, 49),
(516, 'pubeventsmall', 89, 66),
(433, 'pubeventsmall', 100, 27),
(514, 'pubeventsmall', 100, 131),
(485, 'pubeventsmall', 100, 64),
(476, 'pubeventsmall', 100, 75),
(523, 'pubeventsmall', 100, 56),
(337, 'eventright', 256, 286),
(106, 'pubeventsmall', 100, 35),
(392, 'pubeventsmall', 100, 74),
(228, 'pubeventsmall', 100, 88),
(483, 'pubeventsmall', 100, 93),
(363, 'pubeventsmall', 100, 81),
(511, 'pubeventsmall', 100, 132),
(383, 'small', 100, 150),
(522, 'pubeventsmall', 100, 144),
(474, 'pubeventsmall', 100, 150),
(491, 'pubeventsmall', 100, 66),
(433, 'large', 566, 155),
(480, 'pubeventsmall', 100, 49),
(692, 'raw', 944, 544),
(692, 'mixthumb', 80, 80),
(692, 'small', 150, 86),
(692, 'eventright', 286, 164),
(692, 'eventthumb', 110, 63),
(479, 'pubeventsmall', 100, 65),
(582, 'small', 100, 150),
(693, 'raw', 2992, 4488),
(693, 'mixthumb', 80, 80),
(693, 'small', 100, 150),
(693, 'eventthumb', 73, 110),
(693, 'eventright', 190, 286),
(694, 'raw', 2112, 3168),
(694, 'mixthumb', 80, 80),
(694, 'small', 100, 150),
(694, 'eventright', 190, 286),
(694, 'eventthumb', 73, 110);
INSERT INTO `mix_image_size` (`image_id`, `size`, `width`, `height`) VALUES
(695, 'raw', 1800, 1199),
(695, 'mixthumb', 80, 80),
(695, 'small', 150, 99),
(695, 'thumb', 80, 80),
(695, 'large', 566, 377),
(695, 'medium', 250, 166),
(328, 'large', 566, 362),
(490, 'pubeventsmall', 100, 66),
(285, 'mixthumb', 80, 80),
(304, 'mixthumb', 80, 80),
(696, 'raw', 640, 425),
(696, 'mixthumb', 80, 80),
(696, 'small', 99, 150),
(696, 'eventthumb', 73, 110),
(696, 'eventright', 189, 286),
(600, 'large', 566, 283),
(105, 'large', 566, 495),
(492, 'pubeventsmall', 100, 66),
(697, 'raw', 1836, 2448),
(697, 'mixthumb', 80, 80),
(697, 'small', 112, 150),
(697, 'thumb', 80, 80),
(698, 'raw', 3008, 4056),
(698, 'mixthumb', 80, 80),
(698, 'small', 111, 150),
(698, 'thumb', 80, 80),
(699, 'raw', 1580, 889),
(699, 'mixthumb', 80, 80),
(699, 'small', 150, 84),
(699, 'thumb', 80, 80),
(700, 'raw', 768, 1024),
(700, 'mixthumb', 80, 80),
(700, 'small', 112, 150),
(700, 'thumb', 80, 80),
(701, 'raw', 678, 450),
(701, 'mixthumb', 80, 80),
(701, 'small', 150, 99),
(701, 'thumb', 80, 80),
(702, 'raw', 2475, 3301),
(702, 'mixthumb', 80, 80),
(702, 'small', 112, 150),
(702, 'thumb', 80, 80),
(702, 'medium', 187, 250),
(655, 'medium', 223, 250),
(430, 'pubeventsmall', 100, 87),
(412, 'pubeventsmall', 100, 142),
(703, 'raw', 643, 908),
(703, 'mixthumb', 80, 80),
(703, 'small', 106, 150),
(703, 'thumb', 80, 80),
(704, 'raw', 644, 913),
(704, 'mixthumb', 80, 80),
(704, 'small', 105, 150),
(704, 'thumb', 80, 80),
(704, 'eventthumb', 77, 110),
(704, 'eventright', 201, 286),
(703, 'eventthumb', 77, 110),
(703, 'eventright', 202, 286),
(578, 'pubeventsmall', 100, 95),
(387, 'pubeventsmall', 100, 66),
(78, 'mixthumb', 80, 80),
(12, 'mixthumb', 80, 80),
(15, 'mixthumb', 80, 80),
(11, 'mixthumb', 80, 80),
(9, 'mixthumb', 80, 80),
(451, 'mixthumb', 80, 80),
(452, 'mixthumb', 80, 80),
(453, 'mixthumb', 80, 80),
(454, 'mixthumb', 80, 80),
(456, 'mixthumb', 80, 80),
(455, 'mixthumb', 80, 80),
(457, 'mixthumb', 80, 80),
(458, 'mixthumb', 80, 80),
(467, 'mixthumb', 80, 80),
(468, 'mixthumb', 80, 80),
(469, 'mixthumb', 80, 80),
(470, 'mixthumb', 80, 80),
(471, 'mixthumb', 80, 80),
(472, 'mixthumb', 80, 80),
(493, 'mixthumb', 80, 80),
(497, 'mixthumb', 80, 80),
(494, 'mixthumb', 80, 80),
(499, 'mixthumb', 80, 80),
(495, 'mixthumb', 80, 80),
(498, 'mixthumb', 80, 80),
(500, 'mixthumb', 80, 80),
(502, 'mixthumb', 80, 80),
(504, 'mixthumb', 80, 80),
(503, 'mixthumb', 80, 80),
(553, 'mixthumb', 80, 80),
(554, 'mixthumb', 80, 80),
(555, 'mixthumb', 80, 80),
(556, 'mixthumb', 80, 80),
(557, 'mixthumb', 80, 80),
(558, 'mixthumb', 80, 80),
(560, 'mixthumb', 80, 80),
(562, 'mixthumb', 80, 80),
(559, 'mixthumb', 80, 80),
(563, 'mixthumb', 80, 80),
(564, 'mixthumb', 80, 80),
(570, 'mixthumb', 80, 80),
(571, 'mixthumb', 80, 80),
(587, 'mixthumb', 80, 80),
(588, 'mixthumb', 80, 80),
(589, 'mixthumb', 80, 80),
(592, 'mixthumb', 80, 80),
(600, 'mixthumb', 80, 80),
(604, 'mixthumb', 80, 80),
(705, 'raw', 885, 596),
(705, 'mixthumb', 80, 80),
(705, 'small', 150, 101),
(705, 'medium', 250, 168),
(705, 'large', 566, 381),
(706, 'raw', 336, 504),
(706, 'mixthumb', 80, 80),
(706, 'small', 100, 150),
(706, 'eventright', 190, 286),
(706, 'eventthumb', 73, 110),
(417, 'small', 150, 122),
(417, 'medium', 250, 203),
(417, 'large', 566, 461),
(707, 'raw', 9002, 5000),
(708, 'raw', 9002, 5000),
(709, 'raw', 1229, 740),
(709, 'mixthumb', 80, 80),
(709, 'small', 150, 90),
(709, 'large', 566, 340),
(710, 'raw', 5760, 3840),
(710, 'mixthumb', 80, 80),
(710, 'small', 150, 100),
(710, 'eventthumb', 110, 73),
(710, 'eventright', 286, 190),
(711, 'raw', 2929, 1953),
(711, 'mixthumb', 80, 80),
(711, 'small', 150, 100),
(711, 'eventright', 286, 190),
(711, 'eventthumb', 110, 73),
(712, 'raw', 1872, 2500),
(712, 'mixthumb', 80, 80),
(712, 'small', 112, 150),
(712, 'eventthumb', 82, 110),
(712, 'eventright', 214, 286),
(713, 'raw', 1953, 1953),
(713, 'mixthumb', 80, 80),
(713, 'small', 150, 150),
(713, 'eventright', 286, 286),
(713, 'eventthumb', 110, 110),
(714, 'raw', 645, 911),
(714, 'mixthumb', 80, 80),
(714, 'small', 106, 150),
(714, 'eventright', 202, 286),
(714, 'eventthumb', 77, 110),
(603, 'small', 106, 150),
(519, 'pubeventsmall', 100, 142),
(253, 'small', 121, 150),
(401, 'small', 106, 150),
(715, 'raw', 4569, 1206),
(715, 'mixthumb', 80, 80),
(715, 'small', 150, 39),
(715, 'thumb', 80, 80),
(13, 'mixthumb', 80, 80),
(21, 'mixthumb', 80, 80),
(20, 'mixthumb', 80, 80),
(18, 'mixthumb', 80, 80),
(718, 'slideimg', 298, 100),
(718, 'raw', 298, 79),
(718, 'mixthumb', 80, 80),
(718, 'mixsmall', 120, 31),
(19, 'mixthumb', 80, 80),
(22, 'mixthumb', 80, 80),
(23, 'mixthumb', 80, 80),
(27, 'mixthumb', 80, 80),
(24, 'mixthumb', 80, 80),
(25, 'mixthumb', 80, 80),
(26, 'mixthumb', 80, 80),
(28, 'mixthumb', 80, 80),
(29, 'mixthumb', 80, 80),
(54, 'mixthumb', 80, 80),
(60, 'mixthumb', 80, 80),
(52, 'mixthumb', 80, 80),
(53, 'mixthumb', 80, 80),
(61, 'mixthumb', 80, 80),
(62, 'mixthumb', 80, 80),
(63, 'mixthumb', 80, 80),
(64, 'mixthumb', 80, 80),
(65, 'mixthumb', 80, 80),
(67, 'mixthumb', 80, 80),
(66, 'mixthumb', 80, 80),
(68, 'mixthumb', 80, 80),
(83, 'mixthumb', 80, 80),
(719, 'raw', 298, 79),
(719, 'mixthumb', 80, 80),
(719, 'small', 150, 39),
(720, 'raw', 298, 79),
(720, 'mixthumb', 80, 80),
(720, 'small', 150, 39),
(181, 'mixthumb', 80, 80),
(178, 'mixthumb', 80, 80),
(179, 'mixthumb', 80, 80),
(182, 'mixthumb', 80, 80),
(183, 'mixthumb', 80, 80),
(180, 'mixthumb', 80, 80),
(184, 'mixthumb', 80, 80),
(208, 'mixthumb', 80, 80),
(209, 'mixthumb', 80, 80),
(210, 'mixthumb', 80, 80),
(211, 'mixthumb', 80, 80),
(212, 'mixthumb', 80, 80),
(213, 'mixthumb', 80, 80),
(214, 'mixthumb', 80, 80),
(215, 'mixthumb', 80, 80),
(217, 'mixthumb', 80, 80),
(216, 'mixthumb', 80, 80),
(218, 'mixthumb', 80, 80),
(219, 'mixthumb', 80, 80),
(242, 'mixthumb', 80, 80),
(210, 'small', 150, 49),
(721, 'raw', 500, 132),
(721, 'mixthumb', 80, 80),
(721, 'small', 150, 39),
(721, 'medium', 250, 66),
(722, 'raw', 449, 449),
(722, 'mixthumb', 80, 80),
(722, 'small', 150, 150),
(722, 'eventthumb', 110, 110),
(722, 'eventright', 286, 286),
(723, 'raw', 4000, 3000),
(723, 'mixthumb', 80, 80),
(723, 'small', 150, 112),
(723, 'eventthumb', 110, 82),
(723, 'eventright', 286, 214),
(528, 'small', 112, 48),
(724, 'raw', 120, 152),
(724, 'mixthumb', 80, 80),
(724, 'small', 118, 150),
(724, 'eventright', 120, 152),
(724, 'eventthumb', 86, 110),
(417, 'pubeventsmall', 100, 81),
(725, 'raw', 1280, 720),
(725, 'mixthumb', 80, 80),
(725, 'small', 150, 84),
(725, 'large', 566, 318),
(726, 'raw', 1280, 719),
(726, 'mixthumb', 80, 80),
(726, 'small', 150, 84),
(726, 'large', 566, 317),
(727, 'raw', 1280, 719),
(727, 'mixthumb', 80, 80),
(727, 'small', 150, 84),
(727, 'large', 566, 317),
(728, 'raw', 1280, 719),
(728, 'mixthumb', 80, 80),
(728, 'small', 150, 84),
(728, 'large', 566, 317),
(729, 'raw', 1280, 719),
(729, 'mixthumb', 80, 80),
(729, 'small', 150, 84),
(729, 'large', 566, 317),
(730, 'raw', 1280, 719),
(730, 'mixthumb', 80, 80),
(730, 'small', 150, 84),
(730, 'large', 566, 317),
(448, 'pubeventsmall', 100, 129),
(353, 'small', 150, 112),
(492, 'small', 150, 100),
(731, 'raw', 1280, 720),
(731, 'mixthumb', 80, 80),
(731, 'small', 150, 84),
(732, 'raw', 1200, 674),
(732, 'mixthumb', 80, 80),
(732, 'small', 150, 84),
(733, 'raw', 1200, 674),
(733, 'mixthumb', 80, 80),
(733, 'small', 150, 84),
(734, 'raw', 1200, 675),
(734, 'mixthumb', 80, 80),
(734, 'small', 150, 84),
(735, 'raw', 1200, 675),
(735, 'mixthumb', 80, 80),
(735, 'small', 150, 84),
(736, 'raw', 1200, 675),
(736, 'mixthumb', 80, 80),
(736, 'small', 150, 84),
(737, 'raw', 1200, 675),
(737, 'mixthumb', 80, 80),
(737, 'small', 150, 84),
(732, 'thumb', 80, 80),
(245, 'small', 150, 104),
(518, 'pubeventsmall', 100, 138),
(517, 'pubeventsmall', 100, 136),
(520, 'pubeventsmall', 100, 51),
(307, 'small', 130, 130),
(738, 'raw', 1440, 900),
(738, 'mixthumb', 80, 80),
(738, 'small', 150, 93),
(738, 'medium', 250, 156),
(738, 'large', 566, 353),
(284, 'small', 150, 45),
(265, 'small', 111, 150),
(739, 'raw', 625, 884),
(739, 'mixthumb', 80, 80),
(739, 'small', 106, 150),
(739, 'eventthumb', 77, 110),
(740, 'raw', 622, 882),
(740, 'mixthumb', 80, 80),
(740, 'small', 105, 150),
(740, 'eventthumb', 77, 110),
(740, 'eventright', 201, 286),
(739, 'thumb', 80, 80),
(740, 'thumb', 80, 80),
(739, 'eventright', 202, 286),
(741, 'raw', 1280, 800),
(741, 'mixthumb', 80, 80),
(741, 'small', 150, 93),
(741, 'thumb', 80, 80),
(741, 'medium', 250, 156),
(741, 'large', 566, 353),
(707, 'mixthumb', 80, 80),
(708, 'mixthumb', 80, 80),
(81, 'mixthumb', 80, 80),
(87, 'mixthumb', 80, 80),
(93, 'mixthumb', 80, 80),
(90, 'mixthumb', 80, 80),
(89, 'mixthumb', 80, 80),
(88, 'mixthumb', 80, 80),
(92, 'mixthumb', 80, 80),
(91, 'mixthumb', 80, 80),
(94, 'mixthumb', 80, 80),
(82, 'mixthumb', 80, 80),
(76, 'small', 150, 112),
(76, 'eventright', 286, 214),
(76, 'eventthumb', 110, 82),
(732, 'eventthumb', 110, 61),
(732, 'eventright', 286, 160),
(229, 'small', 150, 132),
(742, 'raw', 3106, 2328),
(742, 'mixthumb', 80, 80),
(742, 'small', 150, 112),
(742, 'eventthumb', 110, 82),
(742, 'eventright', 286, 214),
(473, 'small', 150, 135),
(743, 'raw', 1338, 1494),
(743, 'mixthumb', 80, 80),
(743, 'small', 134, 150),
(743, 'eventright', 256, 286),
(743, 'eventthumb', 98, 110),
(13, 'small', 150, 112),
(744, 'raw', 342, 292),
(744, 'mixthumb', 80, 80),
(744, 'small', 150, 128),
(247, 'responsivelarge', 2000, 1349),
(328, 'responsivelarge', 2000, 1281),
(105, 'responsivelarge', 637, 558),
(745, 'raw', 640, 640),
(745, 'mixthumb', 80, 80),
(309, 'responsivelarge', 1167, 268),
(433, 'responsivelarge', 2000, 550);

-- --------------------------------------------------------

--
-- Table structure for table `mix_language`
--

CREATE TABLE `mix_language` (
  `language_id` int(11) NOT NULL,
  `name` varchar(50) COLLATE utf8_unicode_ci NOT NULL,
  `display_name` varchar(50) COLLATE utf8_unicode_ci NOT NULL,
  `site_name` varchar(255) COLLATE utf8_unicode_ci NOT NULL,
  `default` tinyint(1) NOT NULL DEFAULT '0',
  `enabled` tinyint(1) NOT NULL DEFAULT '0'
) ENGINE=MyISAM DEFAULT CHARSET=utf8 COLLATE=utf8_unicode_ci;

--
-- Dumping data for table `mix_language`
--

INSERT INTO `mix_language` (`language_id`, `name`, `display_name`, `site_name`, `default`, `enabled`) VALUES
(1, 'English', 'English', '', 1, 1),
(2, 'Chinese', '中文', '', 0, 0),
(3, 'Japanese', '日本語', '', 0, 0),
(4, 'Māori', 'Māori', '', 0, 1),
(5, 'Bahasa Indonesia', 'Bahasa Indonesia', '', 0, 0),
(6, 'Vietnamese', 'Tiếng Việt', '', 0, 0);

-- --------------------------------------------------------

--
-- Table structure for table `mix_location`
--

CREATE TABLE `mix_location` (
  `location_id` int(11) NOT NULL,
  `name` varchar(255) COLLATE utf8_unicode_ci NOT NULL,
  `address` text COLLATE utf8_unicode_ci NOT NULL
) ENGINE=MyISAM DEFAULT CHARSET=utf8 COLLATE=utf8_unicode_ci;

-- --------------------------------------------------------

--
-- Table structure for table `mix_media_gallery`
--

CREATE TABLE `mix_media_gallery` (
  `media_gallery_id` int(11) NOT NULL,
  `file_category_id` int(11) NOT NULL,
  `name` varchar(255) COLLATE utf8_unicode_ci NOT NULL
) ENGINE=MyISAM DEFAULT CHARSET=utf8 COLLATE=utf8_unicode_ci;

-- --------------------------------------------------------

--
-- Table structure for table `mix_module_category`
--

CREATE TABLE `mix_module_category` (
  `category_id` int(11) NOT NULL,
  `parent_category_id` int(11) NOT NULL,
  `module_id` int(11) NOT NULL,
  `name` varchar(255) COLLATE utf8_unicode_ci NOT NULL,
  `description` text COLLATE utf8_unicode_ci NOT NULL,
  `order_id` int(11) NOT NULL,
  `hide` tinyint(1) NOT NULL DEFAULT '0'
) ENGINE=MyISAM DEFAULT CHARSET=utf8 COLLATE=utf8_unicode_ci;

-- --------------------------------------------------------

--
-- Table structure for table `mix_module_category_image`
--

CREATE TABLE `mix_module_category_image` (
  `category_id` int(11) NOT NULL,
  `image_id` int(11) NOT NULL,
  `order_id` int(11) NOT NULL
) ENGINE=MyISAM DEFAULT CHARSET=utf8 COLLATE=utf8_unicode_ci;

-- --------------------------------------------------------

--
-- Table structure for table `mix_module_category_item`
--

CREATE TABLE `mix_module_category_item` (
  `module_id` int(11) NOT NULL,
  `item_id` int(11) NOT NULL,
  `category_id` int(11) NOT NULL
) ENGINE=MyISAM DEFAULT CHARSET=utf8 COLLATE=utf8_unicode_ci;

-- --------------------------------------------------------

--
-- Table structure for table `mix_notification`
--

CREATE TABLE `mix_notification` (
  `notification_id` int(11) NOT NULL,
  `internal_name` varchar(20) COLLATE utf8_unicode_ci NOT NULL,
  `name` varchar(50) COLLATE utf8_unicode_ci NOT NULL,
  `source` varchar(20) COLLATE utf8_unicode_ci NOT NULL
) ENGINE=MyISAM DEFAULT CHARSET=utf8 COLLATE=utf8_unicode_ci;

--
-- Dumping data for table `mix_notification`
--

INSERT INTO `mix_notification` (`notification_id`, `internal_name`, `name`, `source`) VALUES
(1, 'user_add', 'User Join', 'user'),
(2, 'user_edit', 'User Update', 'user'),
(3, 'event_registration', 'Event Registration', 'event'),
(4, 'basket_reminder', 'Basket Reminder', 'shop');

-- --------------------------------------------------------

--
-- Table structure for table `mix_page`
--

CREATE TABLE `mix_page` (
  `page_id` int(11) NOT NULL,
  `template_id` int(11) NOT NULL DEFAULT '0',
  `title` varchar(255) COLLATE utf8_unicode_ci NOT NULL,
  `page_title` varchar(255) COLLATE utf8_unicode_ci DEFAULT NULL,
  `description` text COLLATE utf8_unicode_ci,
  `default_description` text COLLATE utf8_unicode_ci,
  `keywords` text COLLATE utf8_unicode_ci,
  `noindex` tinyint(1) NOT NULL DEFAULT '0',
  `default_keywords` text COLLATE utf8_unicode_ci,
  `type` enum('page','alias','link','file','image','parent') COLLATE utf8_unicode_ci NOT NULL DEFAULT 'page',
  `link` text COLLATE utf8_unicode_ci,
  `alias_site_tree_id` int(11) DEFAULT '0',
  `js_head` text COLLATE utf8_unicode_ci,
  `js_top` text COLLATE utf8_unicode_ci,
  `js_bot` text COLLATE utf8_unicode_ci,
  `date_modified` datetime DEFAULT NULL
) ENGINE=MyISAM DEFAULT CHARSET=utf8 COLLATE=utf8_unicode_ci;

--
-- Dumping data for table `mix_page`
--

INSERT INTO `mix_page` (`page_id`, `template_id`, `title`, `page_title`, `description`, `default_description`, `keywords`, `noindex`, `default_keywords`, `type`, `link`, `alias_site_tree_id`, `js_head`, `js_top`, `js_bot`, `date_modified`) VALUES
(1, 1, 'Home', '', '', 'LATEST Annual conference For more information on the annual conference, please click HERE   Webinar series  View recordings of our recent State of Science webinars HERE.', '', 0, 'carbon soil change climate edition ghg new zealand agriculture methane annual conference efficiency farm gibberellins stocks use read mapping getting ', 'page', '', 0, '', '', '', '2021-05-26 10:06:03'),
(187, 6, 'Media', '', '', 'Media', '', 0, 'media use terms website members ', 'page', '', 0, '', '', '', '2017-05-12 14:21:48'),
(2, 35, 'About us', '', '', 'The NZAGRC is a core component of the New Zealand Government\'s approach to reducing greenhouse gases in agriculture. The New Zealand Agricultural Greenhouse Gas Research Centre (NZAGRC) was opened by Prime Minister, The Right Hon.', '', 0, 'nzagrc new research zealand greenhouse gas agricultural working international centre leading world partnership organisations solutions create existing reducing meet continue ', 'page', '', 0, '', '', '', '2021-05-26 03:13:00'),
(3, 17, 'Our Research', '', '', 'Our Research', '', 0, 'research methane emissions greenhouse gas nitrous low oxide mitigating stream runs nzagrc soil carbon solutions farm sector pastoral improve collective ', 'page', '', 0, '', '', '', '2017-05-17 13:05:26'),
(4, 17, 'Members & Partners', '', '', 'Members & Partners', '', 0, 'research nzagrc read university members massey food pggrc member lincoln plant scion agresearch landcare dairynz partners niwa programme reduce science ', 'page', '', 0, '', '', '', '2021-05-25 22:21:00'),
(5, 32, 'Knowledge', '', '', 'Knowledge', '', 0, 'information gases greenhouse technologies publications use mitigation specific agricultural solutions papers science various subsets terms read knowledge website members navigation ', 'page', '', 0, '', '', '', '2021-05-26 05:53:16'),
(204, 17, 'Log In', '', '', 'Log In', '', 0, 'log scientist wish complete release information request click hereto roi ', 'page', '', 0, '', '', '', '2025-12-01 06:06:16'),
(6, 33, 'Our People', 'NZAGRC People: Students, PostDocs and Scientist Profiles', '', 'Our People', '', 0, 'science nzagrc global scientists senior programme building students zealand new capability learn student award alliance research phd scholarship supports technicians ', 'page', '', 0, '', '', '', '2014-06-06 11:06:45'),
(7, 17, 'Solutions', '', '', 'Exploring the New Zealand Solution', '', 0, 'emissions new solution reduce zealand production intensity total agricultural information targets growth practical zealands esteemed course researchers interventions additional develop ', 'page', '', 0, '', '', '', '2017-05-10 14:10:18'),
(8, 17, 'Contact Us', '', '', 'Contact Us', '', 0, 'contact use terms website members ', 'page', '', 0, '', '', '', '2021-05-24 18:31:11'),
(9, 17, 'NZAGRC Staff', '', '', NULL, '', 0, NULL, 'page', '', 0, '', '', '', '2012-03-20 10:07:17'),
(10, 17, 'Funding', '', '', 'Funding', '', 0, 'm programme funding nzagrc investment new domestic science annum iwimori fund years support relevant policy facilities funds mpi elements focus ', 'page', '', 0, '', '', '', '2021-05-26 02:27:42'),
(11, 17, 'Governance', '', '', NULL, '', 0, NULL, 'page', '', 0, '', '', '', '2011-11-07 13:13:47'),
(12, 17, 'Who we are', '', '', 'Vision & Goals', '', 0, 'greenhouse agricultural nzagrc gas activities practical science vision carbon source sinks solutions research new technologies zealand practices profitable emitting lower ', 'page', '', 0, '', '', '', '2017-03-02 15:18:48'),
(13, 17, 'Locations', '', '', 'Locations', '', 0, 'measurement nitrous oxide soil centre methane nzagrc located scientists microbiology repriation field quantitative systems pcr eddy algal terms website use ', 'page', '', 0, '', '', '', '2021-05-25 08:06:35'),
(14, 17, 'Publications', 'Publications', '', 'Publications', '', 0, 'read publications partners agricultural nzagrc science background ghgs establishment reduce help plan attack collaborative website terms use members involved solutions ', 'page', '', 0, '', '', '', '2017-05-18 11:41:16'),
(15, 17, 'Events', 'Information about webinars in the State of Science series', '', 'Events', '', 0, 'read events use terms website members ', 'page', '', 172, '', '', '', '2021-05-25 14:09:52'),
(16, 17, 'Factsheets', '', '', NULL, '', 0, NULL, 'page', '', 0, '', '', '', '2011-11-07 13:16:28'),
(17, 17, 'Engagement', '', '', 'Engagement', '', 0, 'nzagrc research new information engagement zealand visit mori members industry science opportunities greenhouse number programme pastoral pggrc leaders gas provide ', 'page', '', 0, '', '', '', '2017-05-11 14:40:17'),
(18, 32, 'News', '', '', 'News', '', 0, 'read news use terms website members ', 'page', '', 0, '', '', '', '2017-05-17 13:05:26'),
(19, 17, 'Projects', '', '', NULL, '', 0, NULL, 'page', '', 0, '', '', '', '2011-11-28 11:40:24'),
(20, 17, 'Links', '', '', 'Links', '', 0, 'research zealand new institute ministry university association incorporation waitotara wwwpkwconz companies livestock ki dairy emissions affairs foreign wwwlivestockemissionsnet trade abatement ', 'page', '', 0, '', '', '', '2021-05-25 09:19:23'),
(21, 5, 'Images', '', '', 'Images', '', 0, 'read images use terms website members ', 'page', '', 0, '', '', '', '2021-05-26 03:57:15'),
(22, 17, 'Products', '', '', 'Products', '', 0, 'read products use terms website members ', 'page', '', 0, '', '', '', '2013-05-06 10:59:53'),
(23, 17, 'Calculators', '', '', NULL, '', 0, NULL, 'page', '', 0, '', '', '', '2011-11-07 13:18:54'),
(24, 17, 'Resources', '', '', 'Resources', '', 0, 'read resources use terms website members ', 'page', '', 0, '', '', '', '2020-07-02 14:55:28'),
(25, 17, 'Newsletter', '', '', NULL, '', 0, NULL, 'page', '', 0, '', '', '', '2011-11-08 10:05:07'),
(26, 17, 'Reports', '', '', NULL, '', 0, NULL, 'page', '', 0, '', '', '', '2011-11-08 10:05:32'),
(27, 17, 'Factsheets', '', '', NULL, '', 0, NULL, 'page', '', 0, '', '', '', '2011-11-08 10:05:58'),
(28, 17, 'NZAGRC workshops', '', '', 'NZAGRC Annual Workshops', '', 0, 'nzagrc conference workshops annual science workshop february public research held day centre isag release relevant members plan issue programme - ', 'page', '', 0, '', '', '', '2017-05-24 14:50:29'),
(29, 32, 'Methane', 'Methane Research Programme ', 'CH4 research stream for NZAGRC science programme', 'Methane Research Programme', 'CH4, methane, research, science, ghg, greenhouse gas, new zealand', 0, 'methane programme emissions research sheep funded current reduce vaccine inhibitors breeding jointly develop pggrc progress aims selection producing help development ', 'page', '', 0, '', '', '', '2021-05-26 09:08:55'),
(30, 17, 'Director', 'NZAGRC Director Dr Harry Clark', 'NZAGRC Director Dr Harry Clark', NULL, 'NZAGRC Director Dr Harry Clark', 0, NULL, 'page', '', 0, '', '', '', '2011-12-16 10:16:34'),
(31, 17, 'Deputy Director', 'NZAGRC Deputy Director Dr Andy Reisinger', 'NZAGRC Deputy Director Dr Andy Reisinger', NULL, 'NZAGRC Deputy Director Dr Andy Reisinger', 0, NULL, 'page', '', 0, '', '', '', '2011-12-18 08:45:13'),
(32, 17, 'Staff', 'NZAGRC Staff', 'NZAGRC Staff Heather Went Victoria Hatton Kate Parlane', NULL, 'NZAGRC Staff Heather Went Victoria Hatton Kate Parlane', 0, NULL, 'page', '', 0, '', '', '', '2011-12-18 08:47:16'),
(33, 17, 'Mission', 'NZAGRC Mission', 'NZAGRC Mission statement', NULL, 'NZAGRC Mission statement', 0, NULL, 'page', '', 0, '', '', '', '2011-12-18 09:05:14'),
(34, 17, 'Vision', 'NZAGRC Vision', 'NZAGRC Vision statement', NULL, 'NZAGRC Vision statement', 0, NULL, 'page', '', 0, '', '', '', '2011-12-18 09:08:28'),
(35, 17, 'Steering Group', 'NZAGRC Steering Group', 'NZAGRC Steering Group', NULL, 'NZAGRC Steering Group', 0, NULL, 'page', '', 0, '', '', '', '2011-12-18 09:12:32'),
(36, 17, 'Stakeholder Advisory Group', 'NZAGRC Stakeholder Advisory Group', 'NZAGRC Stakeholder Advisory Group', NULL, 'NZAGRC Stakeholder Advisory Group', 0, NULL, 'page', '', 0, '', '', '', '2012-02-15 14:27:10'),
(37, 17, 'International Science Advisory Group', 'NZAGRC International Science Advisory Group', 'NZAGRC International Science Advisory Group', NULL, 'NZAGRC International Science Advisory Group', 0, NULL, 'page', '', 0, '', '', '', '2012-02-15 14:25:29'),
(38, 17, 'Science Leadership Team', 'NZAGRC Science Leadership Team', 'NZAGRC Science Leadership Team', NULL, 'NZAGRC Science Leadership Team', 0, NULL, 'page', '', 0, '', '', '', '2012-02-15 14:24:50'),
(39, 32, 'Nitrous Oxide', '', '', 'Nitrous Oxide', '', 0, 'nitrous oxide research low plants pasture current urine programme investigation principal investigators patch feeds patches dr completed learn hong members ', 'page', '', 0, '', '', '', '2021-05-26 08:59:57'),
(40, 32, 'Soil Carbon', '', '', 'Soil Carbon', '', 0, 'carbon soil research potential practices - influence management international high current programme long emissions map work tem short farm storage ', 'page', '', 0, '', '', '', '2021-05-26 02:44:29'),
(41, 32, 'Integrated Systems', '', '', 'Integrated Systems', '', 0, 'research beef integrated systems new work dr principal investigator underway initiatives extension programmes robyn outlined current website terms use members ', 'page', '', 0, '', '', '', '2021-05-26 02:44:34'),
(42, 17, 'Obj 1.1', 'Methane Feeding Microalgae', 'Methane Feeding Microalgae NZAGRC Objective 1.1', NULL, 'Methane mitigation \r\nFeeding Microalgae NZAGRC Objective 1.1', 0, NULL, 'page', '', 0, '', '', '', '2012-02-21 12:48:30'),
(43, 17, 'Obj 2.1', 'Nitrous Oxide Obj 2.1', 'Manipulating N inputs NZAGRC Nitrous Oxide', NULL, 'Manipulating N inputs NZAGRC Nitrous Oxide', 0, NULL, 'page', '', 0, '', '', '', '2012-02-21 14:05:42'),
(44, 33, 'Annual Reports', '', '', NULL, '', 0, NULL, 'page', '', 0, '', '', '', '2012-03-14 16:00:37'),
(45, 33, 'Annual Reports', 'Annual Reports', 'NZAGRC annual reports and highlights documents', 'Annual Reports and Highlights', 'NZAGRC annual reports and highlights documents', 0, 'highlights reports annual members ', 'page', '', 0, '', '', '', '2014-08-14 15:38:40'),
(46, 33, 'News & Reports', 'NZAGRC Science & News', 'NZAGRC Science & News - Release & Highlights', 'News & Reports', 'NZAGRC Science News, Release & Highlights, newsletters, annual reports', 0, 'terms use news reports website members annual report regular newsletters latest ', 'page', '', 0, '', '', '', '2017-05-18 11:54:37'),
(47, 33, 'Business Plan', 'NZAGRC Business Plan', 'NZAGRC Business Plan', 'NZAGRC Business Plan', 'NZAGRC Business Plan', 0, 'centre ghg research new emissions mitigation matildebdquoacircori agricultural agriculture zealand plan centres stakeholders reducing science approaches products required years zealands ', 'page', '', 0, '', '', '', '2014-08-14 15:38:40'),
(48, 33, 'Background', 'NZAGRC Background Publications', 'NZAGRC Background Publications', 'NZAGRC Background Publications', 'NZAGRC Background Publications', 0, 'nzagrc research describes goals plan undertaken deliver members terms publications background use strategy website proposes zealand new business agricultural greenhouse ', 'page', '', 0, '', '', '', '2017-05-18 11:41:16'),
(49, 35, 'Current', 'Current Methane Projects', '', 'Low methane animals (partnered with PGgRc) Aim:', '', 0, 'needed new input low ghg commercial science zealand methane sheep emissions feeds vaccine timeline aim proof whats inhibitor pggrc cattle ', 'page', '', 0, '', '', '', '2017-04-27 14:23:50'),
(50, 17, 'Complete', 'Complete Methane Projects', '', 'Completed Methane Research', '', 0, '- methane dr objective low david pacheco objectives ronimus vaccine ron leahy rumen identifying mitigation underpin sinead emissions gemma henderson ', 'page', '', 0, '', '', '', '2017-05-17 10:40:45'),
(51, 32, 'Our People', '', '', 'Our People', '', 0, 'people use terms website members ', 'page', '', 0, '', '', '', '2021-05-26 09:50:03'),
(245, 17, 'Webinar series 2020', '', '', 'Webinar series 2020: Towards a low-emissions future', '', 0, 'webinar chair dr session soon change climate questions answers -- coming webinars new low-emissions link programme emissions research global commission ', 'page', '', 0, '', '', '', '2021-05-25 09:20:19'),
(52, 17, 'Science', '', '', NULL, '', 0, NULL, 'page', '', 0, '', '', '', '2012-03-20 10:13:39'),
(53, 17, 'Advisors', '', '', NULL, '', 0, NULL, 'page', '', 0, '', '', '', '2012-03-20 10:14:27'),
(54, 33, 'Science', 'Science Publications', '', 'Science Publications', '', 0, 'link text m - j s c r change soil emissions climate new l reisinger g pasture h science zealand ', 'page', '', 0, '', '', '', '2017-05-18 11:41:16'),
(55, 32, 'Partners & Friends', 'Other Publications', '', 'Partners & Friends', '', 0, 'partners publications use contained details publication members friends terms website contact need collaborative produced closely related programmes work information ', 'page', '', 0, '', '', '', '2021-05-26 07:16:07'),
(56, 17, 'NZAGRC Staff', '', '', 'NZAGRC Staff', '', 0, 'nzagrc research new discuss victoria alliance zealand global andy dr harry international phone contract email university science heather climate operations ', 'page', '', 0, '', '', '', '2017-03-01 16:43:36'),
(57, 32, 'Science', '', '', 'Science', '', 0, 'nzagrc science dr agresearch leadership students researchers new providing team programme enter opportunities trained experts leading committed work zealand manaaki ', 'page', '', 0, '', '', '', '2021-05-26 06:57:32'),
(58, 17, 'Governance', '', '', 'Governance', '', 0, 'group governance agresearch advisory nzagrc nzagrcrsquos independent new representative groups research structure appointed mbie mpi responsibility science board legal member ', 'page', '', 0, '', '', '', '2021-05-25 09:19:04'),
(59, 17, 'Advisory Groups', '', '', 'Advisory Groups', '', 0, 'group science governance nzagrc advisory work spag provide mori review programme director chair research organisations help panel meet members terms ', 'page', '', 0, '', '', '', '2021-05-26 07:38:10'),
(60, 17, 'Current', 'Current Nitrous Oxide Research', '', 'Current Nitrous Oxide Research', '', 0, '- emissions oxide n nitrous objective o objectives mitigating grazed systems management feed cecile options klein current research use terms ', 'page', '', 0, '', '', '', '2017-05-11 11:48:51'),
(61, 17, 'Current', 'Current Soil Carbon Research', '', '', '', 0, 'carbon soil soils c storage - objective new agricultural zealand research leader dr nzagrc april june changes funding apr jun ', 'page', '', 0, '', '', '', '2017-05-17 10:40:45'),
(191, 17, 'Store', 'NZAGRC Soil Carbon Research Programme: Influencing soil carbon storage', '', 'Understanding the carbon storage potential of soil', '', 0, 'carbon soil management understanding cenw hurley long pasture term increasing sequestration effects changes nitrogen hectare model exploring work impacts models ', 'page', '', 0, '', '', '', '2021-05-26 01:52:29'),
(62, 17, 'Current', 'Current Integrated Systems Research', '', 'Current Integrated Systems Research', '', 0, 'n objective o models methane improve mb descriptions download formation research - denitrification june leader modelling mechanistic dr include process ', 'page', '', 0, '', '', '', '2017-05-17 10:40:45'),
(63, 33, 'TEST', 'TEST', '', NULL, '', 0, NULL, 'page', '', 0, '', '', '', '2012-04-02 13:21:23'),
(66, 36, 'My ROI', '', '', 'My ROI', '', 0, 'content release roi request approval owner output check information approved objective select work form submit ensure manager correct receive process ', 'page', '', 0, '', '', '', '2025-11-27 13:39:51'),
(73, 32, 'Media', 'Media', '', 'Media', '', 0, 'media use terms website members ', 'page', '', 0, '', '', '', '2021-05-26 06:04:05'),
(69, 17, 'INFO', 'ROI Info', '', 'INFO', '', 0, 'members info ', 'page', '', 0, '', '', '', '2012-08-15 15:44:41'),
(64, 17, 'Steering Group', '', '', 'Steering Group', '', 0, 'group steering members ', 'page', '', 0, '', '', '', '2012-05-01 10:39:25'),
(65, 17, 'Members Files', '', '', 'Members Files', '', 0, 'members files ', 'page', '', 0, '', '', '', '2012-05-09 14:03:16'),
(67, 9, 'My Account', '', '', 'My Account', '', 0, 'account ', 'page', '', 0, '', '', '', '2025-11-28 20:26:15'),
(68, 17, 'FAQ', '', '', 'My ROI: Frequently Asked Questions', '', 0, 'content owner approval objective leader nzagrc roi request objectives author release process long ensure used principal investigator team select work ', 'page', '', 0, '', '', '', '2025-09-10 10:25:52'),
(77, 17, 'test', '', '', 'test', '', 0, 'test use terms website members ', 'page', '', 0, '', '', '', '2021-05-11 08:21:55'),
(70, 37, 'Logoff', '', '', 'Our Members', '', 0, 'members ', 'page', '', 0, '', '', '', '2012-08-14 13:57:16'),
(71, 9, 'My Details', '', '', 'My Details', '', 0, 'details ', 'page', '', 0, '', '', '', '2025-11-06 15:40:29'),
(72, 17, 'Info', '', '', 'MY ROI Information & Processes', '', 0, 'release information content roi nzagrc author request approval project owner manager person research owners ip processes funders interested parties process ', 'page', '', 0, '', '', '', '2025-11-06 15:39:13'),
(116, 32, 'Plant & Food Research', '', '', 'Plant & Food Research', '', 0, 'plant food research development science proteomics genomics growth metabolomics environmental wwwplantandfoodconz terms use website members soil plants skills fruit vegetable ', 'page', '', 0, '', '', '', '2021-05-26 09:43:13'),
(117, 32, 'Scion', '', '', 'Scion', '', 0, 'scion building soil carbon area relevant skills applicable centre agricultural terms use website members land httpwwwscionresearchcom researchers forestry zealand forest ', 'page', '', 0, '', '', '', '2021-05-25 22:00:30'),
(83, 33, 'Our People', '', '', 'Our People', '', 0, 'science nzagrc learn scientists programme building senior students new global zealand capability student scholarship research award phd technicians alliance supports ', 'page', '', 0, '', '', '', '2017-03-02 15:18:59'),
(74, 32, 'Facts & Figures', 'NZAGRC Fact Sheets', '', 'Facts & Figures', '', 0, 'information new series specific designed provide summary development research overview policy programme doing terms use facts figures website members available ', 'page', '', 0, '', '', '', '2021-05-26 09:10:03'),
(75, 17, 'ADVISORS', '', '', 'ADVISORS', '', 0, 'advisors members ', 'page', '', 0, '', '', '', '2016-10-24 09:22:24'),
(76, 17, 'NZAGRC Review 2013', '', '', 'NZAGRC Review 2013', '', 0, 'zip mb appendix review nzagrc members ', 'page', '', 0, '', '', '', '2013-05-06 10:59:53'),
(94, 32, 'Annual Report', '', '', 'Annual Report', '', 0, 'annual report activities years overviews events document website use terms highlights members reporting year financial end produces detailed available nzagrc ', 'page', '', 0, '', '', '', '2021-05-26 05:06:43'),
(79, 17, 'Objectives & Content Owners', '', '', 'Objectives & Content Owners', '', 0, 'nzagrc-pggrc sow use completed nzagrc -gpler na - series methane gpler gra low rumen ron ronimus rfp david -rfp pacheco ', 'page', '', 0, '', '', '', '2025-11-03 13:20:17'),
(80, 17, 'Templates', '', '', 'Templates', '', 0, 'research funded programme new zealand government global alliance funding provided nzagrc-pggrc science greenhouse livestock view acknowledgement statements nzagrc carried contract ', 'page', '', 0, '', '', '', '2025-10-14 09:27:02'),
(78, 17, 'TEMPLATES', '', '', 'TEMPLATES', '', 0, 'research funded new greenhouse global view alliance zealand programme government gases statement learn disclaimer grass added agricultural opinion website terms ', 'page', '', 0, '', '', '', '2020-09-25 14:00:53'),
(81, 32, 'IPCC', 'IPCC', 'Intergovernmental Panel on Climate Change and the NZAGRC', 'Intergovernmental Panel for Climate Change', 'IPCC NZAGRC WGII WGIII', 0, 'ipcc change climate bureau greenhouse gas inventories read reports intergovernmental decisions chair based members national work force panel task body ', 'page', '', 0, '', '', '', '2021-05-25 20:43:41'),
(106, 17, 'Our Part', '', '', 'Our Part', '', 0, 'methane research greenhouse emissions gas solutions farm runs low nzagrc dedicated stream maori assist efficiencies farmers detailed alongside work quantify ', 'page', '', 0, '', '', '', '2017-05-11 11:48:51'),
(107, 17, 'Industry', '', '', 'New Zealand farmers are already contributing to lowering', '', 0, 'farm increased emissions effect management feed yield pasture productivity practice use lower kg intensity weight animal net meat hectare new ', 'page', '', 0, '', '', '', '2017-05-11 14:40:03'),
(108, 32, 'FAQ', '', '', 'FAQ', '', 0, 'faq use terms website members ', 'page', '', 0, '', '', '', '2021-05-26 09:34:56'),
(85, 32, 'Newsletter ', 'NZAGRC-PGgRc Newsletter', 'PGgRc NZAGRC Newsletter Articles', 'Welcome to RELEASE: the joint newsletter from the NZAGRC & PGgRc', '', 0, 'joint newsletter nzagrc pggrc release welcome website terms use members ', 'page', '', 0, '', '', '', '2017-05-17 13:05:26'),
(99, 32, 'M&#257;ori', 'NZAGRC low emissions farm systems for the Maori farming sector', 'NZAGRC research programme dedicated to  assist the M', 'Māori', 'maori, farming, landholders, land owners, tangatiwhenua, ghg, emissions, low emissions, greenhouse gas, methane, nitrous oxide, n2o, soil carbon, farm efficiency', 0, 'emissions mori greenhouse website strategies ghg improve gas project use mitigation terms analyses new issues investigates decision-making criteria barriers introducing ', 'page', '', 0, '', '', '', '2021-05-26 02:44:39'),
(95, 17, 'About', '', '', NULL, '', 0, NULL, 'page', '', 0, '', '', '', '2015-11-24 13:09:50'),
(86, 17, 'Complete', '', '', 'Completed Nitrous Oxide Research', '', 0, '- n manipulating objective processes o alec earthworms anecic mackay thomas influence website nitrous oxide research completed use steve terms ', 'page', '', 0, '', '', '', '2017-05-17 10:40:45'),
(101, 34, 'Register', '', '', 'Register for the 2017 conference', '', 0, 'title use field email organisation form problems accepted having phone number register conference enquirynzagrcorgnz requirements dietary characters include north new ', 'page', '', 0, '', '', '', '2018-11-23 14:02:56'),
(102, 32, 'Presentations (Past)', '', '', 'Presentations (Past)', '', 0, 'presentations past use terms website members ', 'page', '', 0, '', '', '', '2021-05-25 10:11:48'),
(82, 17, 'Research Questions', '', '', 'Methane Research Questions', '', 0, 'methane low questions forage ghg solution inhibitors vaccine animals research levels productivity - contact ruminal maintain members regularly answers programme ', 'page', '', 0, '', '', '', '2014-08-21 14:12:33'),
(109, 32, 'AgResearch', '', '', 'AgResearch', '', 0, 'agresearch science rumen development centre social forage technology plant change uptake on-farm practice growth proteomics members website terms use wwwagresearchconz ', 'page', '', 0, '', '', '', '2021-05-26 06:17:18'),
(88, 40, 'test', '', '', 'test', '', 0, 'test members ', 'page', '', 0, '', '', '', '2015-01-26 12:48:25'),
(89, 17, 'Conference', 'NZ Agricultural Climate Change Conference 2021', '', 'On 1 & 2 June 2021, the NZAGRC will lead a two-day conference on the latest research and policy developments and implementation actions being undertaken to reduce agricultural greenhouse gases in New Zealand. The conference is aimed at government, science and primary sector leaders and practitioners interested in the agricultural greenhouse gas and climate change policy developments and latest research on reducing agricultural greenhouse gas emissions.', 'ghg, methane, nitrous oxide, n2o, ch4, soil carbon, nzagrc, pggrc, ruminants, greenhouse gas mitigation, ghg reduction, life cycle analysis, land use change,', 0, 'agricultural emissions new greenhouse climate change ndash gas zealand science reducing conference address dr international taking research break sector primary ', 'page', '', 15, '', '', '', '2021-05-26 10:01:14'),
(121, 44, 'Basket Reminder', NULL, NULL, NULL, NULL, 0, NULL, 'page', NULL, 0, NULL, NULL, NULL, '2017-03-17 14:56:37'),
(122, 45, 'Email Invite/Opt-in', NULL, NULL, NULL, NULL, 0, NULL, 'page', NULL, 0, NULL, NULL, NULL, '2017-03-17 14:56:37'),
(123, 46, 'Event Added', NULL, NULL, NULL, NULL, 0, NULL, 'page', NULL, 0, NULL, NULL, NULL, '2017-03-17 14:56:37'),
(124, 47, 'Event Bulk Notification', NULL, NULL, NULL, NULL, 0, NULL, 'page', NULL, 0, NULL, NULL, NULL, '2017-03-17 14:56:37'),
(125, 48, 'Event Invite/Opt-in', NULL, NULL, NULL, NULL, 0, NULL, 'page', NULL, 0, NULL, NULL, NULL, '2017-03-17 14:56:37'),
(126, 49, 'Event New Comment', NULL, NULL, NULL, NULL, 0, NULL, 'page', NULL, 0, NULL, NULL, NULL, '2017-03-17 14:56:37'),
(127, 50, 'Forum Bulk Notification', NULL, NULL, NULL, NULL, 0, NULL, 'page', NULL, 0, NULL, NULL, NULL, '2017-03-17 14:56:37'),
(128, 51, 'Forum Invite/Opt-in', NULL, NULL, NULL, NULL, 0, NULL, 'page', NULL, 0, NULL, NULL, NULL, '2017-03-17 14:56:37'),
(129, 52, 'Forum Post Reply', NULL, NULL, NULL, NULL, 0, NULL, 'page', NULL, 0, NULL, NULL, NULL, '2017-03-17 14:56:37'),
(130, 53, 'Gallery New Comment', NULL, NULL, NULL, NULL, 0, NULL, 'page', NULL, 0, NULL, NULL, NULL, '2017-03-17 14:56:37'),
(131, 54, 'Group Added', NULL, NULL, NULL, NULL, 0, NULL, 'page', NULL, 0, NULL, NULL, NULL, '2017-03-17 14:56:37'),
(132, 55, 'Order Update', NULL, NULL, NULL, NULL, 0, NULL, 'page', NULL, 0, NULL, NULL, NULL, '2017-03-17 14:56:37'),
(87, 32, 'GRA', '', '', 'Global Research Alliance on Agricultural Greenhouse Gases', '', 0, 'research gra new livestock emissions group greenhouse lrg global zealand alliance systems agricultural gas read ministry environment work dr million ', 'page', '', 0, '', '', '', '2021-05-26 00:48:11'),
(110, 33, 'DairyNZ', 'NZAGRC Member: DairyNZ', '', 'DairyNZ', 'dairynz, nz dairy, dairy nz, ghg, greenhouse gas, membership, nzagrc', 0, 'dairynz dairy centre on-farm science practice environmental production change performance httpwwwdairynzconz terms use website members uptake milk technology cow includes ', 'page', '', 0, '', '', '', '2021-05-26 08:56:09'),
(111, 32, 'Manaaki Whenua', '', '', 'Manaaki Whenua', '', 0, 'manaaki whenua landcare research - development science inventory soil exchange emission gas measurement carbon assessment website terms use members wwwlandcareresearchconz ', 'page', '', 0, '', '', '', '2021-05-25 22:40:03'),
(112, 32, 'Lincoln University', '', '', 'Lincoln University', '', 0, 'university lincoln science mitigation agricultural nitrous oxide emission soil economics environmental website terms use members httpwwwlincolnacnz systems management measurement researchers ', 'page', '', 0, '', '', '', '2021-05-25 23:23:18'),
(113, 32, 'Massey University', '', '', 'Massey University', '', 0, 'massey university soil science biochar centre production integration combines leading relevant animal wwwmasseyacnz use terms website members skills researchers hosts ', 'page', '', 0, '', '', '', '2021-05-25 16:17:33'),
(114, 32, 'NIWA', '', '', 'NIWA', '', 0, 'niwa centre climate relevant skills researchers change impacts terms use website members adaptation wwwniwaconz teams planet environmental science leading conduct ', 'page', '', 0, '', '', '', '2021-05-25 20:42:56'),
(115, 32, 'PGgRc', '', '', 'PGgRc', '', 0, 'pggrc mitigation agricultural greenhouse research read wwwpggrcconz use foundation ghg contributions terms members gas sector nz website excellent total emissions ', 'page', '', 0, '', '', '', '2021-05-26 03:36:39'),
(84, 35, 'The Situation', 'GHG reductions in New Zealand - the situation', '', 'Our Members   Website Terms of Use', 'reducing GHG New Zealand NZ emissions intensity total agricultural emissions greenhouse gases', 0, 'emissions new production reduce zealands zealand read greenhouse options farmers meet targets increasing growth current help reducing global agriculture need ', 'page', '', 0, '', '', '', '2018-10-25 15:39:27'),
(236, 0, 'Symposium', '', '', NULL, '', 0, NULL, 'alias', '', 206, '', '', '', '2018-12-17 14:12:41'),
(90, 32, 'Newsletter test', '', '', 'Newsletter test', '', 0, 'test newsletter members ', 'page', '', 0, '', '', '', '2015-09-23 10:33:11'),
(104, 17, 'Overview', '', '', 'Overview', '', 0, 'overview use terms website members ', 'page', '', 0, '', '', '', '2017-03-06 10:02:58'),
(105, 17, 'Overview', '', '', 'Overview', '', 0, 'overview use terms website members ', 'page', '', 0, '', '', '', '2017-03-03 03:57:54'),
(92, 36, 'Create New', NULL, NULL, NULL, NULL, 0, NULL, 'page', NULL, 0, NULL, NULL, NULL, NULL),
(93, 36, 'Create Copy', NULL, NULL, NULL, NULL, 0, NULL, 'page', NULL, 0, NULL, NULL, NULL, NULL),
(91, 17, 'Nitrogen Workshop', '', '', 'Nitrogen Workshop', '', 0, 'n efficiency mb university workshop research use nitrogen summary systems current landcare interventions agresearch pastoral agenda mitigation massey opportunities understanding ', 'page', '', 0, '', '', '', '2021-05-24 17:37:51'),
(96, 17, 'IPCC AR5', '', '', 'IPCC AR5', '', 0, 'ipcc report climate change april wgii new working released zealand information mitigation wgiii adaptation andy visit contact emissions risks - ', 'page', '', 0, '', '', '', '2017-05-11 11:48:51'),
(97, 17, 'IPCC Bureau', '', '', NULL, '', 0, NULL, 'page', '', 0, '', '', '', '2015-11-24 13:12:45'),
(98, 17, 'IPCC Bureau', '', '', 'IPCC Bureau', '', 0, 'ipcc bureau members working chair based supported secretariat bureaursquos republic korea geneva work composition website terms use appointment reisingers lee ', 'page', '', 0, '', '', '', '2017-05-11 16:05:42'),
(119, 17, 'Stories', '', '', 'Stories', '', 0, '- release newsletter methane emissions animal tiny august rumen cows sheep methane-free solution problems grazing bottles mitigation inhibitors nzagrc conference ', 'page', '', 0, '', '', '', '2017-05-12 13:05:48'),
(100, 17, 'Terms of Use', '', '', 'Terms of Use', '', 0, 'website information use agresearch systems nzagrc terms member law time party monitoring right content sites described contact security analysis auditing ', 'page', '', 0, '', '', '', '2025-11-27 18:13:03'),
(103, 34, 'registration', '', '', 'Register for the 2017 conference', '', 0, 'use title field - job include characters conference register accepted abstracts note tuesday terms website march palmerston zealand new north ', 'page', '', 0, '', '', '', '2018-11-23 14:02:56'),
(118, 32, 'Staff', '', '', 'Staff', '', 0, 'staff use terms website members ', 'page', '', 0, '', '', '', '2021-05-26 10:07:09'),
(120, 33, 'Stories', '', '', 'Stories', '', 0, '- release newsletter august n manipulating emissions apr jun university processes research dr denitrification o matter lincoln oxide nitrous inhibitors ', 'page', '', 0, '', '', '', '2017-05-12 13:05:48'),
(133, 17, 'NZ Funding Structure', '', '', 'NZ Funding Structure', '', 0, 'funding funds research agricultural greenhouse gas structure brief international history download zealand agreements read new factsheet collaborative website terms use ', 'page', '', 0, '', '', '', '2017-06-01 11:57:02'),
(134, 17, 'Reisinger', '', '', 'Dr Andy Reisinger: Agricultural emissions: their role in climate change', '', 0, 'andy research global emissions warming livestock new reisinger sectors climate change agricultural nzagrc dioxide paris contribute alliance agriculture reduce zealand ', 'page', '', 0, '', '', '', '2018-11-22 14:06:21'),
(135, 17, 'Eggleton', '', '', 'Francesca Eggleton: Fonterra\'s approach to climate change', '', 0, 'dairy francesca emissions fonterra climate change industry industryrsquos global work farmers nz new zealand using sector developing working group environmental ', 'page', '', 0, '', '', '', '2018-11-22 14:06:21'),
(136, 17, 'Sinclair', '', '', 'Mark Sinclair: Agricultural greenhouse gas mitigation - the international context', '', 0, 'paris climate change mark agreement ambassador new negotiators global zealandrsquos nz sinclair details policy future international agricultural governments talk mitigation ', 'page', '', 0, '', '', '', '2018-11-22 14:06:21'),
(137, 17, 'Clark', '', '', 'Dr Harry Clark: Realities, magic potions & clairvoyance', '', 0, 'new harry zealand research potions need methane agricultural order magic emissions director clark greenhouse use livestock change climate international centre ', 'page', '', 0, '', '', '', '2018-11-22 14:06:21'),
(138, 17, 'Kerr', '', '', 'Suzi Kerr: The role of land use change', '', 0, 'land suzi new change university currently use emissions ghgs products quality planting scale zealandrsquos climate options research motu fellow senior ', 'page', '', 0, '', '', '', '2018-11-21 10:47:29'),
(139, 17, 'Ledgard', '', '', NULL, '', 0, NULL, 'page', '', 0, '', '', '', '2017-03-30 16:44:21'),
(140, 17, 'Progress with NZ methane technologies', '', '', NULL, '', 0, NULL, 'page', '', 0, '', '', '', '2017-03-30 16:48:44'),
(141, 17, 'Ledgard', '', '', 'Dr Stewart Ledgard: Life Cycle Assessment - International comparisons', '', 0, 'nz stewart environmental research cycle life nutrient management production footprint worked lower international lca agricultural assessment eu agresearch product farm ', 'page', '', 0, '', '', '', '2018-11-22 14:06:21'),
(142, 17, 'Janssen', '', '', 'Dr Peter Janssen: Progress with NZ methane technologies', '', 0, 'peter methane rumen technologies progress global research janssen dr recognised agresearch isolating programme ruminant microbes emissions prior so-called unculturable expert ', 'page', '', 0, '', '', '', '2018-11-21 10:47:29'),
(143, 17, 'De Klein', '', '', 'Dr Cecile deKlein: Progress with NZ nitrous oxide technologies', '', 0, 'nitrous oxide emissions cecile n o research methodology inventory international national new programme ipcc estimating review role zealandrsquos using measuring ', 'page', '', 0, '', '', '', '2018-11-22 14:06:21'),
(144, 17, 'Schipper', '', '', 'Professor Louis Schipper: Can we build and maintain soil carbon in pastures?', '', 0, 'carbon soil new stocks louis changes zealand pastures pasture soils management change schipper scales practices maintaining national land use large ', 'page', '', 0, '', '', '', '2018-11-22 14:06:21'),
(145, 17, 'Wright', '', '', 'Dr Jan Wright: Understanding New Zealand', '', 0, 'jan new degree policy reports term dr wright gases zealand agriculture climate greenhouse change biological understanding report consultant different agencies ', 'page', '', 0, '', '', '', '2018-11-22 14:06:21'),
(146, 17, 'McIvor', '', '', 'Sam McIvor: Beef & sheep industry perspectives', '', 0, 'sam beef farmers sheep sector new industry development experience look zealand mcivor management ceo lamb nz food change land executive ', 'page', '', 0, '', '', '', '2018-11-22 14:06:21'),
(147, 5, 'Photo Gallery', '', '', 'Photo Gallery', '', 0, 'photo gallery use terms website members ', 'page', '', 0, '', '', '', '2021-05-25 08:56:57'),
(148, 43, 'Search', '', '', 'Search', '', 0, 'search use terms website members ', 'page', '', 0, '', '', '', '2021-05-25 13:41:53'),
(153, 17, 'Inhibitors', 'NZAGRC-PGgRc methane inhibitors science programme', 'NZAGRC-PGgRc science programme for discovery of methane inhibitor compounds', 'Inhibitor (partnered with PGgRc)', 'ch4 methane inhibitor compounds ruminants methanogen', 0, 'inhibitor trials day needed emissions methane compounds sheep input deliver market new science lead conducted development progress effects commercial classes ', 'page', '', 0, '', '', '', '2021-05-26 06:06:17'),
(150, 17, 'Breeding', 'NZAGRC-PGgRc low methane animals science programme', 'NZAGRC-PGgRC science progamme on breeding low methane emitting animals', 'Low methane animals (partnered with PGgRc)', 'breed low methane ch4 genetic selection cattle sheep heritable trait', 0, 'low sheep methane cattle breeding emitting ghg needed traits input values research programme release trait selection incorporate markers identify lead ', 'page', '', 0, '', '', '', '2021-05-25 13:51:39'),
(151, 32, 'Feeds', 'NZAGRC-PGgRc low methane feeds science programme', 'NZAGRC-PGgRc science programme on low methane feed options', 'Low GHG Feeds (partnered with PGgRc)', 'low methane feed brasscias forage ch4', 0, 'ghg low feeds partnered pggrc use terms articles reports members website science ', 'page', '', 0, '', '', '', '2021-05-26 00:54:11'),
(152, 17, 'Vaccine', 'NZAGRC-PGgRc methane vaccine science progamme', 'NZAGRC-PGgRc science progamme for methane vaccine', 'Vaccine (partnered with the PGgRc)', 'vaccine ch4 methane ruminants', 0, 'vaccine methane needed zealand input new deliver testing rumen commercial antigens ranked programme prototype partner concept science emissions produce proof ', 'page', '', 0, '', '', '', '2021-05-26 03:08:45'),
(149, 17, 'Low methane', 'NZAGRC-PGgRc low methane animals science programme', '', NULL, '', 0, NULL, 'page', '', 0, '', '', '', '2017-04-26 14:52:07'),
(154, 17, 'Capture', '', '', 'Methane capture & storage in soil', '', 0, 'methane soil capture animal research stored waste emitted housed cattle concentration weeks removed large high field percentage trial established feeding ', 'page', '', 0, '', '', '', '2021-05-25 08:30:43'),
(155, 17, 'Ag GHG Funding NZ', '', '', 'Ag GHG Funding NZ', '', 0, 'ghg funding nz ag use website terms members ', 'page', '', 0, '', '', '', '2017-05-04 11:51:50'),
(156, 17, 'NZ Ag GHG Funds', '', '', NULL, '', 0, NULL, 'page', '', 0, '', '', '', '2017-05-02 11:13:18'),
(157, 17, 'NZ Ag GHG Funds-History', '', '', NULL, '', 0, NULL, 'page', '', 0, '', '', '', '2017-05-02 11:14:04'),
(158, 17, 'NZ Ag GHG Funds-Overview', '', '', NULL, '', 0, NULL, 'page', '', 0, '', '', '', '2017-05-02 11:14:31'),
(159, 17, 'NZ Fund Structure', '', '', 'The Structure of Agricultural Greenhouse Gas Research Funding in New Zealand', '', 0, 'new funding zealand agricultural research different funds greenhouse change interests climate solutions organisation tackle work mitigation gas way needs guide ', 'page', '', 0, '', '', '', '2021-05-26 02:56:56'),
(160, 17, 'History', '', '', 'History & overview of the New Zealand funds', '', 0, 'new research emissions zealand zealandrsquos ghg agricultural pggrc mitigation agreement greenhouse global inventory continue climate agriculture gas methane government fund ', 'page', '', 0, '', '', '', '2021-05-26 01:47:58'),
(161, 35, 'Overview', '', '', 'Quick Facts - Fund overviews Here is an overview of the main funding avenues for agricultural greenhouse gas research funding in New Zealand. Click of each fund name to learn more about each.', '', 0, 'nzagrc pggrc mpi funding advisory m director methane research - group oxide year panel slmacc nitous industry gra input fund ', 'page', '', 0, '', '', '', '2021-05-26 01:34:14'),
(230, 35, 'The Situation', 'The situation with New Zealand\'s agricultural greenhouse gases', 'The situation with New Zealand\'s agricultural greenhouse gases', 'Forty-eight percent of New Zealand\'s greenhouse gas emissions come from agriculture. At the same time, almost half of New Zealand\'s merchandisable exports come from agriculture.', 'NZ GHG, greenhouse gas, GHG, kyoto, ghg target, targets, ', 0, 'emissions new zealand production reduce greenhouse zealands target read targets gas global help reducing increasing options farmers growth nations growing ', 'page', '', 0, '', '', '', '2021-05-26 09:56:07'),
(162, 17, 'PGGRC', '', '', 'PGGRC', '', 0, 'pggrc funding funds new methane zealand research partnership nzagrc - m mbie funded sits mpi board slmacc oxide manager linkages ', 'page', '', 0, '', '', '', '2021-05-26 02:45:31'),
(163, 17, 'GRA', '', '', 'GRA', '', 0, 'gra research new zealand funding livestock funds global systems international million group activities carbon emissions provide nzagrc panel countries support ', 'page', '', 0, '', '', '', '2021-05-25 19:18:28'),
(164, 17, 'NZAGRC', '', '', 'NZAGRC', '', 0, 'nzagrc new research pggrc agricultural director emissions zealandrsquos funding carbon ghg soil group funds methane mpi zealand advice investment year ', 'page', '', 0, '', '', '', '2021-05-26 02:12:43'),
(165, 17, 'NZFunds-NZAGRC', '', '', NULL, '', 0, NULL, 'page', '', 0, '', '', '', '2017-05-02 11:17:45'),
(166, 17, 'SLMACC', '', '', 'SLMACC', '', 0, 'research climate change funding slmacc policy analysis emissions mpi funds m nzagrc including fund greenhouse linkages impacts test mitigation gas ', 'page', '', 0, '', '', '', '2021-05-26 00:33:00'),
(167, 17, 'Inventory', '', '', 'Inventory', '', 0, 'inventory emissions mpi funding new national funds agricultural unfccc gas reporting estimates research mfe use m linkages view advisory panels ', 'page', '', 0, '', '', '', '2021-05-26 00:05:01'),
(168, 17, 'Industry', '', '', 'Industry', '', 0, 'industry funding efficiency new research productivity government emissions funds zealand mitigation private pggrc ghg co-benefit reductions m gains various nitrogen ', 'page', '', 0, '', '', '', '2021-05-25 09:20:13'),
(169, 17, 'Other', '', '', 'Other', '', 0, 'funds farming view fund maori productivity emissions initiatives various reductions look agribusiness pathways mpirsquos increased strong enhancement focus landrsquos members ', 'page', '', 0, '', '', '', '2021-05-25 07:44:45'),
(170, 17, 'Links & Partnerships', 'NZ agricultural GHG Funding Links and Partnerships', '', 'Links & Partnerships', 'NZAGRC PGGRC MPI SLMACC links partnership funding', 0, 'research new mitigation ghg work zealand industry emissions funds international investment individual pggrc zealandrsquos reduce nzagrc programmes science collaboration programme ', 'page', '', 0, '', '', '', '2021-05-25 14:39:05'),
(171, 32, 'Research Collaborations', '', '', 'Research Collaborations', '', 0, 'research collaborations use terms website members ', 'page', '', 0, '', '', '', '2021-05-26 01:42:41'),
(172, 17, 'News & Events', '', '', 'News & Events', '', 0, 'news events use terms website members ', 'page', '', 0, '', '', '', '2021-05-26 02:44:41'),
(175, 17, 'Low nitrous oxide feeds', 'NZAGRC-PGgRc low nitrous oxide feeds', 'NZAGRC-PGgRc science programme to develop feeds and feeding strategies that result in reduced ntirous oxide emissions', 'Low nitrous oxide feeds', 'n2o, nitrous oxide, feeds, low emissions, feed strategy', 0, 'nitrous oxide emissions n o reduce nitrogen needed compounds feeds input strategies feed lab urinary options potential using identified reducing ', 'page', '', 0, '', '', '', '2021-05-26 02:45:04'),
(173, 39, 'My Collaboration Story', '', '', NULL, '', 0, NULL, 'page', '', 0, '', '', '', '2017-05-11 09:28:32'),
(174, 17, 'Low nitrous oxide plants', 'NZAGRC-PGgRc low nitrous oxide plants', 'NZAGRC-PGgRc science programme to develop plants and planting strategies that result in reduced nitrous oxide emissions from soil', 'Low nitrous oxide plants', 'n2o, nitrous oxide, NZAGRC, low emissions', 0, 'emissions oxide needed trials n nitrous plants commercial input urine plant o understand lower species reduce develop farm soil new ', 'page', '', 0, '', '', '', '2021-05-26 02:44:59'),
(176, 17, 'Urine patch location & treatment', 'NZAGRC-PGgRc Urine patch location technology', 'NZAGRC research programme to test technology that locates and treats urine patches on farm', 'Urine patch location & treatment', 'urine patch, n2o, reduce n2o, spikey, Pastoral Robotics Ltd, geoff bates', 0, 'urine spikeyreg technology patch patches treat tested study used n data locate efficacy effect read new location acid ammonia use ', 'page', '', 0, '', '', '', '2021-05-26 02:45:03'),
(188, 32, 'Measurement', '', '', 'Measurement', '', 0, 'project new progress latest members website measurement use terms dairynz organisation low rapid validate cost measuring research lead methane aim ', 'page', '', 0, '', '', '', '2021-05-26 02:52:30'),
(177, 33, 'Dairy sector', 'Agricultural greenhouse gases and the New Zealand dairy sector', 'An overview of how the New Zealand dairy sector is changing their farming practices and helping to lower emissions.', 'Agricultural greenhouse gases & the New Zealand dairy sector', 'Fonterra, dairy, NZ dairy sector, lower emissions, low methane, low nitrous oxide, n2o, cows, heifers', 0, 'yield milk feed use farm emissions dairy new cow increased genetic kg sector effect whats intensity zealand proportion practice read ', 'page', '', 0, '', '', '', '2017-05-11 14:40:17'),
(178, 33, 'Beef & sheep sector', 'Agricultural greenhouse gases and the New Zealand beef and sheep sector', 'An overview of how the New Zealand beef and sheep sectors are changing their farming practices and helping to lower emissions.', 'Beef & sheep sector', 'beef+lamb, b+lnz, blnz, beef, sheep, lower emissions, low methane, low nitrous oxide n2o', 0, 'increased beef sheep meat farm management emissions pasture growth effect use new lower number finishing numbers breeding yield animal strategies ', 'page', '', 0, '', '', '', '2017-05-11 14:40:17'),
(179, 33, 'Deer sector', 'Agricultural greenhouse gases and the New Zealand deer sector', '', 'Agricultural greenhouse gases & the New Zealand deer industry', 'deer, velvet, nz deer, deernz, lower emissions, low methane, low nitrous oxide, n2o, ch4', 0, 'increased new deer farm emissions weight effect intensity sector venison whats zealand time zealands animal finish finished productivity practice meat ', 'page', '', 0, '', '', '', '2017-05-11 14:40:17'),
(180, 17, 'Science', 'NZ agricultural GHG Situation: Science', '', 'The Situation: Science', '', 0, 'research gas greenhouse emissions solutions nzagrc runs reducing farm stream efficiencies dedicated assist maori increased farmers science work quantify contribution ', 'page', '', 0, '', '', '', '2021-05-26 09:48:41'),
(181, 17, 'Industry', 'NZ agricultural GHG Situation: Industry', '', 'The Situation: Industry', '', 0, 'new farm zealand emissions management sector sectors genetics research nzagrc questions industry zealands greenhouse gas farmers contributing lowering funding impact ', 'page', '', 0, '', '', '', '2021-05-25 23:12:28'),
(182, 32, 'Dairy sector', 'Agricultural greenhouse gases and the New Zealand dairy sector', '', 'Agricultural greenhouse gases & the New Zealand dairy sector', '', 0, 'milk increased new yield emissions improved genetic feed animals effect kg read zealand intensity lower farm use zealands dairy greenhouse ', 'page', '', 0, '', '', '', '2021-05-25 22:41:07'),
(183, 32, 'Beef & sheep sector', 'Agricultural greenhouse gases and the New Zealand beef and sheep sector', '', 'Agricultural greenhouse gases & the New Zealand beef & sheep sectors', '', 0, 'increased sheep beef farm new meat emissions growth pasture management lower use effect strategies numbers meatha breeding number animal animals ', 'page', '', 0, '', '', '', '2021-05-26 09:39:25'),
(184, 32, 'Deer sector', 'Agricultural greenhouse gases and the New Zealand deer sector', '', 'Agricultural greenhouse gases & the New Zealand deer industry', '', 0, 'new farm increased zealand emissions deer whats weight industry lower intensity effect time meat yield hectare animal productivity slaughter changes ', 'page', '', 0, '', '', '', '2021-05-26 01:43:48'),
(185, 32, 'Policy', 'Agricultural greenhouse gases & the New Zealand Policy Environment', '', 'Agricultural greenhouse gases & the New Zealand policy environment', '', 0, 'new zealand read member climate greenhouse agricultural change intergovernmental gas emissions website policy environment gases use members terms panel global ', 'page', '', 0, '', '', '', '2021-05-26 08:45:41'),
(186, 17, 'GRA', 'Global Research Alliance', '', NULL, '', 0, NULL, 'page', '', 0, '', '', '', '2017-05-11 16:05:03'),
(203, 32, 'Science Publications', '', '', 'Science Publications', '', 0, 'science publications use terms website members ', 'page', '', 0, '', '', '', '2021-05-26 08:35:47'),
(202, 32, 'Business Plan', '', '', 'Business Plan', '', 0, 'business plan use terms website members ', 'page', '', 0, '', '', '', '2020-07-02 14:55:28'),
(189, 32, 'University of Waikato', '', '', 'University of Waikato', '', 0, 'nzagrc waikato university programme science members terms use links website massey student manages scholarship schemes lincoln managed universities ', 'page', '', 0, '', '', '', '2021-05-25 21:53:46'),
(190, 17, 'Increase', 'NZAGRC Soil Carbon Research Programme: Increasing Soil Carbon', 'The NZAGRC science programme is testing specific management practices that may increase the long term soil carbon store in field situations', 'Increasing Soil Carbon in New Zealand soils', 'soil carbon, soil c, increasing soil carbon, soil carbon on farm, new Zealand soil types, nz soil, pastoral soil', 0, 'carbon soil soils management potential stabilisation strategies needed practices pasture increasing identify properties affect store input field improved inputs develop ', 'page', '', 0, '', '', '', '2021-05-25 09:19:15'),
(192, 17, 'Completed', '', '', 'Completed', '', 0, 'carbon soil soils - storage c new objective zealand agricultural leader dr april funding changes jun apr june stocks drivers ', 'page', '', 0, '', '', '', '2021-05-26 06:46:13'),
(193, 17, 'Completed', '', '', 'Completed', '', 0, '- n manipulating objective processes earthworms o anecic steve thomas influence mackay use completed terms website status members alec saggar ', 'page', '', 0, '', '', '', '2021-05-25 20:46:34'),
(194, 17, 'Completed', '', '', 'Completed', '', 0, '- methane dr objective low david pacheco objectives ronimus vaccine ron leahy rumen identifying mitigation henderson sinead emissions underpin gemma ', 'page', '', 0, '', '', '', '2021-05-25 09:19:13'),
(195, 32, 'News', '', '', 'News', '', 0, 'news use terms website members ', 'page', '', 0, '', '', '', '2021-05-26 09:33:25'),
(196, 17, 'Research', 'NZ GHG mitigation research', 'New Zealand research into mitigation of greehouse gases on New Zealand farms and exploring soil carbon potential', 'Research', '', 0, 'emissions research areas science farm current ghg low key systems soil policy pastoral mori increase resource assisting sector ghg-emitting profitable ', 'page', '', 0, '', '', '', '2021-05-26 02:44:56');
INSERT INTO `mix_page` (`page_id`, `template_id`, `title`, `page_title`, `description`, `default_description`, `keywords`, `noindex`, `default_keywords`, `type`, `link`, `alias_site_tree_id`, `js_head`, `js_top`, `js_bot`, `date_modified`) VALUES
(197, 17, 'Soil Carbon Map', '', '', NULL, '', 0, NULL, 'page', '', 0, '', '', '', '2017-05-17 13:43:05'),
(198, 17, 'Map', '', '', 'Mapping soil carbon on New Zealand farms', '', 0, 'soil carbon new zealand farm research project case study stocks mapping produces scale map assessment spatial massey variability accurate hill ', 'page', '', 0, '', '', '', '2021-05-26 02:45:07'),
(199, 17, 'Completed', '', '', 'Completed', '', 0, 'n objective university modelling dr - models leader mechanistic o methane jun improved component iris denitrification david enteric ch production ', 'page', '', 0, '', '', '', '2021-05-25 08:48:13'),
(200, 17, 'Dairy', 'NZAGRC lowering dairy farm emissions research programme', '', 'Exploring practical GHG mitigation options for New Zealand dairy farms', '', 0, 'dairy farming mitigation options emissions beet ghg fodder programme greenhouse industry strategies needed input result lead waikato feed research lactation ', 'page', '', 0, '', '', '', '2021-05-26 02:03:13'),
(201, 17, 'Sheep & Beef', 'NZAGRC lowering sheep and beef farm emissions research programme', '', 'Exploring practical GHG mitigation options for New Zealand sheep & beef farms', '', 0, 'farm emissions intensity strategies farms beef demonstrate industry needed sheep farming scenarios greenhouse practices ghgs large development modelled work research ', 'page', '', 0, '', '', '', '2021-05-25 08:47:12'),
(218, 17, 'Methane', 'Information about methane', 'A short overview of methane as a greenhouse gas', 'Methane', 'methane, ch4, ghg, nz farm, dairy, enteric methane, enteric ch4, what is methane,', 0, 'methane emissions new gas animals agriculture percent ruminant years comes atmosphere carbon zealand greenhouse agricultural sources source warming dioxide global ', 'page', '', 0, '', '', '', '2021-05-26 09:43:41'),
(208, 0, 'Our Research', '', '', NULL, '', 0, NULL, 'alias', '', 196, '', '', '', '2017-05-30 13:52:42'),
(206, 0, 'Conference', '', '', NULL, '', 0, NULL, 'link', 'http://www.nzagrc.org.nz/conference', 0, '', '', '', '2017-05-24 14:51:40'),
(205, 0, 'Publications', '', '', NULL, '', 0, NULL, 'alias', '', 5, '', '', '', '2017-05-24 14:18:06'),
(207, 17, 'Workshops 2017 & prior', '', '', 'Workshops 2017 & prior', '', 0, 'conference workshops nzagrc science annual workshop public february research centre day held programme palmerston isag information north plan - release ', 'page', '', 0, '', '', '', '2021-05-26 01:56:41'),
(209, 17, 'Gases', 'NZAGRC: The gases - methane, nitrous oxide - and carbon storage', '', 'The Gases', '', 0, 'carbon methane soil oxide greenhouse nitrous emissions new stored zealand gases powerful practices changes gas global tonne potential warming soils ', 'page', '', 0, '', '', '', '2021-05-25 21:07:53'),
(211, 32, '2011', 'NZAGRC Annual Report 2011', '', 'NZAGRC Annual Report 2011', '', 0, 'annual report nzagrc use website terms members ', 'page', '', 0, '', '', '', '2021-05-26 08:09:02'),
(210, 32, '2010', 'NZAGRC Annual Report 2010', '', 'NZAGRC Annual Report 2010', '', 0, 'annual report nzagrc use website terms members ', 'page', '', 0, '', '', '', '2021-05-26 07:10:41'),
(212, 32, '2012', 'NZAGRC Annual Report 2012', '', 'NZAGRC Annual Report 2012', '', 0, 'annual report nzagrc use website terms members ', 'page', '', 0, '', '', '', '2021-05-26 06:58:20'),
(213, 32, '2013', 'NZAGRC Annual Report 2013', '', 'NZAGRC Annual Report 2013', '', 0, 'annual report nzagrc use website terms members ', 'page', '', 0, '', '', '', '2021-05-25 09:19:21'),
(214, 32, '2014', 'NZAGRC Annual Report 2014', '', 'NZAGRC Annual Report 2014', '', 0, 'annual report nzagrc use website terms members ', 'page', '', 0, '', '', '', '2021-05-26 07:48:10'),
(215, 32, '2015', 'NZAGRC Annual Report 2015', '', 'NZAGRC Annual Report 2015', '', 0, 'annual report nzagrc use website terms members ', 'page', '', 0, '', '', '', '2021-05-26 10:09:36'),
(216, 32, '2016', 'NZAGRC Annual Report 2016', '', 'NZAGRC Annual Report 2016', '', 0, 'annual report nzagrc use website terms members ', 'page', '', 0, '', '', '', '2021-05-26 09:22:11'),
(217, 32, '2017', 'NZAGRC Annual Report 2017', '', 'NZAGRC Annual Report 2017', '', 0, 'annual report nzagrc use website terms members ', 'page', '', 0, '', '', '', '2021-05-26 09:39:54'),
(219, 17, 'Nitrous oxide', '', '', 'Nitrous oxide', '', 0, 'oxide nitrous powerful methane amounts come dung deposited smaller urine bacteria grazing patches paddocks manures members website terms use fertilizer ', 'page', '', 0, '', '', '', '2021-05-26 09:47:47'),
(227, 11, 'Subscription', NULL, NULL, NULL, NULL, 0, NULL, 'page', NULL, 0, NULL, NULL, NULL, '2018-01-17 00:22:22'),
(220, 32, '2018', '', '', '2018', '', 0, 'use terms website members ', 'page', '', 0, '', '', '', '2018-11-21 10:47:29'),
(225, 17, 'GRA Flagships', '', '', 'GRA Flagships', '', 0, 'soil carbon sequestration research flagship inventories flagships greenhouse agricultural management guidance gas food enteric fermentation project inventory circasa manure projects ', 'page', '', 0, '', '', '', '2021-05-25 09:19:18'),
(226, 17, 'CIRCASA', '', '', 'CIRCASA', '', 0, 'research carbon soil agriculture international sequestration climate circasa agricultural food change cooperation security mitigation global nzagrc soils initiatives intergovernmental initiative ', 'page', '', 0, '', '', '', '2021-05-26 02:45:10'),
(221, 17, 'Haiku', 'NZAGRC Haiku', '', 'Haiku', '', 0, 'haiku methane poetry research ghgs lines terms syllables form soil farming carbon reduce climate game itrsquos future temperature changer increases ', 'page', '', 0, '', '', '', '2021-05-26 02:18:14'),
(222, 32, 'International', 'NZAGRC international research', '', 'International research results', '', 0, 'research results international use website terms members ', 'page', '', 0, '', '', '', '2021-05-26 00:57:17'),
(223, 32, 'FAO-NZAGRC', 'Reducing Enteric Methane for improving food security and livelihoods', '', 'Reducing Enteric Methane for improving food security and livelihoods', '', 0, 'food new research project agricultural website zealand greenhouse fao improving enteric security methane gases gra alliance global group lrg terms ', 'page', '', 0, '', '', '', '2021-05-26 04:30:40'),
(224, 0, 'GRAResearchFlagships', '', '', NULL, '', 0, NULL, 'link', 'http://www.nzagrc.org.nz/policy,listing,447,gra-research-flagships.html', 0, '', '', '', '2017-11-22 14:04:59'),
(233, 32, '2018', '', '', 'NZAGRC Annual Report 2018', '', 0, 'annual report nzagrc use website terms members ', 'page', '', 0, '', '', '', '2021-05-26 06:49:33'),
(229, 17, 'Review 2018', '', '', 'Review 2018', '', 0, 'review nzagrc mb summary - website members terms use log panelpdf download documentation links supporting documentationzip ', 'page', '', 0, '', '', '', '2020-07-02 14:55:28'),
(231, 32, 'FAQ', 'Frequently Asked Questions', 'Frequently Asked Questions about New Zealand situation, greenhouse gases, science, mitigation options and opportunities', NULL, 'ghgs, methane, nitrous oxide, n2O, ch4, soil carbon, soil c, greenhouse gases, agriculture, mitigation, reduce ghg, reduction, policy, faq', 0, NULL, 'page', '', 0, '', '', '', '2018-10-25 15:44:43'),
(235, 32, 'Plants & GHGs', 'Plants and Greenhouse Gases Research Programme', '', 'Plants & GHGs', '', 0, 'carbon soil programme emissions oxide ghg nitrous capacity zealand stabilisation new scale reduce paddock grassland defining achievable progress terms use ', 'page', '', 0, '', '', '', '2021-05-25 23:40:51'),
(228, 32, 'Newsletter', '', '', 'Newsletter', '', 0, 'newsletter use terms website members ', 'page', '', 0, '', '', '', '2021-05-26 08:29:46'),
(234, 39, 'Interested', '2021 Conference - Register your interest', '', '2021 Conference: Register your interest', '', 0, 'register conference use terms website members ', 'page', '', 0, '', '', '', '2021-05-25 14:12:54'),
(241, 17, 'LEARN', 'LEARN', 'Livestock Emissions Abatement Research Network', 'LEARN', 'Livestock, Emissions, Abatement, Research, Network', 0, 'new learn zealand research award countries emissions technical livestock greenhouse training scientists gas awards agricultural mitigation phd gra grass international ', 'page', '', 0, '', '', '', '2021-05-25 15:15:34'),
(232, 39, 'register2019', '', '', NULL, '', 0, NULL, 'page', '', 0, '', '', '', '2018-11-19 13:30:43'),
(238, 17, 'Conference 2019', '', '', 'New Zealand Agricultural Climate Change Conference 2019', '', 0, 'mb change climate - challenges nz adaptation agricultural conference day pdf farmers presentations use lamb new current agriculture speeches agresearch ', 'page', '', 0, '', '', '', '2021-05-25 09:24:29'),
(237, 17, 'West/Central Africa', 'Brief on the awareness-raising workshop on Low emissions livestock', 'Brief on the awareness-raising workshop on \"Low emissions livestock: supporting policy through science in West/Central Africa', 'West/Central Africa workshops', 'Low emissions livestock, supporting policy, science, West Africa, central Africa', 0, 'livestock workshop emissions greenhouse national low regional science agricultural climate research development agriculture gra gas countriesrsquo work understand ongoing challenges ', 'page', '', 0, '', '', '', '2021-05-25 09:25:31'),
(242, 17, 'South Africa', 'South Africa', 'Workshops in South Africa', 'South Africa Workshops', 'Workshops in South Africa', 0, 'africa development agriculture south livestock work research workshop southern countries support ackim data ministry regional cooperation sabc news change interview ', 'page', '', 0, '', '', '', '2021-05-25 09:22:25'),
(239, 17, 'Netherlands', 'Netherlands Conference', '', 'GRA Keynote Speech at Netherlands Symposium', '', 0, 'new research development greenhouse symposium environmental agricultural innovation sustainable systems era-gas mitigation ghg technology mb emissions sdgs society agri-food public ', 'page', '', 0, '', '', '', '2021-05-25 09:19:25'),
(240, 0, 'NZ Presentations at Netherlands Conference', '', '', NULL, '', 0, NULL, 'alias', '', 239, '', '', '', '2019-07-12 11:03:45'),
(243, 32, '2019', 'NZAGRC Annual Report 2019', 'annual report, highlights, 2019', 'NZAGRC Annual Report 2019', 'annual report, highlights, 2019', 0, 'annual report nzagrc use website terms members ', 'page', '', 0, '', '', '', '2021-05-25 08:58:32'),
(244, 17, 'Conference 2020', '', '', 'New Zealand Agricultural Climate Change Conference 2020', '', 0, 'wersquoll science new emissions day email climate farmers conference policy change work action agriculture focus reducing greenhouse gas plan leaders ', 'page', '', 0, '', '', '', '2021-05-25 19:34:21'),
(250, 32, '2020', 'NZAGRC Annual Report 2020', '', 'NZAGRC Annual Report 2020', '', 0, 'annual report nzagrc use website terms members ', 'page', '', 0, '', '', '', '2021-05-25 09:19:19'),
(246, 17, 'Webinar Thanks', '', '', 'Thank you for attending the Towards a low-emissions future webinar', '', 0, 'webinar future members participation website unplanned thanks terms low-emissions attending thank use webinars details series final todays enjoyed check wwwnzagrcorgnzwebinar ', 'page', '', 0, '', '', '', '2021-05-25 09:31:40'),
(247, 17, 'Innovation Fund', 'NZAGRC Innovation Fund ', 'The NZAGRC is launching a $2m Innovation Fund.', 'Background The NZAGRC operates a competitive Innovation Fund for researchers working on solutions for reducing agricultural greenhouse gas emissions. The first funding round took place in 2020 and a second round closed in mid-April 2021.', '', 0, 'nzagrc research round innovation fund projects methane funding new available eois applications led develop second zealand proposals emissions million april ', 'page', '', 0, '', '', '', '2021-05-26 09:53:30'),
(249, 17, 'State of Science webinars', '', '', 'State of Science webinars', '', 0, 'webinar dr carbon soil mb lic new download suzanne zealand stabilisation low-emitting agresearch lorna webinars science breeding dairy qa methane ', 'page', '', 0, '', '', '', '2021-05-26 02:44:09'),
(248, 17, 'Strategic Documents', 'NZAGRC 2019-2025 Strategic Plan, Science Plan and Business Plan', '', 'NZAGRC Strategic Documents 2019-2025', '', 0, 'plan - nzagrc strategic documents mb business science change mitigation new period climate nzagrcs terms website aligned closely zealand ensure ', 'page', '', 0, '', '', '', '2021-05-25 09:19:19');

-- --------------------------------------------------------

--
-- Table structure for table `mix_page_language`
--

CREATE TABLE `mix_page_language` (
  `page_id` int(11) NOT NULL,
  `language_id` int(11) NOT NULL,
  `title` varchar(255) COLLATE utf8_unicode_ci NOT NULL,
  `page_title` varchar(255) COLLATE utf8_unicode_ci DEFAULT NULL,
  `description` text COLLATE utf8_unicode_ci,
  `keywords` text COLLATE utf8_unicode_ci
) ENGINE=MyISAM DEFAULT CHARSET=utf8 COLLATE=utf8_unicode_ci;

-- --------------------------------------------------------

--
-- Table structure for table `mix_page_module`
--

CREATE TABLE `mix_page_module` (
  `page_module_id` int(11) NOT NULL,
  `page_id` int(11) NOT NULL DEFAULT '0',
  `module_id` int(11) NOT NULL DEFAULT '0',
  `reference` varchar(32) COLLATE utf8_unicode_ci NOT NULL DEFAULT '',
  `module_specific_id` int(11) NOT NULL DEFAULT '0',
  `category_id` int(11) DEFAULT NULL,
  `language_id` int(11) NOT NULL DEFAULT '1'
) ENGINE=MyISAM DEFAULT CHARSET=utf8 COLLATE=utf8_unicode_ci;

--
-- Dumping data for table `mix_page_module`
--

INSERT INTO `mix_page_module` (`page_module_id`, `page_id`, `module_id`, `reference`, `module_specific_id`, `category_id`, `language_id`) VALUES
(1, 1, 7, 'header', 1, NULL, 1),
(88, 14, 20, 'simple', 10, NULL, 1),
(481, 15, 20, 'simple', 87, NULL, 1),
(87, 18, 20, 'simple', 9, NULL, 1),
(134, 1, 20, 'publications', 16, NULL, 1),
(6, 1, 20, 'newsbrief', 5, NULL, 1),
(496, 247, 2, 'body', 372, NULL, 1),
(9, 1, 7, 'body', 3, NULL, 1),
(10, 1, 7, 'members', 4, NULL, 1),
(11, 21, 7, 'body', 5, NULL, 1),
(12, 1, 2, 'body', 1, NULL, 1),
(13, 1, 2, 'slogan', 2, NULL, 1),
(15, 1, 5, 'footer', 1, NULL, 1),
(16, 4, 2, 'body', 3, NULL, 1),
(17, 1, 2, 'footerright', 4, NULL, 1),
(18, 1, 2, 'footerleft', 5, NULL, 1),
(19, 1, 2, 'rightside', 6, NULL, 1),
(20, 4, 2, 'leftside', 7, NULL, 1),
(22, 2, 2, 'rightside', 8, NULL, 1),
(23, 1, 2, 'rightsidetop', 9, NULL, 1),
(24, 9, 2, 'rightside', 10, NULL, 1),
(25, 10, 2, 'rightside', 11, NULL, 1),
(26, 11, 2, 'rightside', 12, NULL, 1),
(27, 12, 2, 'rightside', 13, NULL, 1),
(28, 13, 2, 'rightside', 14, NULL, 1),
(29, 3, 2, 'rightside', 15, NULL, 1),
(30, 4, 2, 'rightside', 16, NULL, 1),
(31, 5, 2, 'rightside', 17, NULL, 1),
(32, 14, 2, 'rightside', 18, NULL, 1),
(33, 25, 2, 'rightside', 19, NULL, 1),
(34, 26, 2, 'rightside', 20, NULL, 1),
(35, 27, 2, 'rightside', 21, NULL, 1),
(36, 15, 2, 'rightside', 22, NULL, 1),
(37, 17, 2, 'rightside', 23, NULL, 1),
(38, 6, 2, 'rightside', 24, NULL, 1),
(39, 19, 2, 'rightside', 25, NULL, 1),
(40, 20, 2, 'rightside', 26, NULL, 1),
(41, 7, 2, 'rightside', 27, NULL, 1),
(42, 24, 2, 'rightside', 28, NULL, 1),
(43, 21, 2, 'rightside', 29, NULL, 1),
(44, 23, 2, 'rightside', 30, NULL, 1),
(45, 22, 2, 'rightside', 31, NULL, 1),
(46, 18, 2, 'rightside', 32, NULL, 1),
(47, 2, 2, 'body', 33, NULL, 1),
(48, 13, 2, 'body', 34, NULL, 1),
(130, 28, 2, 'body', 108, NULL, 1),
(51, 28, 2, 'intro', 35, NULL, 1),
(52, 10, 2, 'titletext', 36, NULL, 1),
(53, 11, 2, 'titletext', 37, NULL, 1),
(54, 2, 2, 'titletext', 38, NULL, 1),
(55, 3, 2, 'body', 39, NULL, 1),
(56, 29, 2, 'body', 40, NULL, 1),
(57, 21, 7, 'gallery_1', 7, NULL, 1),
(221, 48, 2, 'titletext', 182, NULL, 1),
(59, 9, 2, 'body', 41, NULL, 1),
(60, 11, 2, 'body', 42, NULL, 1),
(61, 30, 2, 'body', 43, NULL, 1),
(62, 30, 2, 'titletext', 44, NULL, 1),
(63, 31, 2, 'body', 45, NULL, 1),
(64, 31, 2, 'titletext', 46, NULL, 1),
(65, 32, 2, 'body', 47, NULL, 1),
(66, 32, 2, 'titletext', 48, NULL, 1),
(67, 10, 2, 'body', 49, NULL, 1),
(276, 108, 2, 'body', 217, NULL, 1),
(69, 33, 2, 'body', 51, NULL, 1),
(70, 33, 2, 'titletext', 52, NULL, 1),
(71, 34, 2, 'body', 53, NULL, 1),
(72, 35, 2, 'titletext', 54, NULL, 1),
(73, 36, 2, 'titletext', 55, NULL, 1),
(74, 37, 2, 'titletext', 56, NULL, 1),
(75, 38, 2, 'titletext', 57, NULL, 1),
(76, 35, 2, 'body', 58, NULL, 1),
(77, 38, 2, 'body', 59, NULL, 1),
(78, 37, 2, 'body', 60, NULL, 1),
(79, 36, 2, 'body', 61, NULL, 1),
(80, 39, 2, 'body', 62, NULL, 1),
(81, 40, 2, 'body', 63, NULL, 1),
(82, 41, 2, 'body', 64, NULL, 1),
(83, 12, 2, 'body', 65, NULL, 1),
(84, 20, 2, 'body', 66, NULL, 1),
(85, 25, 2, 'body', 67, NULL, 1),
(86, 26, 2, 'body', 68, NULL, 1),
(89, 14, 2, 'body', 69, NULL, 1),
(90, 17, 2, 'body', 70, NULL, 1),
(91, 42, 2, 'titletext', 71, NULL, 1),
(92, 42, 2, 'body', 72, NULL, 1),
(93, 43, 2, 'titletext', 73, NULL, 1),
(94, 43, 2, 'body', 74, NULL, 1),
(96, 5, 2, 'body', 75, NULL, 1),
(97, 6, 2, 'body', 76, NULL, 1),
(220, 7, 2, 'body', 181, NULL, 1),
(100, 46, 2, 'body', 78, NULL, 1),
(101, 45, 2, 'titletext', 79, NULL, 1),
(102, 45, 2, 'body', 80, NULL, 1),
(103, 49, 2, 'titletext', 81, NULL, 1),
(104, 50, 2, 'titletext', 82, NULL, 1),
(105, 49, 2, 'body', 83, NULL, 1),
(491, 245, 2, 'titletext', 367, NULL, 1),
(107, 52, 2, 'body', 85, NULL, 1),
(108, 53, 2, 'body', 86, NULL, 1),
(109, 47, 2, 'titletext', 87, NULL, 1),
(110, 47, 2, 'body', 88, NULL, 1),
(111, 48, 2, 'body', 89, NULL, 1),
(112, 54, 2, 'titletext', 90, NULL, 1),
(113, 46, 2, 'titletext', 91, NULL, 1),
(114, 55, 2, 'titletext', 92, NULL, 1),
(115, 56, 2, 'body', 93, NULL, 1),
(116, 57, 2, 'body', 94, NULL, 1),
(117, 58, 2, 'body', 95, NULL, 1),
(118, 59, 2, 'body', 96, NULL, 1),
(119, 54, 2, 'body', 97, NULL, 1),
(120, 19, 2, 'body', 98, NULL, 1),
(121, 60, 2, 'titletext', 99, NULL, 1),
(122, 61, 2, 'titletext', 100, NULL, 1),
(123, 62, 2, 'titletext', 101, NULL, 1),
(124, 60, 2, 'body', 102, NULL, 1),
(125, 50, 2, 'body', 103, NULL, 1),
(126, 61, 2, 'body', 104, NULL, 1),
(127, 62, 2, 'body', 105, NULL, 1),
(129, 28, 2, 'titletext', 107, NULL, 1),
(210, 74, 2, 'body', 174, NULL, 1),
(133, 48, 20, 'simple', 15, NULL, 1),
(135, 45, 20, 'simple', 17, NULL, 1),
(136, 47, 20, 'simple', 18, NULL, 1),
(140, 67, 1, 'internal', 0, NULL, 1),
(138, 46, 20, 'simple', 20, NULL, 1),
(139, 63, 20, 'simple', 21, NULL, 1),
(141, 68, 2, 'titletext', 109, NULL, 1),
(142, 68, 2, 'body', 110, NULL, 1),
(143, 71, 1, 'internal', 0, NULL, 1),
(144, 72, 2, 'titletext', 111, NULL, 1),
(145, 72, 2, 'body', 112, NULL, 1),
(146, 73, 20, 'simple', 22, NULL, 1),
(147, 74, 20, 'simple', 23, NULL, 1),
(148, 66, 2, 'body', 113, NULL, 1),
(149, 76, 2, 'body', 114, NULL, 1),
(150, 56, 2, 'titletext', 115, NULL, 1),
(464, 66, 2, 'roi_headingtitle_title', 348, NULL, 1),
(247, 66, 2, 'roi_tip_nzagrc_third_party_respo', 200, NULL, 1),
(154, 66, 2, 'roi_sectiontitle_author', 119, NULL, 1),
(447, 228, 20, 'simple', 82, NULL, 1),
(446, 117, 20, 'simple', 81, NULL, 1),
(257, 89, 20, 'simple', 34, NULL, 1),
(445, 114, 20, 'simple', 80, NULL, 1),
(159, 66, 2, 'roi_tip_nzagrc_pr_message', 124, NULL, 1),
(160, 66, 2, 'roi_sectiontitle_contentapproval', 125, NULL, 1),
(162, 66, 2, 'roi_tip_nzagrc_ownapp', 127, NULL, 1),
(444, 116, 20, 'simple', 79, NULL, 1),
(164, 66, 2, 'roi_title_tp_notices', 129, NULL, 1),
(165, 66, 2, 'roi_title_manager_final', 130, NULL, 1),
(166, 66, 2, 'roi_title_cm_approval', 131, NULL, 1),
(167, 66, 2, 'roi_title_cm_signature', 132, NULL, 1),
(168, 66, 2, 'roi_sectiontitle_peerreview', 133, NULL, 1),
(169, 66, 2, 'roi_sectiontitle_coapprovalsign', 134, NULL, 1),
(170, 66, 2, 'roi_title_cm_response', 135, NULL, 1),
(183, 66, 2, 'roi_tip_nzagrc_journal_name_deta', 148, NULL, 1),
(513, 71, 2, 'rightside', 387, NULL, 1),
(174, 66, 2, 'roi_tip_nzagrc_title', 139, NULL, 1),
(175, 66, 2, 'roi_tip_release_date', 140, NULL, 1),
(176, 66, 2, 'roi_tip_release_time', 141, NULL, 1),
(177, 66, 2, 'roi_tip_nzagrc_output_area', 142, NULL, 1),
(178, 66, 2, 'roi_tip_nzagrc_primary_objective', 143, NULL, 1),
(179, 66, 2, 'roi_tip_nzagrc_other_objective', 144, NULL, 1),
(180, 66, 2, 'roi_tip_nzagrc_authors', 145, NULL, 1),
(181, 66, 2, 'roi_tip_nzagrc_journal_name', 146, NULL, 1),
(182, 66, 2, 'roi_tip_nzagrc_journal_name_deta', 147, NULL, 1),
(184, 66, 2, 'roi_tip_nzagrc_journal_name_deta', 149, NULL, 1),
(185, 66, 2, 'roi_tip_nzagrc_acknowledgment', 150, NULL, 1),
(186, 66, 2, 'roi_tip_nzagrc_release_areas', 151, NULL, 1),
(187, 66, 2, 'roi_tip_nzagrc_journal_name_deta', 152, NULL, 1),
(188, 66, 2, 'roi_tip_nzagrc_journal_name_deta', 153, NULL, 1),
(189, 66, 2, 'roi_tip_submission_output', 154, NULL, 1),
(190, 66, 2, 'roi_tip_nzagrc_journal_name_deta', 155, NULL, 1),
(191, 66, 2, 'roi_tip_nzagrc_bip_included', 156, NULL, 1),
(192, 66, 2, 'roi_tip_nzagrc_novel_ip_disclose', 157, NULL, 1),
(193, 66, 2, 'roi_tip_nzagrc_protocols_followe', 158, NULL, 1),
(194, 66, 2, 'roi_tip_nzagrc_confidential', 159, NULL, 1),
(195, 66, 2, 'roi_tip_nzagrc_content_owner_use', 160, NULL, 1),
(196, 66, 2, 'roi_tip_nzagrc_content_owner_use', 161, NULL, 1),
(197, 66, 2, 'roi_tip_nzagrc_journal_name_deta', 162, NULL, 1),
(198, 66, 2, 'roi_tip_nzagrc_journal_name_deta', 163, NULL, 1),
(199, 66, 2, 'roi_tip_nzagrc_novel_ip_disclose', 164, NULL, 1),
(200, 66, 2, 'roi_tip_nzagrc_independent_peer_', 165, NULL, 1),
(201, 66, 2, 'roi_tip_nzagrc_protocols_followe', 166, NULL, 1),
(202, 66, 2, 'roi_tip_nzagrc_content_owner_use', 167, NULL, 1),
(203, 66, 2, 'roi_tip_nzagrc_signature_author', 168, NULL, 1),
(204, 78, 2, 'body', 169, NULL, 1),
(205, 79, 2, 'body', 170, NULL, 1),
(206, 80, 2, 'body', 171, NULL, 1),
(208, 81, 2, 'body', 172, NULL, 1),
(209, 81, 2, 'titletext', 173, NULL, 1),
(211, 6, 20, 'simple', 24, NULL, 1),
(212, 82, 2, 'body', 175, NULL, 1),
(213, 82, 2, 'titletext', 176, NULL, 1),
(214, 55, 20, 'simple', 25, NULL, 1),
(215, 83, 20, 'simple', 26, NULL, 1),
(216, 83, 2, 'body', 177, NULL, 1),
(217, 7, 2, 'titletext', 178, NULL, 1),
(218, 84, 2, 'body', 179, NULL, 1),
(219, 84, 2, 'titletext', 180, NULL, 1),
(222, 54, 20, 'simple', 27, NULL, 1),
(223, 55, 2, 'body', 183, NULL, 1),
(224, 85, 20, 'simple', 28, NULL, 1),
(225, 85, 2, 'titletext', 184, NULL, 1),
(226, 29, 20, 'simple', 29, NULL, 1),
(227, 86, 2, 'body', 185, NULL, 1),
(228, 86, 2, 'titletext', 186, NULL, 1),
(229, 87, 2, 'titletext', 187, NULL, 1),
(232, 89, 5, 'body', 4, NULL, 1),
(233, 89, 2, 'titletext', 189, NULL, 1),
(234, 89, 2, 'submission', 190, NULL, 1),
(235, 89, 2, 'body', 191, NULL, 1),
(236, 89, 2, 'formtitle', 192, NULL, 1),
(237, 90, 20, 'simple', 30, NULL, 1),
(254, 103, 2, 'titletext', 205, NULL, 1),
(239, 91, 2, 'body', 193, NULL, 1),
(240, 94, 2, 'titletext', 194, NULL, 1),
(241, 94, 20, 'simple', 32, NULL, 1),
(242, 96, 2, 'body', 195, NULL, 1),
(243, 98, 2, 'body', 196, NULL, 1),
(244, 99, 2, 'body', 197, NULL, 1),
(248, 100, 2, 'body', 201, NULL, 1),
(249, 100, 2, 'titletext', 202, NULL, 1),
(250, 101, 5, 'body', 5, NULL, 1),
(251, 101, 2, 'titletext', 203, NULL, 1),
(252, 102, 20, 'simple', 33, NULL, 1),
(253, 101, 2, 'intro', 204, NULL, 1),
(255, 103, 5, 'body', 6, NULL, 1),
(256, 103, 2, 'intro', 206, NULL, 1),
(258, 39, 20, 'simple', 35, NULL, 1),
(259, 40, 20, 'simple', 36, NULL, 1),
(260, 109, 2, 'body', 207, NULL, 1),
(261, 109, 20, 'simple', 37, NULL, 1),
(262, 110, 2, 'body', 208, NULL, 1),
(263, 110, 20, 'simple', 38, NULL, 1),
(264, 111, 2, 'body', 209, NULL, 1),
(265, 112, 2, 'titletext', 210, NULL, 1),
(266, 112, 2, 'body', 211, NULL, 1),
(267, 113, 2, 'body', 212, NULL, 1),
(268, 114, 2, 'body', 213, NULL, 1),
(269, 115, 2, 'body', 214, NULL, 1),
(270, 116, 2, 'body', 215, NULL, 1),
(271, 117, 2, 'body', 216, NULL, 1),
(272, 118, 20, 'simple', 39, NULL, 1),
(273, 51, 5, 'footer', 7, NULL, 1),
(274, 51, 20, 'simple', 40, NULL, 1),
(275, 57, 20, 'simple', 41, NULL, 1),
(277, 107, 2, 'body', 218, NULL, 1),
(278, 108, 20, 'simple', 42, NULL, 1),
(280, 119, 2, 'body', 219, NULL, 1),
(281, 120, 2, 'body', 220, NULL, 1),
(282, 106, 2, 'body', 221, NULL, 1),
(283, 133, 2, 'body', 222, NULL, 1),
(284, 134, 2, 'body', 223, NULL, 1),
(285, 135, 2, 'body', 224, NULL, 1),
(286, 135, 2, 'titletext', 225, NULL, 1),
(287, 134, 2, 'titletext', 226, NULL, 1),
(288, 136, 2, 'titletext', 227, NULL, 1),
(289, 136, 2, 'body', 228, NULL, 1),
(290, 137, 2, 'titletext', 229, NULL, 1),
(291, 137, 2, 'body', 230, NULL, 1),
(292, 138, 2, 'titletext', 231, NULL, 1),
(293, 138, 2, 'body', 232, NULL, 1),
(294, 139, 2, 'titletext', 233, NULL, 1),
(295, 139, 2, 'body', 234, NULL, 1),
(296, 141, 2, 'body', 235, NULL, 1),
(297, 141, 2, 'titletext', 236, NULL, 1),
(298, 144, 2, 'titletext', 237, NULL, 1),
(299, 144, 2, 'body', 238, NULL, 1),
(300, 142, 2, 'titletext', 239, NULL, 1),
(301, 143, 2, 'titletext', 240, NULL, 1),
(302, 142, 2, 'body', 241, NULL, 1),
(303, 143, 2, 'body', 242, NULL, 1),
(304, 145, 2, 'titletext', 243, NULL, 1),
(305, 145, 2, 'body', 244, NULL, 1),
(306, 146, 2, 'titletext', 245, NULL, 1),
(307, 146, 2, 'body', 246, NULL, 1),
(308, 147, 7, 'gallery_1', 11, NULL, 1),
(311, 148, 62, 'search', 1, NULL, 1),
(312, 150, 2, 'body', 247, NULL, 1),
(313, 150, 2, 'titletext', 248, NULL, 1),
(314, 151, 2, 'body', 249, NULL, 1),
(315, 151, 2, 'titletext', 250, NULL, 1),
(316, 152, 2, 'body', 251, NULL, 1),
(317, 152, 2, 'titletext', 252, NULL, 1),
(318, 153, 2, 'body', 253, NULL, 1),
(319, 153, 2, 'titletext', 254, NULL, 1),
(320, 154, 2, 'body', 255, NULL, 1),
(321, 154, 2, 'titletext', 256, NULL, 1),
(322, 159, 2, 'titletext', 257, NULL, 1),
(323, 159, 2, 'body', 258, NULL, 1),
(324, 160, 2, 'titletext', 259, NULL, 1),
(325, 160, 2, 'body', 260, NULL, 1),
(326, 162, 2, 'body', 261, NULL, 1),
(327, 164, 2, 'body', 262, NULL, 1),
(328, 163, 2, 'body', 263, NULL, 1),
(329, 171, 20, 'simple', 43, NULL, 1),
(330, 166, 2, 'body', 264, NULL, 1),
(331, 167, 2, 'body', 265, NULL, 1),
(332, 168, 2, 'body', 266, NULL, 1),
(333, 169, 2, 'body', 267, NULL, 1),
(334, 161, 2, 'body', 268, NULL, 1),
(335, 170, 2, 'body', 269, NULL, 1),
(336, 173, 5, 'body', 8, NULL, 1),
(337, 174, 2, 'body', 270, NULL, 1),
(338, 175, 2, 'body', 271, NULL, 1),
(339, 175, 2, 'titletext', 272, NULL, 1),
(340, 176, 2, 'body', 273, NULL, 1),
(341, 177, 20, 'simple', 44, NULL, 1),
(342, 177, 2, 'body', 274, NULL, 1),
(343, 177, 2, 'titletext', 275, NULL, 1),
(344, 178, 2, 'body', 276, NULL, 1),
(345, 178, 20, 'simple', 45, NULL, 1),
(346, 179, 2, 'body', 277, NULL, 1),
(347, 179, 20, 'simple', 46, NULL, 1),
(348, 179, 2, 'titletext', 278, NULL, 1),
(349, 180, 2, 'body', 279, NULL, 1),
(350, 180, 2, 'titletext', 280, NULL, 1),
(351, 107, 2, 'titletext', 281, NULL, 1),
(352, 181, 2, 'body', 282, NULL, 1),
(353, 181, 2, 'titletext', 283, NULL, 1),
(354, 182, 2, 'titletext', 284, NULL, 1),
(355, 183, 2, 'titletext', 285, NULL, 1),
(356, 184, 2, 'titletext', 286, NULL, 1),
(357, 182, 2, 'body', 287, NULL, 1),
(358, 183, 2, 'body', 288, NULL, 1),
(359, 183, 20, 'simple', 47, NULL, 1),
(360, 182, 20, 'simple', 48, NULL, 1),
(361, 184, 20, 'simple', 49, NULL, 1),
(362, 184, 2, 'body', 289, NULL, 1),
(363, 185, 2, 'titletext', 290, NULL, 1),
(364, 185, 20, 'simple', 50, NULL, 1),
(365, 185, 2, 'body', 291, NULL, 1),
(366, 81, 20, 'simple', 51, NULL, 1),
(367, 87, 20, 'simple', 52, NULL, 1),
(368, 1, 7, 'gallery_1', 13, NULL, 1),
(369, 120, 20, 'simple', 53, NULL, 1),
(370, 187, 20, 'simple', 54, NULL, 1),
(371, 188, 2, 'body', 292, NULL, 1),
(372, 111, 20, 'simple', 55, NULL, 1),
(373, 112, 20, 'simple', 56, NULL, 1),
(374, 113, 20, 'simple', 57, NULL, 1),
(375, 189, 20, 'simple', 58, NULL, 1),
(376, 189, 2, 'body', 293, NULL, 1),
(377, 190, 2, 'body', 294, NULL, 1),
(378, 190, 2, 'titletext', 295, NULL, 1),
(379, 191, 2, 'titletext', 296, NULL, 1),
(380, 191, 2, 'body', 297, NULL, 1),
(381, 192, 2, 'body', 298, NULL, 1),
(382, 192, 2, 'titletext', 299, NULL, 1),
(383, 193, 2, 'body', 300, NULL, 1),
(384, 194, 2, 'body', 301, NULL, 1),
(385, 195, 20, 'simple', 59, NULL, 1),
(386, 196, 2, 'body', 302, NULL, 1),
(387, 198, 2, 'body', 303, NULL, 1),
(388, 198, 2, 'titletext', 304, NULL, 1),
(389, 199, 2, 'body', 305, NULL, 1),
(390, 41, 20, 'simple', 60, NULL, 1),
(391, 200, 2, 'titletext', 306, NULL, 1),
(392, 200, 2, 'body', 307, NULL, 1),
(393, 201, 2, 'titletext', 308, NULL, 1),
(394, 201, 2, 'body', 309, NULL, 1),
(505, 5, 20, 'simple', 94, NULL, 1),
(500, 59, 2, 'titletext', 376, NULL, 1),
(397, 203, 2, 'body', 310, NULL, 1),
(398, 115, 20, 'simple', 63, NULL, 1),
(399, 87, 2, 'body', 311, NULL, 1),
(400, 204, 2, 'body', 312, NULL, 1),
(401, 99, 20, 'simple', 64, NULL, 1),
(402, 203, 20, 'simple', 65, NULL, 1),
(403, 207, 2, 'body', 313, NULL, 1),
(404, 94, 2, 'body', 314, NULL, 1),
(507, 250, 20, 'simple', 95, NULL, 1),
(406, 209, 2, 'titletext', 316, NULL, 1),
(407, 209, 2, 'body', 317, NULL, 1),
(408, 210, 20, 'simple', 66, NULL, 1),
(409, 211, 20, 'simple', 67, NULL, 1),
(410, 212, 20, 'simple', 68, NULL, 1),
(411, 213, 20, 'simple', 69, NULL, 1),
(412, 214, 20, 'simple', 70, NULL, 1),
(413, 215, 20, 'simple', 71, NULL, 1),
(414, 216, 20, 'simple', 72, NULL, 1),
(415, 217, 20, 'simple', 73, NULL, 1),
(416, 217, 2, 'titletext', 318, NULL, 1),
(417, 217, 2, 'body', 319, NULL, 1),
(418, 216, 2, 'titletext', 320, NULL, 1),
(419, 215, 2, 'titletext', 321, NULL, 1),
(420, 214, 2, 'titletext', 322, NULL, 1),
(421, 213, 2, 'titletext', 323, NULL, 1),
(422, 212, 2, 'titletext', 324, NULL, 1),
(423, 211, 2, 'titletext', 325, NULL, 1),
(424, 210, 2, 'titletext', 326, NULL, 1),
(425, 29, 2, 'titletext', 327, NULL, 1),
(426, 218, 2, 'body', 328, NULL, 1),
(427, 188, 20, 'simple', 74, NULL, 1),
(428, 219, 2, 'body', 329, NULL, 1),
(429, 21, 7, 'gallery_2', 14, NULL, 1),
(431, 220, 20, 'simple', 75, NULL, 1),
(432, 21, 7, 'gallery_3', 15, NULL, 1),
(433, 221, 2, 'body', 330, NULL, 1),
(434, 221, 20, 'simple', 76, NULL, 1),
(435, 222, 20, 'simple', 77, NULL, 1),
(436, 222, 2, 'titletext', 331, NULL, 1),
(437, 223, 2, 'titletext', 332, NULL, 1),
(438, 223, 2, 'body', 333, NULL, 1),
(439, 223, 20, 'simple', 78, NULL, 1),
(440, 111, 2, 'titletext', 334, NULL, 1),
(441, 225, 2, 'body', 335, NULL, 1),
(442, 226, 2, 'body', 336, NULL, 1),
(443, 227, 22, 'internal', 0, NULL, 1),
(448, 229, 2, 'body', 337, NULL, 1),
(449, 230, 2, 'body', 338, NULL, 1),
(450, 151, 20, 'simple', 83, NULL, 1),
(451, 232, 5, 'body', 9, NULL, 1),
(452, 232, 2, 'titletext', 339, NULL, 1),
(453, 232, 2, 'intro', 340, NULL, 1),
(454, 233, 20, 'simple', 84, NULL, 1),
(455, 234, 5, 'body', 10, NULL, 1),
(456, 234, 2, 'titletext', 341, NULL, 1),
(457, 234, 2, 'intro', 342, NULL, 1),
(458, 235, 20, 'simple', 85, NULL, 1),
(459, 235, 2, 'body', 343, NULL, 1),
(460, 237, 2, 'body', 344, NULL, 1),
(461, 237, 2, 'titletext', 345, NULL, 1),
(462, 238, 2, 'titletext', 346, NULL, 1),
(463, 238, 2, 'body', 347, NULL, 1),
(466, 239, 2, 'titletext', 350, NULL, 1),
(467, 66, 2, 'roi_sectiontitle_pubupload', 351, NULL, 1),
(468, 239, 2, 'body', 352, NULL, 1),
(469, 239, 2, 'rightside', 353, NULL, 1),
(470, 241, 2, 'body', 354, NULL, 1),
(471, 241, 2, 'rightside', 355, NULL, 1),
(472, 242, 2, 'titletext', 356, NULL, 1),
(473, 242, 2, 'body', 357, NULL, 1),
(474, 242, 2, 'rightside', 358, NULL, 1),
(475, 237, 2, 'rightside', 359, NULL, 1),
(476, 233, 2, 'titletext', 360, NULL, 1),
(477, 243, 2, 'titletext', 361, NULL, 1),
(478, 243, 2, 'body', 362, NULL, 1),
(479, 243, 20, 'simple', 86, NULL, 1),
(480, 244, 2, 'body', 363, NULL, 1),
(482, 15, 20, 'simple', 88, NULL, 1),
(483, 15, 20, 'simple', 89, NULL, 1),
(484, 15, 20, 'simple', 90, NULL, 1),
(485, 15, 20, 'simple', 91, NULL, 1),
(486, 15, 20, 'simple', 92, NULL, 1),
(487, 15, 20, 'simple', 93, NULL, 1),
(490, 244, 2, 'titletext', 366, NULL, 1),
(492, 245, 2, 'body', 368, NULL, 1),
(493, 246, 2, 'titletext', 369, NULL, 1),
(494, 246, 2, 'body', 370, NULL, 1),
(495, 247, 2, 'titletext', 371, NULL, 1),
(498, 248, 2, 'titletext', 374, NULL, 1),
(499, 248, 2, 'body', 375, NULL, 1),
(508, 250, 2, 'titletext', 382, NULL, 1),
(503, 249, 2, 'body', 379, NULL, 1),
(510, 66, 2, 'roi_tip_nzagrc_journal_name_deta', 384, NULL, 1),
(514, 72, 2, 'rightside', 388, NULL, 1);

-- --------------------------------------------------------

--
