-- Table structure for table `mix_image_category`
--

CREATE TABLE `mix_image_category` (
  `image_category_id` int(11) NOT NULL,
  `name` varchar(255) COLLATE utf8_unicode_ci NOT NULL DEFAULT ''
) ENGINE=MyISAM DEFAULT CHARSET=utf8 COLLATE=utf8_unicode_ci;

--
-- Dumping data for table `mix_image_category`
--

INSERT INTO `mix_image_category` (`image_category_id`, `name`) VALUES
(1, 'Default image category'),
(2, 'Gallery - Header'),
(3, 'Gallery - Members'),
(4, 'Gallery - Members'),
(5, 'Gallery - Members'),
(6, 'Gallery - Images'),
(7, 'News'),
(8, 'conference'),
(9, 'Infrastructure'),
(10, 'Gallery - locations'),
(11, 'people'),
(12, 'Gallery - NZAGRC infrastructure'),
(13, 'Gallery - Gallery 2'),
(14, 'WhoWeAre'),
(15, 'Logos'),
(16, 'Tables/Diagrams'),
(17, 'Publications'),
(18, 'Members'),
(19, 'Release pages'),
(20, 'Story images'),
(21, 'ROI'),
(22, 'Gallery - NZAGRC'),
(23, 'conference'),
(24, 'Gallery - Research'),
(25, 'Gallery - Conference 2017'),
(26, 'Gallery - Conference 2017'),
(27, 'Gallery - NZAGRC: Information on agricultural greenhouse gases'),
(28, 'Home'),
(29, 'Gallery - Spikey'),
(30, 'Gallery - Respiration chambers'),
(31, 'poster'),
(32, 'webinar'),
(33, 'Bastion');

-- --------------------------------------------------------

--
-- Table structure for table `mix_image_language`
--

CREATE TABLE `mix_image_language` (
  `image_id` int(11) NOT NULL,
  `language_id` int(11) NOT NULL,
  `field_key` varchar(50) COLLATE utf8_unicode_ci NOT NULL,
  `field_value` text COLLATE utf8_unicode_ci NOT NULL
) ENGINE=MyISAM DEFAULT CHARSET=utf8 COLLATE=utf8_unicode_ci;

-- --------------------------------------------------------

--
-- Table structure for table `mix_image_md5_upload`
--

CREATE TABLE `mix_image_md5_upload` (
  `image_id` int(11) NOT NULL,
  `md5` varchar(32) COLLATE utf8_unicode_ci NOT NULL
) ENGINE=MyISAM DEFAULT CHARSET=utf8 COLLATE=utf8_unicode_ci;

--
-- Dumping data for table `mix_image_md5_upload`
--

INSERT INTO `mix_image_md5_upload` (`image_id`, `md5`) VALUES
(13, '98567048956720485672098567249586'),
(18, '98567048956720485672098567249586'),
(19, '98567048956720485672098567249586'),
(20, '98567048956720485672098567249586'),
(21, '98567048956720485672098567249586'),
(22, '98567048956720485672098567249586'),
(23, '98567048956720485672098567249586'),
(24, '98567048956720485672098567249586'),
(25, '98567048956720485672098567249586'),
(26, '98567048956720485672098567249586'),
(27, '98567048956720485672098567249586'),
(28, '98567048956720485672098567249586'),
(29, '98567048956720485672098567249586'),
(32, '1f15018d938f13d299ea36cffabbacfb'),
(52, '1f15018d938f13d299ea36cffabbacfb'),
(53, '1f15018d938f13d299ea36cffabbacfb'),
(54, '1f15018d938f13d299ea36cffabbacfb'),
(60, '98567048956720485672098567249586'),
(61, '98567048956720485672098567249586'),
(62, '98567048956720485672098567249586'),
(63, '98567048956720485672098567249586'),
(64, '98567048956720485672098567249586'),
(65, '98567048956720485672098567249586'),
(66, '98567048956720485672098567249586'),
(67, '98567048956720485672098567249586'),
(68, '98567048956720485672098567249586'),
(74, 'dfc4845a7bd4e0de22c3804acd3fd9f2'),
(75, 'dfc4845a7bd4e0de22c3804acd3fd9f2'),
(76, 'dfc4845a7bd4e0de22c3804acd3fd9f2'),
(77, 'dfc4845a7bd4e0de22c3804acd3fd9f2'),
(79, 'dfc4845a7bd4e0de22c3804acd3fd9f2'),
(83, '9bacf6a431a6515b40759c42375789a1'),
(84, '9bacf6a431a6515b40759c42375789a1'),
(85, '9bacf6a431a6515b40759c42375789a1'),
(86, '9bacf6a431a6515b40759c42375789a1'),
(95, '1f15018d938f13d299ea36cffabbacfb'),
(96, '1f15018d938f13d299ea36cffabbacfb'),
(97, '1f15018d938f13d299ea36cffabbacfb'),
(98, '1f15018d938f13d299ea36cffabbacfb'),
(99, '1f15018d938f13d299ea36cffabbacfb'),
(100, '1f15018d938f13d299ea36cffabbacfb'),
(101, '1f15018d938f13d299ea36cffabbacfb'),
(102, '1f15018d938f13d299ea36cffabbacfb'),
(103, '1f15018d938f13d299ea36cffabbacfb'),
(104, '1f15018d938f13d299ea36cffabbacfb'),
(105, '1f15018d938f13d299ea36cffabbacfb'),
(106, '1f15018d938f13d299ea36cffabbacfb'),
(107, '1f15018d938f13d299ea36cffabbacfb'),
(108, '9bacf6a431a6515b40759c42375789a1'),
(109, '9bacf6a431a6515b40759c42375789a1'),
(110, '9bacf6a431a6515b40759c42375789a1'),
(111, 'dfc4845a7bd4e0de22c3804acd3fd9f2'),
(112, 'dfc4845a7bd4e0de22c3804acd3fd9f2'),
(113, 'dfc4845a7bd4e0de22c3804acd3fd9f2'),
(114, 'dfc4845a7bd4e0de22c3804acd3fd9f2'),
(115, 'dfc4845a7bd4e0de22c3804acd3fd9f2'),
(116, 'dfc4845a7bd4e0de22c3804acd3fd9f2'),
(117, 'dfc4845a7bd4e0de22c3804acd3fd9f2'),
(118, 'dfc4845a7bd4e0de22c3804acd3fd9f2'),
(119, 'dfc4845a7bd4e0de22c3804acd3fd9f2'),
(120, 'dfc4845a7bd4e0de22c3804acd3fd9f2'),
(121, 'dfc4845a7bd4e0de22c3804acd3fd9f2'),
(122, 'dfc4845a7bd4e0de22c3804acd3fd9f2'),
(123, 'dfc4845a7bd4e0de22c3804acd3fd9f2'),
(124, 'dfc4845a7bd4e0de22c3804acd3fd9f2'),
(125, 'dfc4845a7bd4e0de22c3804acd3fd9f2'),
(126, 'dfc4845a7bd4e0de22c3804acd3fd9f2'),
(127, 'dfc4845a7bd4e0de22c3804acd3fd9f2'),
(128, 'dfc4845a7bd4e0de22c3804acd3fd9f2'),
(129, 'dfc4845a7bd4e0de22c3804acd3fd9f2'),
(130, 'dfc4845a7bd4e0de22c3804acd3fd9f2'),
(131, 'dfc4845a7bd4e0de22c3804acd3fd9f2'),
(132, 'dfc4845a7bd4e0de22c3804acd3fd9f2'),
(133, 'dfc4845a7bd4e0de22c3804acd3fd9f2'),
(134, 'dfc4845a7bd4e0de22c3804acd3fd9f2'),
(135, 'dfc4845a7bd4e0de22c3804acd3fd9f2'),
(136, '1f15018d938f13d299ea36cffabbacfb'),
(137, '1f15018d938f13d299ea36cffabbacfb'),
(138, '1f15018d938f13d299ea36cffabbacfb'),
(139, '1f15018d938f13d299ea36cffabbacfb'),
(140, '1f15018d938f13d299ea36cffabbacfb'),
(141, '1f15018d938f13d299ea36cffabbacfb'),
(142, '1f15018d938f13d299ea36cffabbacfb'),
(143, '1f15018d938f13d299ea36cffabbacfb'),
(144, '1f15018d938f13d299ea36cffabbacfb'),
(145, '1f15018d938f13d299ea36cffabbacfb'),
(146, '1f15018d938f13d299ea36cffabbacfb'),
(152, '1f15018d938f13d299ea36cffabbacfb'),
(153, '1f15018d938f13d299ea36cffabbacfb'),
(154, '1f15018d938f13d299ea36cffabbacfb'),
(155, '1f15018d938f13d299ea36cffabbacfb'),
(156, '1f15018d938f13d299ea36cffabbacfb'),
(157, '1f15018d938f13d299ea36cffabbacfb'),
(158, '1f15018d938f13d299ea36cffabbacfb'),
(159, '1f15018d938f13d299ea36cffabbacfb'),
(160, '1f15018d938f13d299ea36cffabbacfb'),
(161, '1f15018d938f13d299ea36cffabbacfb'),
(162, '1f15018d938f13d299ea36cffabbacfb'),
(163, '1f15018d938f13d299ea36cffabbacfb'),
(164, '1f15018d938f13d299ea36cffabbacfb'),
(165, '1f15018d938f13d299ea36cffabbacfb'),
(166, '1f15018d938f13d299ea36cffabbacfb'),
(167, '1f15018d938f13d299ea36cffabbacfb'),
(168, '1f15018d938f13d299ea36cffabbacfb'),
(169, '1f15018d938f13d299ea36cffabbacfb'),
(170, '4938c5931ba2a6dbb2b3928c37027db4'),
(171, '1f15018d938f13d299ea36cffabbacfb'),
(172, '1f15018d938f13d299ea36cffabbacfb'),
(173, '1f15018d938f13d299ea36cffabbacfb'),
(174, '1f15018d938f13d299ea36cffabbacfb'),
(175, '9bacf6a431a6515b40759c42375789a1'),
(176, '9bacf6a431a6515b40759c42375789a1'),
(177, '9bacf6a431a6515b40759c42375789a1'),
(178, '1f15018d938f13d299ea36cffabbacfb'),
(179, '1f15018d938f13d299ea36cffabbacfb'),
(180, '1f15018d938f13d299ea36cffabbacfb'),
(181, '1f15018d938f13d299ea36cffabbacfb'),
(182, '1f15018d938f13d299ea36cffabbacfb'),
(183, '1f15018d938f13d299ea36cffabbacfb'),
(184, '1f15018d938f13d299ea36cffabbacfb'),
(191, '9bacf6a431a6515b40759c42375789a1'),
(192, '9bacf6a431a6515b40759c42375789a1'),
(193, '9bacf6a431a6515b40759c42375789a1'),
(194, '9bacf6a431a6515b40759c42375789a1'),
(195, '9bacf6a431a6515b40759c42375789a1'),
(196, '9bacf6a431a6515b40759c42375789a1'),
(197, '9bacf6a431a6515b40759c42375789a1'),
(198, '9bacf6a431a6515b40759c42375789a1'),
(199, '9bacf6a431a6515b40759c42375789a1'),
(200, '9bacf6a431a6515b40759c42375789a1'),
(201, '9bacf6a431a6515b40759c42375789a1'),
(202, '9bacf6a431a6515b40759c42375789a1'),
(203, '9bacf6a431a6515b40759c42375789a1'),
(204, '9bacf6a431a6515b40759c42375789a1'),
(205, '9bacf6a431a6515b40759c42375789a1'),
(206, '9bacf6a431a6515b40759c42375789a1'),
(207, '1f15018d938f13d299ea36cffabbacfb'),
(208, '1f15018d938f13d299ea36cffabbacfb'),
(209, '1f15018d938f13d299ea36cffabbacfb'),
(210, '1f15018d938f13d299ea36cffabbacfb'),
(211, '1f15018d938f13d299ea36cffabbacfb'),
(212, '1f15018d938f13d299ea36cffabbacfb'),
(213, '1f15018d938f13d299ea36cffabbacfb'),
(214, '1f15018d938f13d299ea36cffabbacfb'),
(215, '1f15018d938f13d299ea36cffabbacfb'),
(216, '1f15018d938f13d299ea36cffabbacfb'),
(217, '1f15018d938f13d299ea36cffabbacfb'),
(218, '1f15018d938f13d299ea36cffabbacfb'),
(219, '1f15018d938f13d299ea36cffabbacfb'),
(220, '1f15018d938f13d299ea36cffabbacfb'),
(221, '1f15018d938f13d299ea36cffabbacfb'),
(222, '1f15018d938f13d299ea36cffabbacfb'),
(223, '1f15018d938f13d299ea36cffabbacfb'),
(224, '1f15018d938f13d299ea36cffabbacfb'),
(225, '1f15018d938f13d299ea36cffabbacfb'),
(226, '1f15018d938f13d299ea36cffabbacfb'),
(227, '1f15018d938f13d299ea36cffabbacfb'),
(228, '1f15018d938f13d299ea36cffabbacfb'),
(229, '1f15018d938f13d299ea36cffabbacfb'),
(235, '1f15018d938f13d299ea36cffabbacfb'),
(236, '1f15018d938f13d299ea36cffabbacfb'),
(237, '9bacf6a431a6515b40759c42375789a1'),
(238, '9bacf6a431a6515b40759c42375789a1'),
(239, '9bacf6a431a6515b40759c42375789a1'),
(240, '9bacf6a431a6515b40759c42375789a1'),
(242, '9bacf6a431a6515b40759c42375789a1'),
(243, '9bacf6a431a6515b40759c42375789a1'),
(244, '9bacf6a431a6515b40759c42375789a1'),
(245, '9bacf6a431a6515b40759c42375789a1'),
(246, '9bacf6a431a6515b40759c42375789a1'),
(247, '9bacf6a431a6515b40759c42375789a1'),
(248, '9bacf6a431a6515b40759c42375789a1'),
(249, '9bacf6a431a6515b40759c42375789a1'),
(250, '1f15018d938f13d299ea36cffabbacfb'),
(251, '1f15018d938f13d299ea36cffabbacfb'),
(252, '1f15018d938f13d299ea36cffabbacfb'),
(253, '1f15018d938f13d299ea36cffabbacfb'),
(254, '1f15018d938f13d299ea36cffabbacfb'),
(255, '1f15018d938f13d299ea36cffabbacfb'),
(256, '1f15018d938f13d299ea36cffabbacfb'),
(257, '1f15018d938f13d299ea36cffabbacfb'),
(258, '1f15018d938f13d299ea36cffabbacfb'),
(259, '1f15018d938f13d299ea36cffabbacfb'),
(260, '1f15018d938f13d299ea36cffabbacfb'),
(261, '1f15018d938f13d299ea36cffabbacfb'),
(262, '1f15018d938f13d299ea36cffabbacfb'),
(263, '1f15018d938f13d299ea36cffabbacfb'),
(264, '1f15018d938f13d299ea36cffabbacfb'),
(265, '1f15018d938f13d299ea36cffabbacfb'),
(266, '1f15018d938f13d299ea36cffabbacfb'),
(267, '1f15018d938f13d299ea36cffabbacfb'),
(268, '1f15018d938f13d299ea36cffabbacfb'),
(269, '1f15018d938f13d299ea36cffabbacfb'),
(270, '1f15018d938f13d299ea36cffabbacfb'),
(271, '9bacf6a431a6515b40759c42375789a1'),
(272, '9bacf6a431a6515b40759c42375789a1'),
(273, '9bacf6a431a6515b40759c42375789a1'),
(274, '9bacf6a431a6515b40759c42375789a1'),
(275, '9bacf6a431a6515b40759c42375789a1'),
(276, '9bacf6a431a6515b40759c42375789a1'),
(277, '9bacf6a431a6515b40759c42375789a1'),
(278, '9bacf6a431a6515b40759c42375789a1'),
(279, '9bacf6a431a6515b40759c42375789a1'),
(280, '9bacf6a431a6515b40759c42375789a1'),
(281, '9bacf6a431a6515b40759c42375789a1'),
(282, '9bacf6a431a6515b40759c42375789a1'),
(283, '9bacf6a431a6515b40759c42375789a1'),
(284, '9bacf6a431a6515b40759c42375789a1'),
(285, '9bacf6a431a6515b40759c42375789a1'),
(286, '9bacf6a431a6515b40759c42375789a1'),
(287, '9bacf6a431a6515b40759c42375789a1'),
(288, '9bacf6a431a6515b40759c42375789a1'),
(289, '9bacf6a431a6515b40759c42375789a1'),
(290, '9bacf6a431a6515b40759c42375789a1'),
(291, '9bacf6a431a6515b40759c42375789a1'),
(292, '9bacf6a431a6515b40759c42375789a1'),
(293, '9bacf6a431a6515b40759c42375789a1'),
(294, '9bacf6a431a6515b40759c42375789a1'),
(295, '9bacf6a431a6515b40759c42375789a1'),
(296, '9bacf6a431a6515b40759c42375789a1'),
(297, '9bacf6a431a6515b40759c42375789a1'),
(298, '9bacf6a431a6515b40759c42375789a1'),
(299, '9bacf6a431a6515b40759c42375789a1'),
(300, '9bacf6a431a6515b40759c42375789a1'),
(301, '9bacf6a431a6515b40759c42375789a1'),
(302, '9bacf6a431a6515b40759c42375789a1'),
(303, '9bacf6a431a6515b40759c42375789a1'),
(304, '9bacf6a431a6515b40759c42375789a1'),
(305, '9bacf6a431a6515b40759c42375789a1'),
(306, '9bacf6a431a6515b40759c42375789a1'),
(307, '9bacf6a431a6515b40759c42375789a1'),
(308, '9bacf6a431a6515b40759c42375789a1'),
(309, '9bacf6a431a6515b40759c42375789a1'),
(310, '9bacf6a431a6515b40759c42375789a1'),
(311, '9bacf6a431a6515b40759c42375789a1'),
(312, '9bacf6a431a6515b40759c42375789a1'),
(313, '9bacf6a431a6515b40759c42375789a1'),
(314, '9bacf6a431a6515b40759c42375789a1'),
(315, '9bacf6a431a6515b40759c42375789a1'),
(316, '9bacf6a431a6515b40759c42375789a1'),
(317, '9bacf6a431a6515b40759c42375789a1'),
(318, '9bacf6a431a6515b40759c42375789a1'),
(319, '9bacf6a431a6515b40759c42375789a1'),
(320, '9bacf6a431a6515b40759c42375789a1'),
(321, '9bacf6a431a6515b40759c42375789a1'),
(322, '9bacf6a431a6515b40759c42375789a1'),
(323, '9bacf6a431a6515b40759c42375789a1'),
(324, '9bacf6a431a6515b40759c42375789a1'),
(325, '9bacf6a431a6515b40759c42375789a1'),
(326, '9bacf6a431a6515b40759c42375789a1'),
(327, '9bacf6a431a6515b40759c42375789a1'),
(328, '9bacf6a431a6515b40759c42375789a1'),
(329, '9bacf6a431a6515b40759c42375789a1'),
(330, '9bacf6a431a6515b40759c42375789a1'),
(331, '9bacf6a431a6515b40759c42375789a1'),
(332, '9bacf6a431a6515b40759c42375789a1'),
(333, '9bacf6a431a6515b40759c42375789a1'),
(334, '9bacf6a431a6515b40759c42375789a1'),
(335, '9bacf6a431a6515b40759c42375789a1'),
(336, '9bacf6a431a6515b40759c42375789a1'),
(337, '9bacf6a431a6515b40759c42375789a1'),
(338, '9bacf6a431a6515b40759c42375789a1'),
(339, '9bacf6a431a6515b40759c42375789a1'),
(340, ''),
(341, 'fa7c50e8d82c4fe3b6ba9e3487d84b72'),
(342, '9bacf6a431a6515b40759c42375789a1'),
(343, '9bacf6a431a6515b40759c42375789a1'),
(344, '9bacf6a431a6515b40759c42375789a1'),
(345, '9bacf6a431a6515b40759c42375789a1'),
(346, '9bacf6a431a6515b40759c42375789a1'),
(347, '9bacf6a431a6515b40759c42375789a1'),
(348, '9bacf6a431a6515b40759c42375789a1'),
(349, '9bacf6a431a6515b40759c42375789a1'),
(350, '9bacf6a431a6515b40759c42375789a1'),
(351, '9bacf6a431a6515b40759c42375789a1'),
(352, '9bacf6a431a6515b40759c42375789a1'),
(353, '9bacf6a431a6515b40759c42375789a1'),
(354, '9bacf6a431a6515b40759c42375789a1'),
(355, '9bacf6a431a6515b40759c42375789a1'),
(356, '9bacf6a431a6515b40759c42375789a1'),
(357, '9bacf6a431a6515b40759c42375789a1'),
(358, '9bacf6a431a6515b40759c42375789a1'),
(359, '9bacf6a431a6515b40759c42375789a1'),
(360, '9bacf6a431a6515b40759c42375789a1'),
(361, '9bacf6a431a6515b40759c42375789a1'),
(362, '9bacf6a431a6515b40759c42375789a1'),
(363, '9bacf6a431a6515b40759c42375789a1'),
(364, '9bacf6a431a6515b40759c42375789a1'),
(365, '9bacf6a431a6515b40759c42375789a1'),
(366, '9bacf6a431a6515b40759c42375789a1'),
(367, '9bacf6a431a6515b40759c42375789a1'),
(368, '9bacf6a431a6515b40759c42375789a1'),
(369, '9bacf6a431a6515b40759c42375789a1'),
(370, '9bacf6a431a6515b40759c42375789a1'),
(371, '9bacf6a431a6515b40759c42375789a1'),
(372, '9bacf6a431a6515b40759c42375789a1'),
(373, '9bacf6a431a6515b40759c42375789a1'),
(374, '9bacf6a431a6515b40759c42375789a1'),
(375, '9bacf6a431a6515b40759c42375789a1'),
(376, '9bacf6a431a6515b40759c42375789a1'),
(377, '9bacf6a431a6515b40759c42375789a1'),
(378, '9bacf6a431a6515b40759c42375789a1'),
(379, '9bacf6a431a6515b40759c42375789a1'),
(380, '9bacf6a431a6515b40759c42375789a1'),
(381, '9bacf6a431a6515b40759c42375789a1'),
(382, '9bacf6a431a6515b40759c42375789a1'),
(383, '9bacf6a431a6515b40759c42375789a1'),
(384, '9bacf6a431a6515b40759c42375789a1'),
(385, '9bacf6a431a6515b40759c42375789a1'),
(386, '9bacf6a431a6515b40759c42375789a1'),
(387, '9bacf6a431a6515b40759c42375789a1'),
(388, '9bacf6a431a6515b40759c42375789a1'),
(389, '9bacf6a431a6515b40759c42375789a1'),
(390, '9bacf6a431a6515b40759c42375789a1'),
(391, '9bacf6a431a6515b40759c42375789a1'),
(392, '9bacf6a431a6515b40759c42375789a1'),
(393, '9bacf6a431a6515b40759c42375789a1'),
(394, '9bacf6a431a6515b40759c42375789a1'),
(395, '9bacf6a431a6515b40759c42375789a1'),
(396, '9bacf6a431a6515b40759c42375789a1'),
(397, '9bacf6a431a6515b40759c42375789a1'),
(398, '9bacf6a431a6515b40759c42375789a1'),
(399, '9bacf6a431a6515b40759c42375789a1'),
(400, '9bacf6a431a6515b40759c42375789a1'),
(401, '9bacf6a431a6515b40759c42375789a1'),
(402, '9bacf6a431a6515b40759c42375789a1'),
(403, '9bacf6a431a6515b40759c42375789a1'),
(404, '9bacf6a431a6515b40759c42375789a1'),
(405, '9bacf6a431a6515b40759c42375789a1'),
(406, '9bacf6a431a6515b40759c42375789a1'),
(407, '9bacf6a431a6515b40759c42375789a1'),
(408, '9bacf6a431a6515b40759c42375789a1'),
(409, '9bacf6a431a6515b40759c42375789a1'),
(410, '9bacf6a431a6515b40759c42375789a1'),
(411, '9bacf6a431a6515b40759c42375789a1'),
(412, '9bacf6a431a6515b40759c42375789a1'),
(413, '9bacf6a431a6515b40759c42375789a1'),
(414, '9bacf6a431a6515b40759c42375789a1'),
(415, '9bacf6a431a6515b40759c42375789a1'),
(416, '9bacf6a431a6515b40759c42375789a1'),
(417, '9bacf6a431a6515b40759c42375789a1'),
(418, '9bacf6a431a6515b40759c42375789a1'),
(419, '9bacf6a431a6515b40759c42375789a1'),
(420, '9bacf6a431a6515b40759c42375789a1'),
(421, '9bacf6a431a6515b40759c42375789a1'),
(422, '9bacf6a431a6515b40759c42375789a1'),
(423, '9bacf6a431a6515b40759c42375789a1'),
(425, '9bacf6a431a6515b40759c42375789a1'),
(426, '9bacf6a431a6515b40759c42375789a1'),
(427, '9bacf6a431a6515b40759c42375789a1'),
(428, '9bacf6a431a6515b40759c42375789a1'),
(429, '9bacf6a431a6515b40759c42375789a1'),
(430, '9bacf6a431a6515b40759c42375789a1'),
(431, '9bacf6a431a6515b40759c42375789a1'),
(432, '9bacf6a431a6515b40759c42375789a1'),
(433, '9bacf6a431a6515b40759c42375789a1'),
(434, '9bacf6a431a6515b40759c42375789a1'),
(435, '9bacf6a431a6515b40759c42375789a1'),
(436, '9bacf6a431a6515b40759c42375789a1'),
(437, '9bacf6a431a6515b40759c42375789a1'),
(438, '9bacf6a431a6515b40759c42375789a1'),
(439, '9bacf6a431a6515b40759c42375789a1'),
(440, '9bacf6a431a6515b40759c42375789a1'),
(441, '9bacf6a431a6515b40759c42375789a1'),
(442, '9bacf6a431a6515b40759c42375789a1'),
(444, '9bacf6a431a6515b40759c42375789a1'),
(445, '9bacf6a431a6515b40759c42375789a1'),
(447, '9bacf6a431a6515b40759c42375789a1'),
(448, '9bacf6a431a6515b40759c42375789a1'),
(449, '9bacf6a431a6515b40759c42375789a1'),
(450, '9bacf6a431a6515b40759c42375789a1'),
(473, '9bacf6a431a6515b40759c42375789a1'),
(474, '9bacf6a431a6515b40759c42375789a1'),
(475, '9bacf6a431a6515b40759c42375789a1'),
(476, '9bacf6a431a6515b40759c42375789a1'),
(477, '9bacf6a431a6515b40759c42375789a1'),
(478, '9bacf6a431a6515b40759c42375789a1'),
(479, '9bacf6a431a6515b40759c42375789a1'),
(480, '9bacf6a431a6515b40759c42375789a1'),
(481, '9bacf6a431a6515b40759c42375789a1'),
(482, '9bacf6a431a6515b40759c42375789a1'),
(483, '9bacf6a431a6515b40759c42375789a1'),
(484, '9bacf6a431a6515b40759c42375789a1'),
(485, '9bacf6a431a6515b40759c42375789a1'),
(486, '9bacf6a431a6515b40759c42375789a1'),
(487, '9bacf6a431a6515b40759c42375789a1'),
(488, '9bacf6a431a6515b40759c42375789a1'),
(489, '9bacf6a431a6515b40759c42375789a1'),
(490, '9bacf6a431a6515b40759c42375789a1'),
(491, '9bacf6a431a6515b40759c42375789a1'),
(492, '9bacf6a431a6515b40759c42375789a1'),
(493, '9bacf6a431a6515b40759c42375789a1'),
(494, '9bacf6a431a6515b40759c42375789a1'),
(495, '9bacf6a431a6515b40759c42375789a1'),
(496, '9bacf6a431a6515b40759c42375789a1'),
(497, '9bacf6a431a6515b40759c42375789a1'),
(498, '9bacf6a431a6515b40759c42375789a1'),
(499, '9bacf6a431a6515b40759c42375789a1'),
(500, '9bacf6a431a6515b40759c42375789a1'),
(501, '9bacf6a431a6515b40759c42375789a1'),
(502, '9bacf6a431a6515b40759c42375789a1'),
(503, '9bacf6a431a6515b40759c42375789a1'),
(504, '9bacf6a431a6515b40759c42375789a1'),
(505, '9bacf6a431a6515b40759c42375789a1'),
(506, '9bacf6a431a6515b40759c42375789a1'),
(507, '9bacf6a431a6515b40759c42375789a1'),
(508, '9bacf6a431a6515b40759c42375789a1'),
(509, '9bacf6a431a6515b40759c42375789a1'),
(510, '9bacf6a431a6515b40759c42375789a1'),
(511, '9bacf6a431a6515b40759c42375789a1'),
(512, '9bacf6a431a6515b40759c42375789a1'),
(513, '9bacf6a431a6515b40759c42375789a1'),
(514, '9bacf6a431a6515b40759c42375789a1'),
(515, '9bacf6a431a6515b40759c42375789a1'),
(516, '9bacf6a431a6515b40759c42375789a1'),
(517, '9bacf6a431a6515b40759c42375789a1'),
(518, '9bacf6a431a6515b40759c42375789a1'),
(519, '9bacf6a431a6515b40759c42375789a1'),
(520, '9bacf6a431a6515b40759c42375789a1'),
(521, '9bacf6a431a6515b40759c42375789a1'),
(522, 'f7cd8a53890c574d5e4f222677b72390'),
(523, '6a7c44414776eea3b4b0a3a0e2c9dace'),
(524, '9bacf6a431a6515b40759c42375789a1'),
(525, '9bacf6a431a6515b40759c42375789a1'),
(526, '9bacf6a431a6515b40759c42375789a1'),
(527, '9bacf6a431a6515b40759c42375789a1'),
(528, '9bacf6a431a6515b40759c42375789a1'),
(529, '9bacf6a431a6515b40759c42375789a1'),
(530, '9bacf6a431a6515b40759c42375789a1'),
(531, '9bacf6a431a6515b40759c42375789a1'),
(532, '9bacf6a431a6515b40759c42375789a1'),
(533, '9bacf6a431a6515b40759c42375789a1'),
(534, '9bacf6a431a6515b40759c42375789a1'),
(535, '9bacf6a431a6515b40759c42375789a1'),
(536, '9bacf6a431a6515b40759c42375789a1'),
(537, '9bacf6a431a6515b40759c42375789a1'),
(538, '9bacf6a431a6515b40759c42375789a1'),
(539, '9bacf6a431a6515b40759c42375789a1'),
(540, '9bacf6a431a6515b40759c42375789a1'),
(541, '9bacf6a431a6515b40759c42375789a1'),
(542, '9bacf6a431a6515b40759c42375789a1'),
(543, '9bacf6a431a6515b40759c42375789a1'),
(544, '9bacf6a431a6515b40759c42375789a1'),
(545, '9bacf6a431a6515b40759c42375789a1'),
(546, '9bacf6a431a6515b40759c42375789a1'),
(547, '9bacf6a431a6515b40759c42375789a1'),
(548, '9bacf6a431a6515b40759c42375789a1'),
(549, '9bacf6a431a6515b40759c42375789a1'),
(550, '9bacf6a431a6515b40759c42375789a1'),
(551, '9bacf6a431a6515b40759c42375789a1'),
(552, '9bacf6a431a6515b40759c42375789a1'),
(553, '9bacf6a431a6515b40759c42375789a1'),
(554, '9bacf6a431a6515b40759c42375789a1'),
(555, '9bacf6a431a6515b40759c42375789a1'),
(556, '9bacf6a431a6515b40759c42375789a1'),
(557, '9bacf6a431a6515b40759c42375789a1'),
(558, '9bacf6a431a6515b40759c42375789a1'),
(559, '9bacf6a431a6515b40759c42375789a1'),
(560, '9bacf6a431a6515b40759c42375789a1'),
(561, '9bacf6a431a6515b40759c42375789a1'),
(562, '9bacf6a431a6515b40759c42375789a1'),
(563, '9bacf6a431a6515b40759c42375789a1'),
(564, '9bacf6a431a6515b40759c42375789a1'),
(565, '9bacf6a431a6515b40759c42375789a1'),
(566, '9bacf6a431a6515b40759c42375789a1'),
(567, '9bacf6a431a6515b40759c42375789a1'),
(568, '9bacf6a431a6515b40759c42375789a1'),
(569, '9bacf6a431a6515b40759c42375789a1'),
(570, '9bacf6a431a6515b40759c42375789a1'),
(571, '9bacf6a431a6515b40759c42375789a1'),
(572, '9bacf6a431a6515b40759c42375789a1'),
(573, '9bacf6a431a6515b40759c42375789a1'),
(574, '9bacf6a431a6515b40759c42375789a1'),
(575, '9bacf6a431a6515b40759c42375789a1'),
(578, '9bacf6a431a6515b40759c42375789a1'),
(579, '9bacf6a431a6515b40759c42375789a1'),
(580, '9bacf6a431a6515b40759c42375789a1'),
(581, '9bacf6a431a6515b40759c42375789a1'),
(582, '9bacf6a431a6515b40759c42375789a1'),
(583, '9bacf6a431a6515b40759c42375789a1'),
(584, '9bacf6a431a6515b40759c42375789a1'),
(586, '9bacf6a431a6515b40759c42375789a1'),
(587, '9bacf6a431a6515b40759c42375789a1'),
(588, '9bacf6a431a6515b40759c42375789a1'),
(589, '9bacf6a431a6515b40759c42375789a1'),
(590, '9bacf6a431a6515b40759c42375789a1'),
(591, '9bacf6a431a6515b40759c42375789a1'),
(592, '9bacf6a431a6515b40759c42375789a1'),
(593, '9bacf6a431a6515b40759c42375789a1'),
(594, '9bacf6a431a6515b40759c42375789a1'),
(595, '9bacf6a431a6515b40759c42375789a1'),
(596, '9bacf6a431a6515b40759c42375789a1'),
(598, '9bacf6a431a6515b40759c42375789a1'),
(599, '9bacf6a431a6515b40759c42375789a1'),
(600, '9bacf6a431a6515b40759c42375789a1'),
(601, '9bacf6a431a6515b40759c42375789a1'),
(602, '9bacf6a431a6515b40759c42375789a1'),
(603, '9bacf6a431a6515b40759c42375789a1'),
(604, '9bacf6a431a6515b40759c42375789a1'),
(605, '9bacf6a431a6515b40759c42375789a1'),
(606, '9bacf6a431a6515b40759c42375789a1'),
(607, '9bacf6a431a6515b40759c42375789a1'),
(608, '9bacf6a431a6515b40759c42375789a1'),
(609, '9bacf6a431a6515b40759c42375789a1'),
(610, '9bacf6a431a6515b40759c42375789a1'),
(611, '9bacf6a431a6515b40759c42375789a1'),
(612, '9bacf6a431a6515b40759c42375789a1'),
(613, '9bacf6a431a6515b40759c42375789a1'),
(614, '9bacf6a431a6515b40759c42375789a1'),
(615, '9bacf6a431a6515b40759c42375789a1'),
(616, '9bacf6a431a6515b40759c42375789a1'),
(617, '9bacf6a431a6515b40759c42375789a1'),
(618, '9bacf6a431a6515b40759c42375789a1'),
(619, '9bacf6a431a6515b40759c42375789a1'),
(620, '9bacf6a431a6515b40759c42375789a1'),
(621, '9bacf6a431a6515b40759c42375789a1'),
(622, '9bacf6a431a6515b40759c42375789a1'),
(623, '9bacf6a431a6515b40759c42375789a1'),
(624, '9bacf6a431a6515b40759c42375789a1'),
(625, '9bacf6a431a6515b40759c42375789a1'),
(626, '9bacf6a431a6515b40759c42375789a1'),
(627, '9bacf6a431a6515b40759c42375789a1'),
(628, '9bacf6a431a6515b40759c42375789a1'),
(629, '9bacf6a431a6515b40759c42375789a1'),
(630, '9bacf6a431a6515b40759c42375789a1'),
(631, '9bacf6a431a6515b40759c42375789a1'),
(632, '9bacf6a431a6515b40759c42375789a1'),
(633, '9bacf6a431a6515b40759c42375789a1'),
(634, '9bacf6a431a6515b40759c42375789a1'),
(635, '9bacf6a431a6515b40759c42375789a1'),
(636, '9bacf6a431a6515b40759c42375789a1'),
(637, '9bacf6a431a6515b40759c42375789a1'),
(638, '9bacf6a431a6515b40759c42375789a1'),
(639, '9bacf6a431a6515b40759c42375789a1'),
(640, '9bacf6a431a6515b40759c42375789a1'),
(641, '9bacf6a431a6515b40759c42375789a1'),
(642, '9bacf6a431a6515b40759c42375789a1'),
(643, '9bacf6a431a6515b40759c42375789a1'),
(644, '9bacf6a431a6515b40759c42375789a1'),
(645, '9bacf6a431a6515b40759c42375789a1'),
(646, '9bacf6a431a6515b40759c42375789a1'),
(647, '9bacf6a431a6515b40759c42375789a1'),
(648, '9bacf6a431a6515b40759c42375789a1'),
(649, '9bacf6a431a6515b40759c42375789a1'),
(650, '9bacf6a431a6515b40759c42375789a1'),
(651, '9bacf6a431a6515b40759c42375789a1'),
(652, '9bacf6a431a6515b40759c42375789a1'),
(653, '9bacf6a431a6515b40759c42375789a1'),
(654, '9bacf6a431a6515b40759c42375789a1'),
(655, '9bacf6a431a6515b40759c42375789a1'),
(656, '9bacf6a431a6515b40759c42375789a1'),
(657, '9bacf6a431a6515b40759c42375789a1'),
(658, '9bacf6a431a6515b40759c42375789a1'),
(659, '9bacf6a431a6515b40759c42375789a1'),
(660, '9bacf6a431a6515b40759c42375789a1'),
(661, '9bacf6a431a6515b40759c42375789a1'),
(662, '9bacf6a431a6515b40759c42375789a1'),
(663, '9bacf6a431a6515b40759c42375789a1'),
(664, '9bacf6a431a6515b40759c42375789a1'),
(665, '9bacf6a431a6515b40759c42375789a1'),
(666, '9bacf6a431a6515b40759c42375789a1'),
(667, '9bacf6a431a6515b40759c42375789a1'),
(668, '9bacf6a431a6515b40759c42375789a1'),
(669, '9bacf6a431a6515b40759c42375789a1'),
(670, '9bacf6a431a6515b40759c42375789a1'),
(671, '9bacf6a431a6515b40759c42375789a1'),
(672, '9bacf6a431a6515b40759c42375789a1'),
(673, '9bacf6a431a6515b40759c42375789a1'),
(674, '9bacf6a431a6515b40759c42375789a1'),
(675, '9bacf6a431a6515b40759c42375789a1'),
(676, '9bacf6a431a6515b40759c42375789a1'),
(677, '9bacf6a431a6515b40759c42375789a1'),
(678, '9bacf6a431a6515b40759c42375789a1'),
(679, '9bacf6a431a6515b40759c42375789a1'),
(680, '9bacf6a431a6515b40759c42375789a1'),
(681, '9bacf6a431a6515b40759c42375789a1'),
(682, '9bacf6a431a6515b40759c42375789a1'),
(683, '9bacf6a431a6515b40759c42375789a1'),
(684, '9bacf6a431a6515b40759c42375789a1'),
(685, '9bacf6a431a6515b40759c42375789a1'),
(686, '9bacf6a431a6515b40759c42375789a1'),
(687, '9bacf6a431a6515b40759c42375789a1'),
(688, '9bacf6a431a6515b40759c42375789a1'),
(689, '9bacf6a431a6515b40759c42375789a1'),
(690, '9bacf6a431a6515b40759c42375789a1'),
(692, '9bacf6a431a6515b40759c42375789a1'),
(693, '9bacf6a431a6515b40759c42375789a1'),
(694, '9bacf6a431a6515b40759c42375789a1'),
(695, '9bacf6a431a6515b40759c42375789a1'),
(696, '9bacf6a431a6515b40759c42375789a1'),
(697, '9bacf6a431a6515b40759c42375789a1'),
(698, '9bacf6a431a6515b40759c42375789a1'),
(699, '9bacf6a431a6515b40759c42375789a1'),
(700, '9bacf6a431a6515b40759c42375789a1'),
(701, '9bacf6a431a6515b40759c42375789a1'),
(702, '9bacf6a431a6515b40759c42375789a1'),
(703, '9bacf6a431a6515b40759c42375789a1'),
(704, '9bacf6a431a6515b40759c42375789a1'),
(705, '9bacf6a431a6515b40759c42375789a1'),
(706, '9bacf6a431a6515b40759c42375789a1'),
(709, '9bacf6a431a6515b40759c42375789a1'),
(710, '9bacf6a431a6515b40759c42375789a1'),
(711, '9bacf6a431a6515b40759c42375789a1'),
(712, '9bacf6a431a6515b40759c42375789a1'),
(713, '9bacf6a431a6515b40759c42375789a1'),
(714, '9bacf6a431a6515b40759c42375789a1'),
(715, '9bacf6a431a6515b40759c42375789a1'),
(719, '98567048956720485672098567249586'),
(720, '98567048956720485672098567249586'),
(721, '98567048956720485672098567249586'),
(722, '9bacf6a431a6515b40759c42375789a1'),
(723, '9bacf6a431a6515b40759c42375789a1'),
(724, '9bacf6a431a6515b40759c42375789a1'),
(725, '9bacf6a431a6515b40759c42375789a1'),
(726, '9bacf6a431a6515b40759c42375789a1'),
(727, '9bacf6a431a6515b40759c42375789a1'),
(728, '9bacf6a431a6515b40759c42375789a1'),
(729, '9bacf6a431a6515b40759c42375789a1'),
(730, '9bacf6a431a6515b40759c42375789a1'),
(731, '9bacf6a431a6515b40759c42375789a1'),
(732, '9bacf6a431a6515b40759c42375789a1'),
(733, '9bacf6a431a6515b40759c42375789a1'),
(734, '9bacf6a431a6515b40759c42375789a1'),
(735, '9bacf6a431a6515b40759c42375789a1'),
(736, '9bacf6a431a6515b40759c42375789a1'),
(737, '9bacf6a431a6515b40759c42375789a1'),
(738, '9bacf6a431a6515b40759c42375789a1'),
(739, '9bacf6a431a6515b40759c42375789a1'),
(740, '9bacf6a431a6515b40759c42375789a1'),
(741, '9bacf6a431a6515b40759c42375789a1'),
(742, '9bacf6a431a6515b40759c42375789a1'),
(743, '9bacf6a431a6515b40759c42375789a1'),
(744, '71fbb8b4264bf074d030d3152d5d14f9'),
(745, '2d6b7a863712fd502c420aae01fd538c');

-- --------------------------------------------------------

--
-- Table structure for table `mix_image_size`
--

CREATE TABLE `mix_image_size` (
  `image_id` int(11) NOT NULL DEFAULT '0',
  `size` varchar(255) COLLATE utf8_unicode_ci NOT NULL DEFAULT '',
  `width` int(11) NOT NULL DEFAULT '0',
  `height` int(11) NOT NULL DEFAULT '0'
) ENGINE=MyISAM DEFAULT CHARSET=utf8 COLLATE=utf8_unicode_ci;

--
-- Dumping data for table `mix_image_size`
--

INSERT INTO `mix_image_size` (`image_id`, `size`, `width`, `height`) VALUES
(1, 'raw', 800, 600),
(2, 'raw', 800, 600),
(30, 'raw', 1121, 223),
(633, 'raw', 4128, 3096),
(632, 'eventright', 286, 189),
(632, 'eventthumb', 110, 73),
(632, 'small', 150, 99),
(483, 'eventthumb', 110, 102),
(578, 'eventright', 255, 244),
(474, 'eventthumb', 73, 110),
(32, 'raw', 566, 158),
(261, 'pubeventsmall', 100, 134),
(9, 'raw', 800, 600),
(632, 'mixthumb', 80, 80),
(11, 'raw', 800, 600),
(12, 'raw', 800, 600),
(632, 'raw', 678, 450),
(314, 'eventright', 117, 75),
(546, 'eventright', 97, 80),
(357, 'eventright', 170, 111),
(13, 'raw', 800, 600),
(356, 'eventright', 229, 160),
(15, 'raw', 800, 600),
(350, 'mixthumb', 80, 80),
(351, 'mixthumb', 80, 80),
(137, 'raw', 732, 591),
(304, 'raw', 960, 720),
(18, 'raw', 103, 30),
(19, 'raw', 102, 28),
(20, 'raw', 122, 22),
(21, 'raw', 105, 27),
(22, 'raw', 91, 32),
(23, 'raw', 96, 26),
(24, 'raw', 51, 42),
(25, 'raw', 84, 32),
(26, 'raw', 97, 32),
(27, 'raw', 567, 159),
(28, 'raw', 109, 39),
(29, 'raw', 140, 47),
(603, 'mixthumb', 80, 80),
(529, 'mixthumb', 80, 80),
(48, 'raw', 220, 104),
(50, 'raw', 220, 104),
(378, 'eventright', 190, 286),
(386, 'eventthumb', 73, 110),
(534, 'eventthumb', 68, 110),
(45, 'raw', 220, 104),
(46, 'raw', 220, 104),
(47, 'raw', 220, 104),
(42, 'raw', 220, 104),
(43, 'raw', 220, 104),
(485, 'eventthumb', 110, 71),
(476, 'eventthumb', 110, 82),
(52, 'raw', 189, 190),
(53, 'raw', 187, 187),
(54, 'raw', 189, 191),
(60, 'raw', 103, 28),
(61, 'raw', 105, 32),
(62, 'raw', 123, 22),
(63, 'raw', 96, 33),
(64, 'raw', 100, 18),
(65, 'raw', 99, 26),
(66, 'raw', 50, 44),
(67, 'raw', 93, 31),
(68, 'raw', 97, 27),
(139, 'raw', 735, 598),
(75, 'raw', 4752, 3168),
(76, 'raw', 3072, 2304),
(521, 'mixthumb', 80, 80),
(77, 'raw', 1502, 640),
(511, 'eventright', 215, 286),
(78, 'raw', 380, 263),
(345, 'mixthumb', 80, 80),
(108, 'raw', 1569, 2238),
(79, 'raw', 4752, 3168),
(247, 'pubeventsmall', 100, 67),
(381, 'eventright', 286, 190),
(284, 'eventright', 286, 86),
(81, 'raw', 800, 600),
(82, 'raw', 800, 600),
(522, 'mixthumb', 80, 80),
(529, 'eventthumb', 78, 110),
(83, 'raw', 918, 499),
(526, 'eventright', 286, 190),
(87, 'raw', 800, 600),
(326, 'eventright', 286, 286),
(412, 'eventright', 201, 286),
(492, 'eventright', 286, 191),
(86, 'raw', 777, 419),
(88, 'raw', 800, 600),
(89, 'raw', 800, 600),
(90, 'raw', 800, 600),
(191, 'eventthumb', 77, 110),
(281, 'eventright', 286, 286),
(397, 'eventright', 203, 286),
(91, 'raw', 800, 600),
(92, 'raw', 800, 600),
(93, 'raw', 800, 600),
(94, 'raw', 800, 600),
(353, 'mixthumb', 80, 80),
(359, 'mixthumb', 80, 80),
(108, 'eventright', 200, 286),
(231, 'raw', 4752, 3168),
(291, 'eventright', 286, 286),
(384, 'pubeventsmall', 100, 66),
(533, 'pubeventsmall', 100, 52),
(244, 'eventright', 286, 190),
(352, 'small', 150, 70),
(315, 'pubeventsmall', 100, 75),
(97, 'raw', 549, 153),
(102, 'raw', 1151, 390),
(99, 'raw', 318, 396),
(100, 'raw', 680, 227),
(101, 'raw', 603, 127),
(103, 'raw', 934, 413),
(104, 'raw', 1044, 280),
(105, 'raw', 637, 558),
(106, 'raw', 908, 326),
(107, 'raw', 1278, 357),
(109, 'raw', 1024, 1539),
(110, 'raw', 429, 226),
(605, 'pubeventsmall', 100, 132),
(118, 'raw', 570, 323),
(392, 'eventright', 286, 213),
(350, 'raw', 301, 250),
(329, 'mixthumb', 80, 80),
(292, 'eventright', 286, 58),
(351, 'raw', 940, 133),
(327, 'mixthumb', 80, 80),
(326, 'mixthumb', 80, 80),
(158, 'raw', 980, 817),
(157, 'raw', 132, 170),
(156, 'raw', 136, 149),
(146, 'raw', 566, 158),
(520, 'mixthumb', 80, 80),
(151, 'raw', 1280, 319),
(152, 'raw', 200, 250),
(153, 'raw', 200, 250),
(154, 'raw', 104, 155),
(155, 'raw', 129, 191),
(159, 'raw', 1108, 906),
(325, 'mixthumb', 80, 80),
(160, 'raw', 2048, 1536),
(161, 'raw', 467, 540),
(162, 'raw', 1904, 2110),
(324, 'mixthumb', 80, 80),
(163, 'raw', 444, 87),
(164, 'raw', 437, 80),
(165, 'raw', 582, 586),
(166, 'raw', 1282, 1293),
(167, 'raw', 566, 184),
(323, 'mixthumb', 80, 80),
(168, 'raw', 582, 586),
(169, 'raw', 646, 584),
(320, 'mixthumb', 80, 80),
(170, 'raw', 794, 529),
(171, 'raw', 920, 451),
(314, 'mixthumb', 80, 80),
(172, 'raw', 1229, 316),
(173, 'raw', 922, 399),
(308, 'mixthumb', 80, 80),
(174, 'raw', 866, 395),
(519, 'mixthumb', 80, 80),
(175, 'raw', 932, 935),
(302, 'mixthumb', 80, 80),
(292, 'mixthumb', 80, 80),
(200, 'raw', 670, 922),
(177, 'raw', 608, 859),
(178, 'raw', 200, 250),
(179, 'raw', 200, 250),
(180, 'raw', 200, 250),
(217, 'raw', 250, 83),
(181, 'raw', 200, 250),
(182, 'raw', 200, 250),
(183, 'raw', 200, 250),
(372, 'eventright', 286, 214),
(184, 'raw', 200, 250),
(376, 'eventright', 190, 286),
(186, 'raw', 1920, 429),
(330, 'mixthumb', 80, 80),
(188, 'raw', 1920, 429),
(190, 'raw', 1920, 429),
(191, 'raw', 608, 859),
(582, 'eventright', 190, 286),
(192, 'raw', 698, 930),
(194, 'raw', 698, 655),
(195, 'raw', 938, 987),
(196, 'raw', 952, 989),
(294, 'mixthumb', 80, 80),
(284, 'mixthumb', 80, 80),
(198, 'raw', 1118, 626),
(276, 'mixthumb', 80, 80),
(484, 'large', 566, 474),
(199, 'raw', 868, 868),
(583, 'medium', 250, 166),
(201, 'raw', 609, 859),
(202, 'raw', 609, 859),
(203, 'raw', 609, 859),
(204, 'raw', 609, 859),
(205, 'raw', 609, 859),
(206, 'raw', 657, 929),
(277, 'mixthumb', 80, 80),
(208, 'raw', 1045, 310),
(272, 'mixthumb', 80, 80),
(209, 'raw', 201, 67),
(210, 'raw', 250, 83),
(211, 'raw', 250, 61),
(212, 'raw', 250, 83),
(213, 'raw', 250, 83),
(383, 'eventthumb', 73, 110),
(214, 'raw', 250, 42),
(215, 'raw', 250, 64),
(246, 'mixthumb', 80, 80),
(216, 'raw', 184, 158),
(146, 'mixthumb', 80, 80),
(218, 'raw', 250, 83),
(219, 'raw', 255, 226),
(220, 'raw', 255, 226),
(221, 'raw', 255, 226),
(222, 'raw', 255, 226),
(387, 'eventthumb', 110, 73),
(223, 'raw', 255, 226),
(224, 'raw', 255, 226),
(225, 'raw', 255, 226),
(226, 'raw', 255, 226),
(227, 'raw', 255, 226),
(288, 'eventright', 286, 285),
(228, 'raw', 255, 226),
(229, 'raw', 255, 226),
(230, 'raw', 1205, 904),
(245, 'mixthumb', 80, 80),
(232, 'raw', 2816, 1584),
(233, 'raw', 4752, 3168),
(234, 'raw', 258, 189),
(375, 'eventthumb', 73, 110),
(590, 'pubeventsmall', 100, 66),
(235, 'raw', 255, 226),
(236, 'raw', 255, 226),
(248, 'mixthumb', 80, 80),
(32, 'mixthumb', 80, 80),
(631, 'eventright', 214, 286),
(238, 'raw', 679, 285),
(239, 'raw', 316, 175),
(240, 'raw', 325, 34),
(631, 'eventthumb', 82, 110),
(242, 'raw', 314, 393),
(631, 'small', 112, 150),
(631, 'mixthumb', 80, 80),
(631, 'raw', 3024, 4032),
(244, 'raw', 5184, 3456),
(630, 'eventright', 144, 286),
(245, 'raw', 429, 300),
(246, 'raw', 1502, 1002),
(247, 'raw', 2515, 1697),
(248, 'raw', 3072, 2304),
(249, 'raw', 180, 222),
(250, 'raw', 505, 194),
(630, 'eventthumb', 55, 110),
(251, 'raw', 500, 192),
(152, 'medium', 200, 250),
(316, 'eventright', 207, 256),
(252, 'raw', 290, 357),
(630, 'small', 75, 150),
(253, 'raw', 290, 357),
(254, 'raw', 290, 357),
(630, 'mixthumb', 80, 80),
(255, 'raw', 290, 357),
(256, 'raw', 290, 357),
(630, 'raw', 2000, 3948),
(177, 'eventright', 202, 286),
(257, 'raw', 600, 800),
(482, 'large', 566, 488),
(258, 'raw', 600, 800),
(456, 'eventright', 286, 190),
(259, 'raw', 600, 600),
(537, 'eventright', 161, 160),
(260, 'raw', 600, 600),
(548, 'eventthumb', 75, 110),
(261, 'raw', 600, 806),
(262, 'raw', 600, 806),
(263, 'raw', 600, 806),
(592, 'large', 566, 283),
(264, 'raw', 600, 806),
(191, 'eventright', 202, 286),
(265, 'raw', 600, 806),
(177, 'eventthumb', 77, 110),
(266, 'raw', 505, 413),
(267, 'raw', 505, 230),
(268, 'raw', 290, 357),
(359, 'eventright', 80, 80),
(269, 'raw', 290, 357),
(184, 'medium', 200, 250),
(270, 'raw', 290, 357),
(549, 'pubeventsmall', 100, 141),
(272, 'raw', 384, 127),
(273, 'raw', 200, 105),
(274, 'raw', 4737, 2114),
(589, 'large', 566, 283),
(276, 'raw', 1000, 667),
(252, 'medium', 203, 250),
(277, 'raw', 1000, 379),
(257, 'eventthumb', 82, 110),
(280, 'raw', 622, 846),
(260, 'eventthumb', 110, 109),
(281, 'raw', 360, 360),
(282, 'raw', 1199, 1200),
(283, 'raw', 453, 453),
(284, 'raw', 705, 213),
(285, 'raw', 796, 817),
(286, 'raw', 690, 945),
(373, 'eventthumb', 78, 110),
(287, 'raw', 1500, 1500),
(288, 'raw', 557, 556),
(289, 'raw', 1426, 1426),
(290, 'raw', 1200, 1200),
(291, 'raw', 2092, 2092),
(292, 'raw', 960, 195),
(293, 'raw', 615, 869),
(404, 'eventright', 286, 143),
(294, 'raw', 450, 304),
(295, 'raw', 894, 894),
(296, 'raw', 934, 934),
(616, 'eventthumb', 78, 110),
(297, 'raw', 642, 514),
(376, 'pubeventsmall', 100, 149),
(298, 'raw', 747, 816),
(299, 'raw', 615, 870),
(300, 'raw', 615, 870),
(444, 'raw', 842, 154),
(301, 'raw', 615, 870),
(349, 'pubeventsmall', 100, 116),
(302, 'raw', 304, 301),
(303, 'raw', 625, 853),
(411, 'eventthumb', 77, 110),
(225, 'pubeventsmall', 100, 88),
(224, 'pubeventsmall', 100, 88),
(395, 'pubeventsmall', 100, 21),
(282, 'pubeventsmall', 100, 100),
(191, 'small', 106, 150),
(220, 'thumb', 80, 80),
(274, 'medium', 250, 111),
(283, 'thumb', 80, 80),
(305, 'raw', 598, 847),
(393, 'pubeventsmall', 100, 80),
(234, 'gallerythumb', 110, 110),
(533, 'thumb', 80, 80),
(306, 'raw', 143, 200),
(288, 'thumb', 80, 80),
(576, 'gallerythumb', 110, 110),
(265, 'pubeventsmall', 100, 134),
(249, 'small', 121, 150),
(407, 'pubeventsmall', 100, 66),
(307, 'raw', 130, 130),
(344, 'small', 114, 150),
(577, 'gallerythumb', 110, 110),
(535, 'thumb', 80, 80),
(308, 'raw', 426, 424),
(230, 'gallerythumb', 110, 110),
(530, 'eventright', 101, 131),
(309, 'raw', 1167, 268),
(328, 'pubeventsmall', 100, 64),
(231, 'gallerythumb', 110, 110),
(310, 'raw', 842, 280),
(323, 'medium', 250, 250),
(233, 'gallerythumb', 110, 110),
(75, 'thumb', 80, 80),
(352, 'raw', 412, 193),
(223, 'eventright', 255, 226),
(385, 'eventright', 190, 286),
(259, 'pubeventsmall', 100, 100),
(239, 'small', 150, 83),
(353, 'raw', 361, 271),
(314, 'pubeventsmall', 100, 64),
(341, 'thumb', 80, 80),
(307, 'pubeventsmall', 100, 100),
(232, 'large', 566, 318),
(233, 'large', 566, 377),
(547, 'eventright', 286, 41),
(311, 'raw', 1002, 82),
(260, 'pubeventsmall', 100, 100),
(302, 'eventright', 286, 283),
(328, 'thumb', 80, 80),
(445, 'small', 150, 27),
(520, 'eventright', 286, 147),
(221, 'eventright', 255, 226),
(594, 'eventright', 202, 286),
(363, 'eventright', 286, 233),
(75, 'medium', 250, 166),
(395, 'eventright', 286, 62),
(290, 'thumb', 80, 80),
(196, 'small', 144, 150),
(341, 'small', 108, 150),
(211, 'medium', 250, 61),
(398, 'pubeventsmall', 100, 141),
(325, 'medium', 250, 250),
(301, 'pubeventsmall', 100, 141),
(287, 'thumb', 80, 80),
(297, 'pubeventsmall', 100, 80),
(372, 'pubeventsmall', 100, 75),
(277, 'large', 566, 214),
(307, 'thumb', 80, 80),
(77, 'medium', 250, 106),
(296, 'small', 150, 150),
(337, 'eventthumb', 98, 110),
(257, 'pubeventsmall', 100, 133),
(224, 'thumb', 80, 80),
(281, 'pubeventsmall', 100, 100),
(195, 'small', 142, 150),
(326, 'eventthumb', 110, 110),
(405, 'pubeventsmall', 100, 91),
(244, 'medium', 250, 166),
(195, 'thumb', 80, 80),
(381, 'pubeventsmall', 100, 66),
(360, 'small', 105, 150),
(298, 'small', 137, 150),
(326, 'medium', 250, 250),
(359, 'pubeventsmall', 80, 80),
(223, 'thumb', 80, 80),
(373, 'pubeventsmall', 100, 140),
(281, 'thumb', 80, 80),
(225, 'thumb', 80, 80),
(344, 'pubeventsmall', 100, 131),
(293, 'pubeventsmall', 100, 141),
(276, 'thumb', 80, 80),
(220, 'pubeventsmall', 100, 88),
(314, 'raw', 117, 75),
(305, 'pubeventsmall', 100, 141),
(576, 'large', 450, 600),
(230, 'large', 566, 424),
(231, 'large', 566, 377),
(622, 'pubeventsmall', 100, 133),
(311, 'thumb', 80, 80),
(283, 'pubeventsmall', 100, 100),
(326, 'pubeventsmall', 100, 100),
(289, 'thumb', 80, 80),
(177, 'small', 106, 150),
(391, 'pubeventsmall', 100, 143),
(194, 'small', 150, 140),
(296, 'pubeventsmall', 100, 100),
(219, 'thumb', 80, 80),
(315, 'raw', 678, 509),
(282, 'thumb', 80, 80),
(222, 'pubeventsmall', 100, 88),
(408, 'pubeventsmall', 86, 48),
(234, 'large', 258, 189),
(316, 'raw', 207, 256),
(373, 'small', 106, 150),
(296, 'eventright', 286, 286),
(311, 'eventright', 286, 23),
(317, 'raw', 106, 157),
(629, 'eventright', 202, 286),
(227, 'thumb', 80, 80),
(478, 'large', 566, 478),
(404, 'pubeventsmall', 100, 50),
(408, 'eventright', 86, 48),
(530, 'pubeventsmall', 100, 129),
(320, 'raw', 1123, 329),
(629, 'eventthumb', 77, 110),
(228, 'thumb', 80, 80),
(574, 'medium', 187, 250),
(325, 'raw', 3000, 3000),
(580, 'eventright', 111, 150),
(467, 'large', 566, 377),
(323, 'raw', 3000, 3000),
(629, 'small', 106, 150),
(229, 'thumb', 80, 80),
(228, 'eventright', 255, 226),
(324, 'raw', 3000, 3000),
(629, 'mixthumb', 80, 80),
(248, 'eventright', 286, 214),
(286, 'pubeventsmall', 100, 136),
(224, 'eventright', 255, 226),
(326, 'raw', 3000, 3000),
(629, 'raw', 645, 910),
(379, 'eventright', 286, 190),
(303, 'pubeventsmall', 100, 136),
(327, 'raw', 3000, 3000),
(252, 'small', 121, 150),
(328, 'raw', 2031, 1301),
(108, 'small', 105, 150),
(100, 'eventright', 286, 95),
(273, 'small', 150, 78),
(293, 'small', 106, 150),
(302, 'small', 150, 148),
(299, 'pubeventsmall', 100, 141),
(329, 'raw', 607, 791),
(198, 'mixthumb', 80, 80),
(471, 'large', 566, 377),
(86, 'mixthumb', 80, 80),
(250, 'mixthumb', 80, 80),
(238, 'mixthumb', 80, 80),
(251, 'mixthumb', 80, 80),
(330, 'raw', 640, 960),
(628, 'eventthumb', 78, 110),
(455, 'large', 566, 377),
(404, 'mixthumb', 80, 80),
(622, 'eventright', 214, 286),
(331, 'raw', 640, 480),
(628, 'eventright', 202, 286),
(457, 'large', 566, 377),
(332, 'raw', 640, 480),
(628, 'small', 106, 150),
(601, 'eventright', 111, 150),
(262, 'pubeventsmall', 100, 134),
(286, 'small', 109, 150),
(290, 'eventright', 286, 286),
(333, 'raw', 3297, 3033),
(628, 'mixthumb', 80, 80),
(388, 'eventright', 190, 286),
(349, 'mixthumb', 80, 80),
(334, 'raw', 960, 720),
(628, 'raw', 647, 912),
(487, 'large', 566, 134),
(335, 'raw', 674, 512),
(330, 'eventright', 190, 286),
(353, 'eventright', 286, 214),
(336, 'raw', 397, 634),
(360, 'pubeventsmall', 100, 141),
(602, 'eventright', 101, 131),
(480, 'eventthumb', 110, 54),
(337, 'raw', 393, 438),
(488, 'large', 566, 136),
(338, 'raw', 397, 76),
(221, 'pubeventsmall', 100, 88),
(521, 'eventright', 202, 286),
(105, 'pubeventsmall', 100, 87),
(340, 'raw', 275, 355),
(544, 'small', 150, 107),
(627, 'eventthumb', 78, 110),
(627, 'eventright', 202, 286),
(627, 'small', 106, 150),
(627, 'mixthumb', 80, 80),
(627, 'raw', 647, 912),
(305, 'eventright', 201, 286),
(539, 'eventright', 220, 286),
(472, 'gallerythumb', 110, 110),
(456, 'gallerythumb', 110, 110),
(468, 'gallerythumb', 110, 110),
(273, 'eventright', 200, 105),
(394, 'pubeventsmall', 100, 141),
(515, 'small', 107, 150),
(374, 'thumb', 80, 80),
(106, 'thumb', 80, 80),
(106, 'small', 150, 53),
(100, 'mixthumb', 80, 80),
(102, 'mixthumb', 80, 80),
(97, 'mixthumb', 80, 80),
(107, 'mixthumb', 80, 80),
(106, 'mixthumb', 80, 80),
(369, 'mixthumb', 80, 80),
(410, 'mixthumb', 80, 80),
(540, 'mixthumb', 80, 80),
(413, 'mixthumb', 80, 80),
(536, 'mixthumb', 80, 80),
(366, 'mixthumb', 80, 80),
(337, 'mixthumb', 80, 80),
(352, 'mixthumb', 80, 80),
(547, 'mixthumb', 80, 80),
(396, 'mixthumb', 80, 80),
(578, 'mixthumb', 80, 80),
(311, 'mixthumb', 80, 80),
(247, 'mixthumb', 80, 80),
(423, 'mixthumb', 80, 80),
(371, 'mixthumb', 80, 80),
(240, 'mixthumb', 80, 80),
(408, 'mixthumb', 80, 80),
(100, 'pubeventsmall', 100, 33),
(595, 'eventright', 201, 286),
(341, 'raw', 391, 539),
(528, 'mixthumb', 80, 80),
(344, 'eventright', 218, 286),
(342, 'raw', 397, 634),
(370, 'mixthumb', 80, 80),
(450, 'eventright', 202, 286),
(343, 'raw', 395, 469),
(364, 'mixthumb', 80, 80),
(590, 'eventright', 286, 190),
(344, 'raw', 396, 519),
(328, 'mixthumb', 80, 80),
(572, 'eventright', 286, 209),
(345, 'raw', 2972, 2620),
(367, 'mixthumb', 80, 80),
(522, 'eventthumb', 76, 110),
(102, 'pubeventsmall', 100, 33),
(293, 'eventthumb', 77, 110),
(391, 'eventright', 199, 286),
(528, 'eventright', 112, 48),
(346, 'raw', 441, 290),
(310, 'mixthumb', 80, 80),
(236, 'thumb', 80, 80),
(347, 'raw', 3680, 2456),
(415, 'mixthumb', 80, 80),
(417, 'eventright', 286, 233),
(235, 'thumb', 80, 80),
(348, 'raw', 960, 562),
(533, 'mixthumb', 80, 80),
(618, 'thumb', 80, 80),
(349, 'raw', 233, 272),
(414, 'mixthumb', 80, 80),
(523, 'thumb', 80, 80),
(314, 'eventthumb', 110, 70),
(296, 'eventthumb', 110, 110),
(299, 'eventright', 202, 286),
(259, 'eventthumb', 110, 109),
(335, 'large', 566, 429),
(401, 'eventthumb', 78, 110),
(358, 'raw', 1881, 3477),
(291, 'pubeventsmall', 100, 100),
(357, 'raw', 170, 111),
(153, 'medium', 200, 250),
(356, 'raw', 229, 160),
(431, 'mixthumb', 80, 80),
(540, 'eventthumb', 110, 30),
(546, 'eventthumb', 97, 80),
(593, 'eventthumb', 110, 50),
(359, 'raw', 80, 80),
(104, 'mixthumb', 80, 80),
(247, 'eventright', 286, 192),
(347, 'mixthumb', 80, 80),
(247, 'small', 150, 101),
(240, 'small', 150, 15),
(105, 'small', 150, 131),
(403, 'mixthumb', 80, 80),
(360, 'raw', 598, 847),
(608, 'mixthumb', 80, 80),
(360, 'eventthumb', 77, 110),
(384, 'mixthumb', 80, 80),
(361, 'raw', 1343, 950),
(593, 'mixthumb', 80, 80),
(620, 'thumb', 80, 80),
(385, 'mixthumb', 80, 80),
(517, 'mixthumb', 80, 80),
(518, 'mixthumb', 80, 80),
(328, 'small', 150, 96),
(309, 'small', 150, 34),
(491, 'mixthumb', 80, 80),
(253, 'mixthumb', 80, 80),
(381, 'mixthumb', 80, 80),
(256, 'mixthumb', 80, 80),
(315, 'mixthumb', 80, 80),
(270, 'mixthumb', 80, 80),
(382, 'mixthumb', 80, 80),
(268, 'mixthumb', 80, 80),
(529, 'eventright', 202, 286),
(519, 'eventthumb', 77, 110),
(518, 'eventthumb', 79, 110),
(517, 'eventthumb', 80, 110),
(521, 'eventthumb', 77, 110),
(450, 'mixthumb', 80, 80),
(412, 'mixthumb', 80, 80),
(411, 'mixthumb', 80, 80),
(362, 'raw', 1226, 870),
(239, 'mixthumb', 80, 80),
(551, 'medium', 250, 127),
(363, 'raw', 2513, 2050),
(105, 'mixthumb', 80, 80),
(547, 'eventthumb', 110, 16),
(388, 'eventthumb', 73, 110),
(520, 'eventthumb', 110, 56),
(401, 'mixthumb', 80, 80),
(398, 'mixthumb', 80, 80),
(397, 'mixthumb', 80, 80),
(394, 'mixthumb', 80, 80),
(391, 'mixthumb', 80, 80),
(390, 'mixthumb', 80, 80),
(389, 'mixthumb', 80, 80),
(373, 'mixthumb', 80, 80),
(595, 'eventthumb', 77, 110),
(364, 'raw', 562, 65),
(433, 'mixthumb', 80, 80),
(530, 'eventthumb', 84, 110),
(365, 'raw', 562, 65),
(374, 'mixthumb', 80, 80),
(366, 'raw', 562, 65),
(538, 'mixthumb', 80, 80),
(620, 'small', 150, 119),
(367, 'raw', 70, 65),
(419, 'mixthumb', 80, 80),
(591, 'large', 566, 305),
(473, 'mixthumb', 80, 80),
(252, 'mixthumb', 80, 80),
(372, 'mixthumb', 80, 80),
(361, 'mixthumb', 80, 80),
(360, 'mixthumb', 80, 80),
(344, 'mixthumb', 80, 80),
(343, 'mixthumb', 80, 80),
(594, 'eventthumb', 77, 110),
(596, 'eventthumb', 77, 110),
(213, 'medium', 250, 83),
(368, 'raw', 1598, 1325),
(418, 'mixthumb', 80, 80),
(525, 'eventright', 101, 128),
(109, 'small', 99, 150),
(288, 'eventthumb', 110, 109),
(388, 'pubeventsmall', 100, 149),
(182, 'medium', 200, 250),
(369, 'raw', 218, 87),
(309, 'mixthumb', 80, 80),
(290, 'eventthumb', 110, 109),
(370, 'raw', 280, 113),
(537, 'mixthumb', 80, 80),
(371, 'raw', 466, 229),
(416, 'mixthumb', 80, 80),
(293, 'eventright', 202, 286),
(239, 'thumb', 80, 80),
(287, 'eventright', 286, 286),
(102, 'eventright', 286, 96),
(410, 'pubeventsmall', 100, 30),
(372, 'raw', 960, 720),
(432, 'mixthumb', 80, 80),
(440, 'large', 566, 107),
(373, 'raw', 623, 874),
(273, 'mixthumb', 80, 80),
(376, 'eventthumb', 73, 110),
(603, 'eventright', 202, 286),
(374, 'raw', 169, 175),
(103, 'mixthumb', 80, 80),
(581, 'pubeventsmall', 100, 75),
(515, 'eventthumb', 78, 110),
(375, 'raw', 299, 448),
(422, 'mixthumb', 80, 80),
(342, 'mixthumb', 80, 80),
(376, 'raw', 299, 448),
(395, 'mixthumb', 80, 80),
(257, 'eventright', 214, 286),
(377, 'raw', 299, 448),
(101, 'mixthumb', 80, 80),
(300, 'eventright', 202, 286),
(378, 'raw', 299, 448),
(546, 'mixthumb', 80, 80),
(316, 'eventthumb', 88, 110),
(317, 'eventthumb', 74, 110),
(379, 'raw', 448, 299),
(580, 'mixthumb', 80, 80),
(426, 'large', 566, 318),
(315, 'eventthumb', 110, 82),
(380, 'raw', 448, 299),
(365, 'mixthumb', 80, 80),
(428, 'eventright', 286, 286),
(381, 'raw', 448, 299),
(445, 'mixthumb', 80, 80),
(330, 'eventthumb', 73, 110),
(382, 'raw', 299, 448),
(444, 'mixthumb', 80, 80),
(430, 'mixthumb', 80, 80),
(349, 'eventthumb', 94, 110),
(383, 'raw', 299, 448),
(626, 'thumb', 80, 80),
(249, 'eventright', 180, 222),
(333, 'eventthumb', 110, 101),
(384, 'raw', 448, 299),
(626, 'small', 150, 129),
(385, 'raw', 299, 448),
(626, 'mixthumb', 80, 80),
(386, 'raw', 299, 448),
(626, 'raw', 609, 527),
(411, 'eventright', 200, 286),
(368, 'eventthumb', 110, 91),
(387, 'raw', 448, 299),
(615, 'mixthumb', 80, 80),
(388, 'raw', 299, 448),
(614, 'mixthumb', 80, 80),
(404, 'eventthumb', 110, 55),
(102, 'eventthumb', 110, 37),
(389, 'raw', 119, 168),
(171, 'mixthumb', 80, 80),
(232, 'gallerythumb', 110, 110),
(390, 'raw', 119, 168),
(170, 'mixthumb', 80, 80),
(519, 'eventright', 175, 249),
(391, 'raw', 645, 923),
(159, 'mixthumb', 80, 80),
(479, 'eventright', 286, 186),
(473, 'eventthumb', 110, 99),
(392, 'raw', 640, 478),
(158, 'mixthumb', 80, 80),
(491, 'eventright', 286, 190),
(430, 'eventthumb', 110, 95),
(393, 'raw', 220, 275),
(139, 'mixthumb', 80, 80),
(252, 'eventthumb', 89, 110),
(428, 'eventthumb', 110, 109),
(394, 'raw', 598, 845),
(545, 'mixthumb', 80, 80),
(585, 'large', 566, 377),
(395, 'raw', 1086, 237),
(544, 'mixthumb', 80, 80),
(525, 'thumb', 80, 80),
(380, 'mixthumb', 80, 80),
(489, 'eventthumb', 110, 73),
(396, 'raw', 595, 835),
(543, 'mixthumb', 80, 80),
(582, 'eventthumb', 73, 110),
(397, 'raw', 595, 835),
(542, 'mixthumb', 80, 80),
(398, 'raw', 595, 844),
(541, 'mixthumb', 80, 80),
(217, 'medium', 250, 83),
(399, 'eventright', 280, 187),
(393, 'eventright', 275, 220),
(523, 'eventright', 286, 161),
(438, 'large', 566, 103),
(328, 'eventright', 286, 183),
(399, 'raw', 280, 187),
(535, 'mixthumb', 80, 80),
(536, 'eventright', 146, 120),
(400, 'raw', 350, 218),
(513, 'mixthumb', 80, 80),
(515, 'eventright', 204, 286),
(247, 'thumb', 80, 80),
(225, 'eventthumb', 110, 97),
(291, 'eventthumb', 110, 110),
(372, 'eventthumb', 110, 82),
(377, 'eventthumb', 73, 110),
(401, 'raw', 599, 843),
(507, 'mixthumb', 80, 80),
(239, 'eventright', 286, 158),
(402, 'raw', 365, 205),
(488, 'mixthumb', 80, 80),
(410, 'eventright', 286, 86),
(403, 'raw', 2448, 3264),
(440, 'mixthumb', 80, 80),
(307, 'eventthumb', 110, 110),
(404, 'raw', 400, 200),
(487, 'mixthumb', 80, 80),
(477, 'large', 566, 428),
(405, 'raw', 753, 691),
(439, 'mixthumb', 80, 80),
(221, 'thumb', 80, 80),
(97, 'small', 150, 41),
(406, 'raw', 2448, 3264),
(438, 'mixthumb', 80, 80),
(621, 'eventright', 286, 214),
(240, 'eventright', 286, 29),
(253, 'eventthumb', 89, 110),
(407, 'raw', 833, 555),
(437, 'mixthumb', 80, 80),
(430, 'eventright', 140, 122),
(360, 'eventright', 201, 286),
(408, 'raw', 86, 48),
(436, 'mixthumb', 80, 80),
(229, 'eventright', 255, 226),
(227, 'eventright', 255, 226),
(481, 'large', 566, 446),
(427, 'large', 566, 222),
(409, 'raw', 400, 200),
(435, 'mixthumb', 80, 80),
(301, 'eventright', 202, 286),
(109, 'eventright', 190, 286),
(410, 'raw', 1000, 301),
(434, 'mixthumb', 80, 80),
(183, 'medium', 200, 250),
(223, 'eventthumb', 110, 97),
(411, 'raw', 450, 641),
(427, 'mixthumb', 80, 80),
(338, 'mixthumb', 80, 80),
(340, 'mixthumb', 80, 80),
(412, 'raw', 647, 920),
(426, 'mixthumb', 80, 80),
(341, 'mixthumb', 80, 80),
(332, 'medium', 250, 187),
(103, 'pubeventsmall', 100, 44),
(181, 'medium', 200, 250),
(371, 'eventright', 286, 140),
(101, 'pubeventsmall', 100, 21),
(444, 'pubeventsmall', 100, 18),
(214, 'medium', 250, 42),
(97, 'pubeventsmall', 100, 27),
(513, 'large', 566, 139),
(413, 'raw', 1772, 709),
(425, 'mixthumb', 80, 80),
(336, 'mixthumb', 80, 80),
(414, 'raw', 1772, 709),
(335, 'mixthumb', 80, 80),
(216, 'small', 150, 128),
(415, 'raw', 507, 122),
(334, 'mixthumb', 80, 80),
(398, 'eventright', 201, 286),
(416, 'raw', 507, 122),
(267, 'mixthumb', 80, 80),
(307, 'mixthumb', 80, 80),
(306, 'mixthumb', 80, 80),
(305, 'mixthumb', 80, 80),
(303, 'mixthumb', 80, 80),
(301, 'mixthumb', 80, 80),
(300, 'mixthumb', 80, 80),
(417, 'raw', 2513, 2050),
(173, 'mixthumb', 80, 80),
(621, 'mixthumb', 80, 80),
(400, 'eventright', 286, 178),
(299, 'mixthumb', 80, 80),
(298, 'mixthumb', 80, 80),
(297, 'mixthumb', 80, 80),
(296, 'mixthumb', 80, 80),
(295, 'mixthumb', 80, 80),
(293, 'mixthumb', 80, 80),
(418, 'raw', 843, 375),
(172, 'mixthumb', 80, 80),
(249, 'eventthumb', 89, 110),
(526, 'eventthumb', 110, 73),
(419, 'raw', 2362, 650),
(174, 'mixthumb', 80, 80),
(105, 'eventright', 286, 250),
(175, 'eventthumb', 109, 110),
(244, 'eventthumb', 110, 73),
(286, 'mixthumb', 80, 80),
(280, 'mixthumb', 80, 80),
(262, 'mixthumb', 80, 80),
(420, 'raw', 797, 562),
(266, 'mixthumb', 80, 80),
(246, 'eventthumb', 110, 73),
(421, 'raw', 797, 562),
(137, 'mixthumb', 80, 80),
(273, 'eventthumb', 110, 57),
(272, 'eventthumb', 110, 36),
(245, 'eventthumb', 110, 76),
(422, 'raw', 507, 122),
(160, 'mixthumb', 80, 80),
(248, 'eventthumb', 110, 82),
(423, 'raw', 1772, 709),
(153, 'mixthumb', 80, 80),
(249, 'mixthumb', 80, 80),
(429, 'mixthumb', 80, 80),
(424, 'raw', 1772, 709),
(152, 'mixthumb', 80, 80),
(264, 'pubeventsmall', 100, 134),
(263, 'pubeventsmall', 100, 134),
(475, 'large', 566, 480),
(259, 'eventright', 286, 286),
(302, 'eventthumb', 110, 108),
(264, 'mixthumb', 80, 80),
(265, 'mixthumb', 80, 80),
(263, 'mixthumb', 80, 80),
(399, 'mixthumb', 80, 80),
(523, 'small', 150, 84),
(405, 'mixthumb', 80, 80),
(260, 'mixthumb', 80, 80),
(261, 'mixthumb', 80, 80),
(284, 'eventthumb', 110, 33),
(105, 'eventthumb', 110, 96),
(425, 'raw', 1336, 821),
(118, 'mixthumb', 80, 80),
(292, 'eventthumb', 110, 22),
(426, 'raw', 1280, 720),
(169, 'mixthumb', 80, 80),
(427, 'raw', 1034, 407),
(168, 'mixthumb', 80, 80),
(329, 'eventthumb', 84, 110),
(428, 'raw', 300, 300),
(167, 'mixthumb', 80, 80),
(536, 'eventthumb', 110, 90),
(429, 'raw', 600, 450),
(166, 'mixthumb', 80, 80),
(539, 'eventthumb', 84, 110),
(430, 'raw', 140, 122),
(165, 'mixthumb', 80, 80),
(357, 'eventthumb', 110, 71),
(289, 'eventthumb', 110, 110),
(431, 'raw', 2362, 650),
(163, 'mixthumb', 80, 80),
(538, 'eventthumb', 110, 109),
(432, 'raw', 2362, 650),
(161, 'mixthumb', 80, 80),
(525, 'small', 101, 128),
(433, 'raw', 2362, 650),
(162, 'mixthumb', 80, 80),
(356, 'eventthumb', 110, 76),
(434, 'raw', 1361, 248),
(99, 'mixthumb', 80, 80),
(361, 'eventthumb', 110, 77),
(435, 'raw', 1364, 76),
(164, 'mixthumb', 80, 80),
(229, 'eventthumb', 110, 97),
(436, 'raw', 1360, 248),
(76, 'mixthumb', 80, 80),
(228, 'eventthumb', 110, 97),
(437, 'raw', 1360, 248),
(274, 'mixthumb', 80, 80),
(363, 'eventthumb', 110, 89),
(438, 'raw', 1360, 248),
(77, 'mixthumb', 80, 80),
(333, 'pubeventsmall', 100, 91),
(439, 'raw', 1362, 246),
(602, 'small', 101, 131),
(474, 'eventright', 190, 286),
(440, 'raw', 1361, 258),
(221, 'small', 150, 132),
(206, 'mixthumb', 80, 80),
(489, 'raw', 1920, 1280),
(106, 'eventthumb', 110, 39),
(392, 'eventthumb', 110, 82),
(488, 'raw', 1431, 346),
(259, 'mixthumb', 80, 80),
(258, 'mixthumb', 80, 80),
(598, 'raw', 1000, 668),
(417, 'eventthumb', 110, 89),
(528, 'pubeventsmall', 100, 42),
(445, 'raw', 200, 37),
(224, 'eventthumb', 110, 97),
(103, 'eventright', 286, 126),
(447, 'raw', 2319, 3000),
(337, 'pubeventsmall', 100, 111),
(448, 'raw', 2319, 3000),
(400, 'eventthumb', 110, 68),
(449, 'raw', 99, 148),
(378, 'pubeventsmall', 100, 149),
(398, 'eventthumb', 77, 110),
(450, 'raw', 451, 638),
(265, 'eventright', 212, 286),
(402, 'eventthumb', 110, 61),
(451, 'raw', 1920, 1280),
(261, 'eventright', 212, 286),
(452, 'raw', 1920, 1280),
(286, 'eventright', 208, 286),
(453, 'raw', 1920, 1280),
(263, 'eventright', 212, 286),
(454, 'raw', 1920, 1280),
(280, 'eventright', 210, 286),
(455, 'raw', 1920, 1280),
(262, 'eventright', 212, 286),
(456, 'raw', 1920, 1280),
(264, 'eventright', 212, 286),
(457, 'raw', 1920, 1280),
(224, 'small', 150, 132),
(458, 'raw', 1920, 1280),
(261, 'eventthumb', 81, 110),
(471, 'raw', 1920, 1280),
(262, 'eventthumb', 81, 110),
(470, 'raw', 1920, 1280),
(263, 'eventthumb', 81, 110),
(469, 'raw', 1920, 1280),
(265, 'eventthumb', 81, 110),
(468, 'raw', 1920, 1280),
(264, 'eventthumb', 81, 110),
(280, 'eventthumb', 80, 110),
(472, 'raw', 1920, 1280),
(303, 'eventthumb', 80, 110),
(548, 'eventright', 197, 286),
(467, 'raw', 1920, 1280),
(585, 'gallerythumb', 110, 110),
(596, 'eventright', 202, 286),
(368, 'pubeventsmall', 100, 82),
(613, 'pubeventsmall', 100, 150),
(179, 'medium', 200, 250),
(522, 'eventright', 198, 286),
(212, 'medium', 250, 83),
(606, 'eventright', 198, 286),
(283, 'eventright', 286, 286),
(486, 'large', 566, 550),
(282, 'eventright', 285, 286),
(617, 'small', 115, 150),
(580, 'pubeventsmall', 100, 135),
(308, 'small', 150, 149),
(526, 'pubeventsmall', 100, 66),
(280, 'pubeventsmall', 100, 136),
(264, 'small', 111, 150),
(180, 'medium', 200, 250),
(433, 'eventright', 286, 78),
(473, 'raw', 1145, 1035),
(286, 'eventthumb', 80, 110),
(399, 'eventthumb', 110, 73),
(257, 'mixthumb', 80, 80),
(199, 'mixthumb', 80, 80),
(195, 'mixthumb', 80, 80),
(192, 'mixthumb', 80, 80),
(203, 'mixthumb', 80, 80),
(194, 'mixthumb', 80, 80),
(202, 'mixthumb', 80, 80),
(204, 'mixthumb', 80, 80),
(205, 'mixthumb', 80, 80),
(474, 'raw', 3456, 5184),
(305, 'eventthumb', 77, 110),
(475, 'raw', 868, 737),
(303, 'eventright', 209, 286),
(246, 'eventright', 286, 190),
(476, 'raw', 640, 480),
(361, 'small', 150, 106),
(268, 'medium', 203, 250),
(477, 'raw', 875, 662),
(544, 'large', 566, 404),
(478, 'raw', 870, 736),
(606, 'small', 104, 150),
(407, 'eventthumb', 110, 73),
(479, 'raw', 417, 272),
(405, 'eventthumb', 110, 100),
(408, 'eventthumb', 86, 48),
(480, 'raw', 354, 176),
(316, 'pubeventsmall', 100, 123),
(371, 'eventthumb', 110, 54),
(481, 'raw', 873, 688),
(269, 'medium', 203, 250),
(511, 'eventthumb', 82, 110),
(482, 'raw', 862, 744),
(622, 'small', 112, 150),
(101, 'eventthumb', 110, 23),
(483, 'raw', 348, 325),
(593, 'eventright', 286, 130),
(311, 'eventthumb', 110, 9),
(484, 'raw', 875, 734),
(374, 'eventthumb', 106, 110),
(485, 'raw', 357, 231),
(382, 'pubeventsmall', 100, 149),
(572, 'eventthumb', 110, 80),
(486, 'raw', 736, 716),
(625, 'eventthumb', 78, 110),
(523, 'eventthumb', 110, 62),
(487, 'raw', 1436, 341),
(625, 'eventright', 202, 286),
(579, 'eventthumb', 110, 73),
(578, 'eventthumb', 110, 105),
(581, 'eventthumb', 110, 82),
(490, 'raw', 1920, 1280),
(625, 'small', 106, 150),
(100, 'eventthumb', 110, 36),
(491, 'raw', 1920, 1280),
(625, 'mixthumb', 80, 80),
(109, 'eventthumb', 73, 110),
(108, 'eventthumb', 77, 110),
(613, 'eventthumb', 73, 110),
(621, 'eventthumb', 110, 82),
(287, 'eventthumb', 110, 110),
(387, 'mixthumb', 80, 80),
(526, 'mixthumb', 80, 80),
(492, 'raw', 640, 428),
(625, 'raw', 557, 785),
(490, 'eventthumb', 110, 73),
(493, 'raw', 135, 135),
(532, 'eventright', 113, 150),
(494, 'raw', 135, 135),
(615, 'eventright', 286, 156),
(495, 'raw', 135, 135),
(624, 'pubeventsmall', 100, 86),
(227, 'eventthumb', 110, 97),
(497, 'raw', 135, 135),
(498, 'raw', 135, 135),
(623, 'eventright', 286, 190),
(533, 'small', 150, 78),
(499, 'raw', 135, 135),
(623, 'eventthumb', 110, 73),
(615, 'eventthumb', 110, 60),
(500, 'raw', 135, 135),
(391, 'thumb', 80, 80),
(533, 'eventright', 286, 150),
(502, 'raw', 135, 135),
(503, 'raw', 135, 135),
(624, 'thumb', 80, 80),
(200, 'mixthumb', 80, 80),
(504, 'raw', 135, 135),
(624, 'eventright', 286, 247),
(608, 'large', 566, 470),
(492, 'eventthumb', 110, 73),
(412, 'eventthumb', 77, 110),
(391, 'eventthumb', 76, 110),
(328, 'eventthumb', 110, 70),
(344, 'eventthumb', 83, 110),
(300, 'eventthumb', 77, 110),
(301, 'eventthumb', 77, 110),
(299, 'eventthumb', 77, 110),
(514, 'eventthumb', 83, 110),
(491, 'eventthumb', 110, 73),
(505, 'raw', 1920, 1280),
(624, 'eventthumb', 110, 95),
(506, 'raw', 1920, 1280),
(624, 'small', 150, 129),
(269, 'mixthumb', 80, 80),
(428, 'mixthumb', 80, 80),
(507, 'raw', 1575, 398),
(624, 'mixthumb', 80, 80),
(450, 'eventthumb', 77, 110),
(508, 'raw', 994, 355),
(624, 'raw', 609, 527),
(394, 'eventthumb', 77, 110),
(196, 'mixthumb', 80, 80),
(201, 'mixthumb', 80, 80),
(510, 'raw', 623, 1200),
(101, 'eventright', 286, 60),
(511, 'raw', 371, 493),
(204, 'small', 106, 150),
(191, 'mixthumb', 80, 80),
(175, 'mixthumb', 80, 80),
(177, 'mixthumb', 80, 80),
(513, 'raw', 1014, 250),
(584, 'mixthumb', 80, 80),
(599, 'mixthumb', 80, 80),
(478, 'mixthumb', 80, 80),
(220, 'mixthumb', 80, 80),
(356, 'mixthumb', 80, 80),
(358, 'mixthumb', 80, 80),
(582, 'pubeventsmall', 100, 149),
(532, 'pubeventsmall', 100, 132),
(330, 'pubeventsmall', 100, 150),
(399, 'pubeventsmall', 100, 66),
(307, 'eventright', 130, 130),
(534, 'eventright', 100, 160),
(346, 'medium', 250, 164),
(473, 'eventright', 286, 258),
(489, 'eventright', 286, 190),
(225, 'eventright', 255, 226),
(514, 'raw', 651, 857),
(623, 'thumb', 80, 80),
(577, 'large', 566, 424),
(515, 'raw', 625, 875),
(623, 'small', 150, 99),
(397, 'eventthumb', 78, 110),
(516, 'raw', 89, 66),
(623, 'mixthumb', 80, 80),
(433, 'eventthumb', 110, 30),
(605, 'eventthumb', 82, 110),
(525, 'eventthumb', 86, 110),
(531, 'eventright', 113, 150),
(517, 'raw', 181, 247),
(623, 'raw', 640, 426),
(524, 'eventright', 113, 150),
(518, 'raw', 177, 246),
(543, 'large', 566, 236),
(601, 'eventthumb', 81, 110),
(519, 'raw', 175, 249),
(542, 'large', 566, 225),
(602, 'eventthumb', 84, 110),
(474, 'mixthumb', 80, 80),
(282, 'mixthumb', 80, 80),
(594, 'mixthumb', 80, 80),
(601, 'mixthumb', 80, 80),
(484, 'mixthumb', 80, 80),
(420, 'mixthumb', 80, 80),
(520, 'raw', 518, 268),
(616, 'small', 106, 150),
(524, 'eventthumb', 82, 110),
(521, 'raw', 675, 954),
(603, 'eventthumb', 77, 110),
(620, 'mixthumb', 80, 80),
(226, 'mixthumb', 80, 80),
(619, 'mixthumb', 80, 80),
(226, 'thumb', 80, 80),
(550, 'eventright', 286, 273),
(550, 'medium', 250, 238),
(599, 'small', 150, 66),
(598, 'eventright', 286, 191),
(522, 'raw', 605, 873),
(469, 'gallerythumb', 110, 110),
(410, 'eventthumb', 110, 33),
(606, 'eventthumb', 76, 110),
(569, 'mixthumb', 80, 80),
(227, 'mixthumb', 80, 80),
(532, 'mixthumb', 80, 80),
(575, 'mixthumb', 80, 80),
(223, 'mixthumb', 80, 80),
(534, 'mixthumb', 80, 80),
(532, 'eventthumb', 82, 110),
(444, 'eventthumb', 110, 20),
(508, 'mixthumb', 80, 80),
(552, 'mixthumb', 80, 80),
(566, 'mixthumb', 80, 80),
(483, 'mixthumb', 80, 80),
(235, 'mixthumb', 80, 80),
(392, 'mixthumb', 80, 80),
(283, 'mixthumb', 80, 80),
(598, 'mixthumb', 80, 80),
(610, 'mixthumb', 80, 80),
(479, 'mixthumb', 80, 80),
(229, 'mixthumb', 80, 80),
(595, 'mixthumb', 80, 80),
(480, 'mixthumb', 80, 80),
(477, 'mixthumb', 80, 80),
(291, 'mixthumb', 80, 80),
(583, 'mixthumb', 80, 80),
(482, 'mixthumb', 80, 80),
(586, 'mixthumb', 80, 80),
(565, 'mixthumb', 80, 80),
(515, 'mixthumb', 80, 80),
(288, 'mixthumb', 80, 80),
(567, 'mixthumb', 80, 80),
(523, 'raw', 619, 349),
(103, 'eventthumb', 110, 48),
(228, 'mixthumb', 80, 80),
(573, 'mixthumb', 80, 80),
(549, 'mixthumb', 80, 80),
(524, 'raw', 113, 150),
(467, 'gallerythumb', 110, 110),
(531, 'eventthumb', 82, 110),
(551, 'mixthumb', 80, 80),
(486, 'mixthumb', 80, 80),
(221, 'mixthumb', 80, 80),
(222, 'mixthumb', 80, 80),
(524, 'mixthumb', 80, 80),
(368, 'mixthumb', 80, 80),
(447, 'mixthumb', 80, 80),
(317, 'mixthumb', 80, 80),
(154, 'mixthumb', 80, 80),
(375, 'mixthumb', 80, 80),
(582, 'mixthumb', 80, 80),
(449, 'mixthumb', 80, 80),
(525, 'raw', 101, 128),
(580, 'eventthumb', 81, 110),
(525, 'mixthumb', 80, 80),
(531, 'mixthumb', 80, 80),
(579, 'mixthumb', 80, 80),
(289, 'mixthumb', 80, 80),
(539, 'mixthumb', 80, 80),
(574, 'mixthumb', 80, 80),
(591, 'mixthumb', 80, 80),
(514, 'mixthumb', 80, 80),
(596, 'mixthumb', 80, 80),
(568, 'mixthumb', 80, 80),
(617, 'mixthumb', 80, 80),
(602, 'mixthumb', 80, 80),
(475, 'mixthumb', 80, 80),
(290, 'mixthumb', 80, 80),
(481, 'mixthumb', 80, 80),
(287, 'mixthumb', 80, 80),
(618, 'mixthumb', 80, 80),
(572, 'mixthumb', 80, 80),
(393, 'mixthumb', 80, 80),
(421, 'mixthumb', 80, 80),
(550, 'mixthumb', 80, 80),
(581, 'mixthumb', 80, 80),
(526, 'raw', 3600, 2400),
(471, 'gallerythumb', 110, 110),
(439, 'large', 566, 102),
(492, 'mixthumb', 80, 80),
(281, 'mixthumb', 80, 80),
(528, 'raw', 112, 48),
(383, 'mixthumb', 80, 80),
(402, 'mixthumb', 80, 80),
(529, 'raw', 643, 906),
(401, 'eventright', 203, 286),
(607, 'mixthumb', 80, 80),
(485, 'mixthumb', 80, 80),
(530, 'raw', 101, 131),
(470, 'gallerythumb', 110, 110),
(479, 'eventthumb', 110, 71),
(506, 'eventright', 286, 190),
(435, 'large', 566, 31),
(531, 'raw', 113, 150),
(220, 'eventright', 255, 226),
(434, 'large', 566, 103),
(604, 'large', 566, 283),
(532, 'raw', 113, 150),
(452, 'gallerythumb', 110, 110),
(378, 'eventthumb', 73, 110),
(289, 'eventright', 286, 286),
(533, 'raw', 1200, 630),
(215, 'medium', 250, 64),
(579, 'pubeventsmall', 100, 66),
(534, 'raw', 100, 160),
(453, 'gallerythumb', 110, 110),
(397, 'pubeventsmall', 100, 140),
(410, 'small', 150, 45),
(476, 'mixthumb', 80, 80),
(225, 'mixthumb', 80, 80),
(511, 'mixthumb', 80, 80),
(612, 'mixthumb', 80, 80),
(548, 'mixthumb', 80, 80),
(535, 'raw', 231, 354),
(245, 'eventright', 286, 200),
(374, 'eventright', 169, 175),
(575, 'medium', 250, 187),
(536, 'raw', 146, 120),
(457, 'gallerythumb', 110, 110),
(612, 'large', 566, 566),
(151, 'banner', 1280, 319),
(537, 'raw', 161, 160),
(252, 'eventright', 232, 286),
(405, 'eventright', 286, 262),
(538, 'raw', 153, 152),
(454, 'gallerythumb', 110, 110),
(210, 'medium', 250, 83),
(188, 'banner', 1920, 429),
(539, 'raw', 231, 300),
(514, 'eventright', 217, 286),
(240, 'eventthumb', 110, 11),
(540, 'raw', 237, 66),
(455, 'gallerythumb', 110, 110),
(518, 'eventright', 177, 246),
(242, 'medium', 199, 250),
(541, 'raw', 1381, 513),
(97, 'eventright', 286, 79),
(542, 'raw', 1263, 503),
(451, 'gallerythumb', 110, 110),
(283, 'eventthumb', 110, 110),
(543, 'raw', 1325, 553),
(544, 'raw', 1154, 825),
(458, 'gallerythumb', 110, 110),
(359, 'eventthumb', 80, 80),
(545, 'raw', 821, 1198),
(395, 'eventthumb', 110, 24),
(605, 'mixthumb', 80, 80),
(546, 'raw', 97, 80),
(541, 'large', 566, 210),
(516, 'eventthumb', 89, 66),
(547, 'raw', 327, 48),
(100, 'small', 150, 50),
(393, 'eventthumb', 110, 88),
(548, 'raw', 717, 1039),
(537, 'eventthumb', 110, 109),
(353, 'eventthumb', 110, 82),
(549, 'raw', 599, 848),
(239, 'pubeventsmall', 100, 55),
(506, 'eventthumb', 110, 73),
(622, 'eventthumb', 82, 110),
(550, 'raw', 924, 882),
(402, 'eventright', 286, 160),
(222, 'eventthumb', 110, 97),
(579, 'eventright', 286, 190),
(551, 'raw', 505, 257),
(317, 'eventright', 106, 157),
(282, 'eventthumb', 109, 110),
(552, 'raw', 543, 323),
(222, 'thumb', 80, 80),
(220, 'eventthumb', 110, 97),
(276, 'eventthumb', 110, 73),
(236, 'mixthumb', 80, 80),
(510, 'mixthumb', 80, 80),
(553, 'raw', 600, 600),
(222, 'eventright', 255, 226),
(456, 'eventthumb', 110, 73),
(554, 'raw', 500, 500),
(555, 'raw', 600, 300),
(418, 'pubeventsmall', 100, 44),
(590, 'mixthumb', 80, 80),
(556, 'raw', 180, 180),
(276, 'eventright', 286, 190),
(557, 'raw', 180, 180),
(411, 'small', 105, 150),
(376, 'mixthumb', 80, 80),
(558, 'raw', 180, 180),
(375, 'eventright', 190, 286),
(559, 'raw', 180, 180),
(483, 'eventright', 286, 267),
(332, 'mixthumb', 80, 80),
(560, 'raw', 180, 180),
(480, 'eventright', 286, 142),
(155, 'mixthumb', 80, 80),
(346, 'mixthumb', 80, 80),
(561, 'raw', 599, 848),
(333, 'eventright', 286, 263),
(386, 'mixthumb', 80, 80),
(562, 'raw', 410, 171),
(578, 'small', 150, 143),
(563, 'raw', 600, 300),
(517, 'eventright', 181, 247),
(379, 'mixthumb', 80, 80),
(564, 'raw', 600, 300),
(315, 'eventright', 286, 214),
(565, 'raw', 480, 640),
(291, 'thumb', 80, 80),
(505, 'mixthumb', 80, 80),
(566, 'raw', 640, 480),
(516, 'eventright', 89, 66),
(567, 'raw', 587, 481),
(540, 'eventright', 237, 66),
(489, 'mixthumb', 80, 80),
(609, 'mixthumb', 80, 80),
(568, 'raw', 600, 300),
(367, 'small', 70, 65),
(281, 'eventthumb', 110, 110),
(569, 'raw', 600, 300),
(372, 'small', 150, 112),
(221, 'eventthumb', 110, 97),
(379, 'eventthumb', 110, 73),
(570, 'raw', 600, 300),
(297, 'eventright', 286, 228),
(254, 'mixthumb', 80, 80),
(571, 'raw', 600, 300),
(218, 'medium', 250, 83),
(406, 'mixthumb', 80, 80),
(572, 'raw', 1280, 939),
(448, 'mixthumb', 80, 80),
(618, 'small', 126, 123),
(573, 'raw', 1280, 939),
(379, 'pubeventsmall', 100, 66),
(574, 'raw', 480, 640),
(351, 'small', 150, 21),
(575, 'raw', 640, 480),
(383, 'eventright', 190, 286),
(377, 'mixthumb', 80, 80),
(576, 'raw', 480, 640),
(306, 'small', 107, 150),
(577, 'raw', 640, 480),
(386, 'eventright', 190, 286),
(573, 'medium', 250, 183),
(260, 'eventright', 286, 286),
(605, 'eventright', 153, 203),
(581, 'eventright', 286, 214),
(381, 'eventthumb', 110, 73),
(247, 'eventthumb', 110, 74),
(578, 'raw', 255, 244),
(476, 'eventright', 286, 214),
(331, 'mixthumb', 80, 80),
(388, 'mixthumb', 80, 80),
(516, 'mixthumb', 80, 80),
(579, 'raw', 1000, 667),
(349, 'eventright', 233, 272),
(622, 'mixthumb', 80, 80),
(333, 'mixthumb', 80, 80),
(580, 'raw', 111, 150),
(387, 'eventright', 286, 190),
(523, 'mixthumb', 80, 80),
(382, 'eventthumb', 73, 110),
(611, 'mixthumb', 80, 80),
(581, 'raw', 3264, 2448),
(175, 'eventright', 285, 286),
(590, 'eventthumb', 110, 73),
(582, 'raw', 2582, 3870),
(451, 'large', 566, 377),
(79, 'mixthumb', 80, 80),
(255, 'mixthumb', 80, 80),
(583, 'raw', 1000, 667),
(316, 'mixthumb', 80, 80),
(584, 'raw', 600, 300),
(109, 'pubeventsmall', 99, 150),
(549, 'eventthumb', 77, 110),
(585, 'raw', 3600, 2400),
(456, 'large', 566, 377),
(613, 'eventright', 190, 286),
(586, 'raw', 600, 300),
(538, 'eventright', 153, 152),
(384, 'eventthumb', 110, 73),
(587, 'raw', 1200, 600),
(588, 'raw', 1200, 600),
(276, 'pubeventsmall', 100, 66),
(550, 'eventthumb', 110, 105),
(589, 'raw', 1200, 600),
(97, 'eventthumb', 110, 30),
(590, 'raw', 2184, 1456),
(353, 'pubeventsmall', 100, 75),
(533, 'eventthumb', 110, 57),
(528, 'eventthumb', 110, 47),
(598, 'eventthumb', 110, 73),
(591, 'raw', 892, 481),
(247, 'large', 566, 381),
(363, 'medium', 250, 203),
(592, 'raw', 1200, 600),
(579, 'small', 150, 100),
(239, 'eventthumb', 110, 60),
(593, 'raw', 300, 137),
(272, 'eventright', 286, 94),
(156, 'mixthumb', 80, 80),
(186, 'banner', 1920, 429),
(594, 'raw', 626, 886),
(394, 'eventright', 202, 286),
(108, 'mixthumb', 80, 80),
(595, 'raw', 626, 888),
(300, 'pubeventsmall', 100, 141),
(549, 'eventright', 202, 286),
(423, 'medium', 250, 100),
(596, 'raw', 626, 883),
(350, 'small', 150, 124),
(106, 'eventright', 286, 102),
(30, 'banner', 1121, 223),
(301, 'thumb', 80, 80),
(253, 'eventright', 232, 286),
(424, 'slideimg', 298, 100),
(616, 'mixthumb', 80, 80),
(606, 'mixthumb', 80, 80),
(157, 'mixthumb', 80, 80),
(597, 'raw', 4400, 1959),
(363, 'small', 150, 122),
(485, 'eventright', 286, 185),
(599, 'raw', 206, 91),
(470, 'large', 566, 377),
(507, 'large', 566, 143),
(48, 'slideimg', 298, 100),
(600, 'raw', 1200, 600),
(368, 'eventright', 286, 237),
(385, 'eventthumb', 73, 110),
(601, 'raw', 111, 150),
(490, 'eventright', 286, 190),
(510, 'large', 311, 600),
(50, 'slideimg', 298, 100),
(602, 'raw', 101, 131),
(272, 'small', 150, 49),
(110, 'mixthumb', 80, 80),
(490, 'mixthumb', 80, 80),
(109, 'mixthumb', 80, 80),
(603, 'raw', 644, 909),
(361, 'eventright', 286, 202),
(597, 'slideimg', 298, 100),
(416, 'small', 150, 36),
(604, 'raw', 1200, 600),
(444, 'eventright', 286, 52),
(47, 'slideimg', 298, 100),
(605, 'raw', 153, 203),
(382, 'eventright', 190, 286),
(46, 'slideimg', 298, 100),
(506, 'mixthumb', 80, 80),
(606, 'raw', 579, 835),
(458, 'large', 566, 377),
(45, 'slideimg', 298, 100),
(42, 'slideimg', 298, 100),
(43, 'slideimg', 298, 100),
(607, 'raw', 800, 2000),
(469, 'large', 566, 377),
(299, 'small', 106, 150),
(433, 'small', 150, 41),
(42, 'small', 150, 70),
(608, 'raw', 800, 665),
(468, 'large', 566, 377),
(597, 'small', 150, 66),
(609, 'raw', 800, 659),
(454, 'large', 566, 377),
(300, 'small', 106, 150),
(610, 'raw', 799, 682),
(452, 'large', 566, 377),
(397, 'small', 106, 150),
(611, 'raw', 3508, 2481),
(581, 'small', 150, 112),
(409, 'mixthumb', 80, 80),
(582, 'thumb', 80, 80),
(612, 'raw', 800, 800),
(472, 'large', 566, 377),
(342, 'small', 93, 150),
(613, 'raw', 2160, 3240),
(453, 'large', 566, 377),
(301, 'small', 106, 150),
(394, 'small', 106, 150),
(391, 'small', 104, 150),
(614, 'raw', 800, 2000),
(384, 'eventright', 286, 190),
(390, 'small', 106, 150),
(615, 'raw', 798, 438),
(373, 'eventright', 203, 286),
(389, 'small', 106, 150),
(450, 'small', 106, 150),
(412, 'small', 105, 150),
(616, 'raw', 645, 908),
(377, 'eventright', 190, 286),
(560, 'small', 150, 150),
(558, 'small', 150, 150),
(617, 'raw', 619, 803),
(329, 'eventright', 219, 286),
(561, 'small', 105, 150),
(618, 'raw', 126, 123),
(616, 'eventright', 203, 286),
(559, 'small', 150, 150),
(556, 'small', 150, 150),
(619, 'raw', 565, 451),
(407, 'eventright', 286, 190),
(190, 'banner', 1920, 429),
(620, 'raw', 565, 451),
(303, 'small', 109, 150),
(557, 'small', 150, 150),
(613, 'mixthumb', 80, 80),
(400, 'mixthumb', 80, 80),
(348, 'mixthumb', 80, 80),
(621, 'raw', 640, 480),
(280, 'small', 110, 150),
(357, 'mixthumb', 80, 80),
(378, 'mixthumb', 80, 80),
(407, 'mixthumb', 80, 80),
(224, 'mixthumb', 80, 80),
(622, 'raw', 2448, 3264),
(530, 'mixthumb', 80, 80),
(561, 'mixthumb', 80, 80),
(633, 'mixthumb', 80, 80),
(633, 'small', 150, 112),
(633, 'eventthumb', 110, 82),
(633, 'eventright', 286, 214),
(489, 'small', 150, 100),
(634, 'raw', 4608, 3456),
(634, 'mixthumb', 80, 80),
(634, 'small', 150, 112),
(634, 'eventthumb', 110, 82),
(634, 'eventright', 286, 214),
(635, 'raw', 4750, 2917),
(635, 'mixthumb', 80, 80),
(635, 'small', 150, 92),
(635, 'large', 566, 347),
(636, 'raw', 2881, 1920),
(636, 'mixthumb', 80, 80),
(636, 'small', 150, 99),
(637, 'raw', 799, 1198),
(637, 'mixthumb', 80, 80),
(637, 'small', 100, 150),
(637, 'eventright', 190, 286),
(637, 'eventthumb', 73, 110),
(309, 'large', 566, 129),
(638, 'raw', 595, 665),
(638, 'mixthumb', 80, 80),
(638, 'small', 134, 150),
(638, 'eventright', 255, 286),
(638, 'eventthumb', 98, 110),
(430, 'small', 140, 122),
(386, 'pubeventsmall', 100, 149),
(383, 'pubeventsmall', 100, 149),
(506, 'small', 150, 100),
(639, 'raw', 3168, 4752),
(639, 'mixthumb', 80, 80),
(639, 'small', 100, 150),
(639, 'eventright', 190, 286),
(639, 'eventthumb', 73, 110),
(393, 'small', 150, 119),
(640, 'raw', 220, 275),
(640, 'mixthumb', 80, 80),
(640, 'small', 119, 150),
(640, 'eventright', 220, 275),
(640, 'eventthumb', 88, 110),
(641, 'raw', 1732, 1154),
(641, 'mixthumb', 80, 80),
(641, 'small', 150, 99),
(641, 'eventthumb', 110, 73),
(641, 'eventright', 286, 190),
(642, 'raw', 1024, 682),
(642, 'mixthumb', 80, 80),
(642, 'small', 150, 99),
(643, 'raw', 1630, 1630),
(643, 'mixthumb', 80, 80),
(643, 'small', 150, 150),
(643, 'eventthumb', 110, 110),
(643, 'eventright', 286, 286),
(395, 'small', 150, 32),
(644, 'raw', 5184, 3456),
(644, 'mixthumb', 80, 80),
(644, 'small', 150, 100),
(644, 'eventthumb', 110, 73),
(644, 'eventright', 286, 190),
(645, 'raw', 966, 725),
(645, 'mixthumb', 80, 80),
(645, 'small', 150, 112),
(645, 'eventright', 286, 214),
(645, 'eventthumb', 110, 82),
(646, 'raw', 400, 560),
(646, 'mixthumb', 80, 80),
(646, 'small', 107, 150),
(646, 'eventright', 204, 286),
(646, 'eventthumb', 78, 110),
(647, 'raw', 4992, 3328),
(647, 'mixthumb', 80, 80),
(648, 'raw', 4992, 3328),
(648, 'mixthumb', 80, 80),
(648, 'small', 150, 100),
(648, 'eventthumb', 110, 73),
(648, 'eventright', 286, 190),
(549, 'small', 105, 150),
(649, 'raw', 654, 918),
(649, 'mixthumb', 80, 80),
(649, 'small', 106, 150),
(649, 'eventright', 203, 286),
(649, 'eventthumb', 78, 110),
(655, 'small', 134, 150),
(655, 'mixthumb', 80, 80),
(655, 'raw', 595, 665),
(654, 'eventthumb', 110, 73),
(654, 'eventright', 286, 190),
(654, 'small', 150, 100),
(654, 'mixthumb', 80, 80),
(654, 'raw', 720, 480),
(655, 'thumb', 80, 80),
(656, 'raw', 550, 412),
(656, 'mixthumb', 80, 80),
(656, 'small', 150, 112),
(656, 'eventthumb', 110, 82),
(656, 'eventright', 286, 214),
(657, 'raw', 150, 96),
(657, 'mixthumb', 80, 80),
(657, 'small', 150, 96),
(658, 'raw', 990, 2018),
(658, 'mixthumb', 80, 80),
(658, 'small', 73, 150),
(658, 'eventthumb', 53, 110),
(658, 'eventright', 140, 286),
(252, 'pubeventsmall', 100, 123),
(659, 'raw', 651, 913),
(659, 'mixthumb', 80, 80),
(659, 'small', 106, 150),
(659, 'eventthumb', 78, 110),
(659, 'eventright', 203, 286),
(417, 'mixthumb', 80, 80),
(660, 'raw', 5097, 3398),
(660, 'mixthumb', 80, 80),
(661, 'raw', 5097, 3398),
(661, 'mixthumb', 80, 80),
(662, 'raw', 5097, 3398),
(662, 'mixthumb', 80, 80),
(662, 'small', 150, 100),
(662, 'thumb', 80, 80),
(75, 'mixthumb', 80, 80),
(363, 'mixthumb', 80, 80),
(244, 'mixthumb', 80, 80),
(362, 'mixthumb', 80, 80),
(660, 'small', 150, 100),
(660, 'large', 566, 377),
(663, 'raw', 4630, 3087),
(663, 'mixthumb', 80, 80),
(663, 'small', 150, 100),
(663, 'large', 566, 377),
(664, 'raw', 5097, 3398),
(664, 'mixthumb', 80, 80),
(664, 'small', 150, 100),
(664, 'large', 566, 377),
(665, 'raw', 4973, 3315),
(665, 'mixthumb', 80, 80),
(665, 'small', 150, 99),
(665, 'large', 566, 377),
(666, 'raw', 4797, 3198),
(666, 'mixthumb', 80, 80),
(666, 'small', 150, 100),
(666, 'large', 566, 377),
(667, 'raw', 5120, 3413),
(667, 'mixthumb', 80, 80),
(667, 'small', 150, 99),
(667, 'large', 566, 377),
(666, 'thumb', 80, 80),
(659, 'pubeventsmall', 100, 140),
(668, 'raw', 2903, 2329),
(668, 'mixthumb', 80, 80),
(668, 'small', 150, 120),
(668, 'eventthumb', 110, 88),
(668, 'eventright', 286, 229),
(669, 'raw', 2444, 1981),
(669, 'mixthumb', 80, 80),
(669, 'small', 150, 121),
(670, 'raw', 2444, 1981),
(670, 'mixthumb', 80, 80),
(670, 'small', 150, 121),
(670, 'eventright', 286, 231),
(671, 'raw', 2049, 1800),
(671, 'mixthumb', 80, 80),
(671, 'small', 150, 131),
(671, 'eventright', 286, 251),
(671, 'eventthumb', 110, 96),
(672, 'raw', 1972, 1793),
(672, 'mixthumb', 80, 80),
(672, 'small', 150, 136),
(672, 'eventright', 286, 260),
(672, 'eventthumb', 110, 100),
(385, 'pubeventsmall', 100, 149),
(377, 'pubeventsmall', 100, 149),
(375, 'pubeventsmall', 100, 149),
(673, 'raw', 2268, 4032),
(673, 'mixthumb', 80, 80),
(673, 'small', 84, 150),
(673, 'eventthumb', 61, 110),
(673, 'eventright', 160, 286),
(674, 'raw', 740, 908),
(674, 'mixthumb', 80, 80),
(674, 'small', 122, 150),
(674, 'eventright', 233, 286),
(674, 'eventthumb', 89, 110),
(675, 'raw', 5184, 3456),
(675, 'mixthumb', 80, 80),
(675, 'small', 150, 100),
(675, 'eventthumb', 110, 73),
(675, 'eventright', 286, 190),
(676, 'raw', 2677, 3053),
(676, 'mixthumb', 80, 80),
(676, 'small', 131, 150),
(676, 'eventright', 250, 286),
(676, 'eventthumb', 96, 110),
(677, 'raw', 740, 908),
(677, 'mixthumb', 80, 80),
(677, 'small', 122, 150),
(678, 'raw', 2154, 3077),
(678, 'mixthumb', 80, 80),
(678, 'small', 105, 150),
(678, 'eventright', 200, 286),
(678, 'eventthumb', 77, 110),
(679, 'raw', 671, 545),
(679, 'mixthumb', 80, 80),
(679, 'small', 150, 121),
(679, 'eventright', 286, 232),
(679, 'eventthumb', 110, 89),
(680, 'raw', 671, 545),
(680, 'mixthumb', 80, 80),
(680, 'small', 150, 121),
(680, 'eventright', 286, 232),
(680, 'eventthumb', 110, 89),
(288, 'pubeventsmall', 100, 99),
(506, 'pubeventsmall', 100, 66),
(428, 'pubeventsmall', 100, 100),
(489, 'pubeventsmall', 100, 66),
(401, 'pubeventsmall', 100, 140),
(289, 'pubeventsmall', 100, 100),
(65, 'small', 99, 26),
(682, 'small', 150, 64),
(682, 'mixthumb', 80, 80),
(682, 'raw', 2274, 978),
(682, 'thumb', 80, 80),
(683, 'raw', 1091, 397),
(683, 'mixthumb', 80, 80),
(683, 'small', 150, 54),
(683, 'thumb', 80, 80),
(104, 'small', 150, 40),
(682, 'medium', 250, 107),
(684, 'raw', 2274, 978),
(684, 'mixthumb', 80, 80),
(684, 'small', 150, 64),
(684, 'thumb', 80, 80),
(685, 'raw', 2274, 978),
(685, 'mixthumb', 80, 80),
(685, 'small', 150, 64),
(104, 'thumb', 80, 80),
(686, 'raw', 1280, 720),
(686, 'mixthumb', 80, 80),
(686, 'small', 150, 84),
(687, 'raw', 1280, 720),
(687, 'mixthumb', 80, 80),
(687, 'small', 150, 84),
(688, 'raw', 1280, 720),
(688, 'mixthumb', 80, 80),
(688, 'small', 150, 84),
(689, 'raw', 1280, 720),
(689, 'mixthumb', 80, 80),
(689, 'small', 150, 84),
(690, 'raw', 1280, 720),
(690, 'mixthumb', 80, 80),
(690, 'small', 150, 84),
(42, 'mixthumb', 80, 80),
(46, 'mixthumb', 80, 80),
(45, 'mixthumb', 80, 80),
(597, 'mixthumb', 80, 80),
(47, 'mixthumb', 80, 80),
(43, 'mixthumb', 80, 80),
(48, 'mixthumb', 80, 80),
(50, 'mixthumb', 80, 80),
(424, 'mixthumb', 80, 80),
(691, 'raw', 1280, 720),
(691, 'mixthumb', 80, 80),
(691, 'slideimg', 298, 100),
(42, 'mixsmall', 120, 56),
(691, 'mixsmall', 120, 67),
(50, 'mixsmall', 120, 56),
(48, 'mixsmall', 120, 56),
(45, 'mixsmall', 120, 56),
(290, 'pubeventsmall', 100, 100),
(297, 'eventthumb', 110, 88),
(374, 'pubeventsmall', 100, 103),
(400, 'pubeventsmall', 100, 62),
(329, 'pubeventsmall', 100, 130),
(253, 'pubeventsmall', 100, 123),
(402, 'pubeventsmall', 100, 56),
(311, 'pubeventsmall', 100, 8),
(223, 'pubeventsmall', 100, 88),
(450, 'pubeventsmall', 100, 141),
(287, 'pubeventsmall', 100, 100),
(317, 'pubeventsmall', 100, 148),
(371, 'pubeventsmall', 100, 49),
(516, 'pubeventsmall', 89, 66),
(433, 'pubeventsmall', 100, 27),
(514, 'pubeventsmall', 100, 131),
(485, 'pubeventsmall', 100, 64),
(476, 'pubeventsmall', 100, 75),
(523, 'pubeventsmall', 100, 56),
(337, 'eventright', 256, 286),
(106, 'pubeventsmall', 100, 35),
(392, 'pubeventsmall', 100, 74),
(228, 'pubeventsmall', 100, 88),
(483, 'pubeventsmall', 100, 93),
(363, 'pubeventsmall', 100, 81),
(511, 'pubeventsmall', 100, 132),
(383, 'small', 100, 150),
(522, 'pubeventsmall', 100, 144),
(474, 'pubeventsmall', 100, 150),
(491, 'pubeventsmall', 100, 66),
(433, 'large', 566, 155),
(480, 'pubeventsmall', 100, 49),
(692, 'raw', 944, 544),
(692, 'mixthumb', 80, 80),
(692, 'small', 150, 86),
(692, 'eventright', 286, 164),
(692, 'eventthumb', 110, 63),
(479, 'pubeventsmall', 100, 65),
(582, 'small', 100, 150),
(693, 'raw', 2992, 4488),
(693, 'mixthumb', 80, 80),
(693, 'small', 100, 150),
(693, 'eventthumb', 73, 110),
(693, 'eventright', 190, 286),
(694, 'raw', 2112, 3168),
(694, 'mixthumb', 80, 80),
(694, 'small', 100, 150),
(694, 'eventright', 190, 286),
(694, 'eventthumb', 73, 110);
INSERT INTO `mix_image_size` (`image_id`, `size`, `width`, `height`) VALUES
(695, 'raw', 1800, 1199),
(695, 'mixthumb', 80, 80),
(695, 'small', 150, 99),
(695, 'thumb', 80, 80),
(695, 'large', 566, 377),
(695, 'medium', 250, 166),
(328, 'large', 566, 362),
(490, 'pubeventsmall', 100, 66),
(285, 'mixthumb', 80, 80),
(304, 'mixthumb', 80, 80),
(696, 'raw', 640, 425),
(696, 'mixthumb', 80, 80),
(696, 'small', 99, 150),
(696, 'eventthumb', 73, 110),
(696, 'eventright', 189, 286),
(600, 'large', 566, 283),
(105, 'large', 566, 495),
(492, 'pubeventsmall', 100, 66),
(697, 'raw', 1836, 2448),
(697, 'mixthumb', 80, 80),
(697, 'small', 112, 150),
(697, 'thumb', 80, 80),
(698, 'raw', 3008, 4056),
(698, 'mixthumb', 80, 80),
(698, 'small', 111, 150),
(698, 'thumb', 80, 80),
(699, 'raw', 1580, 889),
(699, 'mixthumb', 80, 80),
(699, 'small', 150, 84),
(699, 'thumb', 80, 80),
(700, 'raw', 768, 1024),
(700, 'mixthumb', 80, 80),
(700, 'small', 112, 150),
(700, 'thumb', 80, 80),
(701, 'raw', 678, 450),
(701, 'mixthumb', 80, 80),
(701, 'small', 150, 99),
(701, 'thumb', 80, 80),
(702, 'raw', 2475, 3301),
(702, 'mixthumb', 80, 80),
(702, 'small', 112, 150),
(702, 'thumb', 80, 80),
(702, 'medium', 187, 250),
(655, 'medium', 223, 250),
(430, 'pubeventsmall', 100, 87),
(412, 'pubeventsmall', 100, 142),
(703, 'raw', 643, 908),
(703, 'mixthumb', 80, 80),
(703, 'small', 106, 150),
(703, 'thumb', 80, 80),
(704, 'raw', 644, 913),
(704, 'mixthumb', 80, 80),
(704, 'small', 105, 150),
(704, 'thumb', 80, 80),
(704, 'eventthumb', 77, 110),
(704, 'eventright', 201, 286),
(703, 'eventthumb', 77, 110),
(703, 'eventright', 202, 286),
(578, 'pubeventsmall', 100, 95),
(387, 'pubeventsmall', 100, 66),
(78, 'mixthumb', 80, 80),
(12, 'mixthumb', 80, 80),
(15, 'mixthumb', 80, 80),
(11, 'mixthumb', 80, 80),
(9, 'mixthumb', 80, 80),
(451, 'mixthumb', 80, 80),
(452, 'mixthumb', 80, 80),
(453, 'mixthumb', 80, 80),
(454, 'mixthumb', 80, 80),
(456, 'mixthumb', 80, 80),
(455, 'mixthumb', 80, 80),
(457, 'mixthumb', 80, 80),
(458, 'mixthumb', 80, 80),
(467, 'mixthumb', 80, 80),
(468, 'mixthumb', 80, 80),
(469, 'mixthumb', 80, 80),
(470, 'mixthumb', 80, 80),
(471, 'mixthumb', 80, 80),
(472, 'mixthumb', 80, 80),
(493, 'mixthumb', 80, 80),
(497, 'mixthumb', 80, 80),
(494, 'mixthumb', 80, 80),
(499, 'mixthumb', 80, 80),
(495, 'mixthumb', 80, 80),
(498, 'mixthumb', 80, 80),
(500, 'mixthumb', 80, 80),
(502, 'mixthumb', 80, 80),
(504, 'mixthumb', 80, 80),
(503, 'mixthumb', 80, 80),
(553, 'mixthumb', 80, 80),
(554, 'mixthumb', 80, 80),
(555, 'mixthumb', 80, 80),
(556, 'mixthumb', 80, 80),
(557, 'mixthumb', 80, 80),
(558, 'mixthumb', 80, 80),
(560, 'mixthumb', 80, 80),
(562, 'mixthumb', 80, 80),
(559, 'mixthumb', 80, 80),
(563, 'mixthumb', 80, 80),
(564, 'mixthumb', 80, 80),
(570, 'mixthumb', 80, 80),
(571, 'mixthumb', 80, 80),
(587, 'mixthumb', 80, 80),
(588, 'mixthumb', 80, 80),
(589, 'mixthumb', 80, 80),
(592, 'mixthumb', 80, 80),
(600, 'mixthumb', 80, 80),
(604, 'mixthumb', 80, 80),
(705, 'raw', 885, 596),
(705, 'mixthumb', 80, 80),
(705, 'small', 150, 101),
(705, 'medium', 250, 168),
(705, 'large', 566, 381),
(706, 'raw', 336, 504),
(706, 'mixthumb', 80, 80),
(706, 'small', 100, 150),
(706, 'eventright', 190, 286),
(706, 'eventthumb', 73, 110),
(417, 'small', 150, 122),
(417, 'medium', 250, 203),
(417, 'large', 566, 461),
(707, 'raw', 9002, 5000),
(708, 'raw', 9002, 5000),
(709, 'raw', 1229, 740),
(709, 'mixthumb', 80, 80),
(709, 'small', 150, 90),
(709, 'large', 566, 340),
(710, 'raw', 5760, 3840),
(710, 'mixthumb', 80, 80),
(710, 'small', 150, 100),
(710, 'eventthumb', 110, 73),
(710, 'eventright', 286, 190),
(711, 'raw', 2929, 1953),
(711, 'mixthumb', 80, 80),
(711, 'small', 150, 100),
(711, 'eventright', 286, 190),
(711, 'eventthumb', 110, 73),
(712, 'raw', 1872, 2500),
(712, 'mixthumb', 80, 80),
(712, 'small', 112, 150),
(712, 'eventthumb', 82, 110),
(712, 'eventright', 214, 286),
(713, 'raw', 1953, 1953),
(713, 'mixthumb', 80, 80),
(713, 'small', 150, 150),
(713, 'eventright', 286, 286),
(713, 'eventthumb', 110, 110),
(714, 'raw', 645, 911),
(714, 'mixthumb', 80, 80),
(714, 'small', 106, 150),
(714, 'eventright', 202, 286),
(714, 'eventthumb', 77, 110),
(603, 'small', 106, 150),
(519, 'pubeventsmall', 100, 142),
(253, 'small', 121, 150),
(401, 'small', 106, 150),
(715, 'raw', 4569, 1206),
(715, 'mixthumb', 80, 80),
(715, 'small', 150, 39),
(715, 'thumb', 80, 80),
(13, 'mixthumb', 80, 80),
(21, 'mixthumb', 80, 80),
(20, 'mixthumb', 80, 80),
(18, 'mixthumb', 80, 80),
(718, 'slideimg', 298, 100),
(718, 'raw', 298, 79),
(718, 'mixthumb', 80, 80),
(718, 'mixsmall', 120, 31),
(19, 'mixthumb', 80, 80),
(22, 'mixthumb', 80, 80),
(23, 'mixthumb', 80, 80),
(27, 'mixthumb', 80, 80),
(24, 'mixthumb', 80, 80),
(25, 'mixthumb', 80, 80),
(26, 'mixthumb', 80, 80),
(28, 'mixthumb', 80, 80),
(29, 'mixthumb', 80, 80),
(54, 'mixthumb', 80, 80),
(60, 'mixthumb', 80, 80),
(52, 'mixthumb', 80, 80),
(53, 'mixthumb', 80, 80),
(61, 'mixthumb', 80, 80),
(62, 'mixthumb', 80, 80),
(63, 'mixthumb', 80, 80),
(64, 'mixthumb', 80, 80),
(65, 'mixthumb', 80, 80),
(67, 'mixthumb', 80, 80),
(66, 'mixthumb', 80, 80),
(68, 'mixthumb', 80, 80),
(83, 'mixthumb', 80, 80),
(719, 'raw', 298, 79),
(719, 'mixthumb', 80, 80),
(719, 'small', 150, 39),
(720, 'raw', 298, 79),
(720, 'mixthumb', 80, 80),
(720, 'small', 150, 39),
(181, 'mixthumb', 80, 80),
(178, 'mixthumb', 80, 80),
(179, 'mixthumb', 80, 80),
(182, 'mixthumb', 80, 80),
(183, 'mixthumb', 80, 80),
(180, 'mixthumb', 80, 80),
(184, 'mixthumb', 80, 80),
(208, 'mixthumb', 80, 80),
(209, 'mixthumb', 80, 80),
(210, 'mixthumb', 80, 80),
(211, 'mixthumb', 80, 80),
(212, 'mixthumb', 80, 80),
(213, 'mixthumb', 80, 80),
(214, 'mixthumb', 80, 80),
(215, 'mixthumb', 80, 80),
(217, 'mixthumb', 80, 80),
(216, 'mixthumb', 80, 80),
(218, 'mixthumb', 80, 80),
(219, 'mixthumb', 80, 80),
(242, 'mixthumb', 80, 80),
(210, 'small', 150, 49),
(721, 'raw', 500, 132),
(721, 'mixthumb', 80, 80),
(721, 'small', 150, 39),
(721, 'medium', 250, 66),
(722, 'raw', 449, 449),
(722, 'mixthumb', 80, 80),
(722, 'small', 150, 150),
(722, 'eventthumb', 110, 110),
(722, 'eventright', 286, 286),
(723, 'raw', 4000, 3000),
(723, 'mixthumb', 80, 80),
(723, 'small', 150, 112),
(723, 'eventthumb', 110, 82),
(723, 'eventright', 286, 214),
(528, 'small', 112, 48),
(724, 'raw', 120, 152),
(724, 'mixthumb', 80, 80),
(724, 'small', 118, 150),
(724, 'eventright', 120, 152),
(724, 'eventthumb', 86, 110),
(417, 'pubeventsmall', 100, 81),
(725, 'raw', 1280, 720),
(725, 'mixthumb', 80, 80),
(725, 'small', 150, 84),
(725, 'large', 566, 318),
(726, 'raw', 1280, 719),
(726, 'mixthumb', 80, 80),
(726, 'small', 150, 84),
(726, 'large', 566, 317),
(727, 'raw', 1280, 719),
(727, 'mixthumb', 80, 80),
(727, 'small', 150, 84),
(727, 'large', 566, 317),
(728, 'raw', 1280, 719),
(728, 'mixthumb', 80, 80),
(728, 'small', 150, 84),
(728, 'large', 566, 317),
(729, 'raw', 1280, 719),
(729, 'mixthumb', 80, 80),
(729, 'small', 150, 84),
(729, 'large', 566, 317),
(730, 'raw', 1280, 719),
(730, 'mixthumb', 80, 80),
(730, 'small', 150, 84),
(730, 'large', 566, 317),
(448, 'pubeventsmall', 100, 129),
(353, 'small', 150, 112),
(492, 'small', 150, 100),
(731, 'raw', 1280, 720),
(731, 'mixthumb', 80, 80),
(731, 'small', 150, 84),
(732, 'raw', 1200, 674),
(732, 'mixthumb', 80, 80),
(732, 'small', 150, 84),
(733, 'raw', 1200, 674),
(733, 'mixthumb', 80, 80),
(733, 'small', 150, 84),
(734, 'raw', 1200, 675),
(734, 'mixthumb', 80, 80),
(734, 'small', 150, 84),
(735, 'raw', 1200, 675),
(735, 'mixthumb', 80, 80),
(735, 'small', 150, 84),
(736, 'raw', 1200, 675),
(736, 'mixthumb', 80, 80),
(736, 'small', 150, 84),
(737, 'raw', 1200, 675),
(737, 'mixthumb', 80, 80),
(737, 'small', 150, 84),
(732, 'thumb', 80, 80),
(245, 'small', 150, 104),
(518, 'pubeventsmall', 100, 138),
(517, 'pubeventsmall', 100, 136),
(520, 'pubeventsmall', 100, 51),
(307, 'small', 130, 130),
(738, 'raw', 1440, 900),
(738, 'mixthumb', 80, 80),
(738, 'small', 150, 93),
(738, 'medium', 250, 156),
(738, 'large', 566, 353),
(284, 'small', 150, 45),
(265, 'small', 111, 150),
(739, 'raw', 625, 884),
(739, 'mixthumb', 80, 80),
(739, 'small', 106, 150),
(739, 'eventthumb', 77, 110),
(740, 'raw', 622, 882),
(740, 'mixthumb', 80, 80),
(740, 'small', 105, 150),
(740, 'eventthumb', 77, 110),
(740, 'eventright', 201, 286),
(739, 'thumb', 80, 80),
(740, 'thumb', 80, 80),
(739, 'eventright', 202, 286),
(741, 'raw', 1280, 800),
(741, 'mixthumb', 80, 80),
(741, 'small', 150, 93),
(741, 'thumb', 80, 80),
(741, 'medium', 250, 156),
(741, 'large', 566, 353),
(707, 'mixthumb', 80, 80),
(708, 'mixthumb', 80, 80),
(81, 'mixthumb', 80, 80),
(87, 'mixthumb', 80, 80),
(93, 'mixthumb', 80, 80),
(90, 'mixthumb', 80, 80),
(89, 'mixthumb', 80, 80),
(88, 'mixthumb', 80, 80),
(92, 'mixthumb', 80, 80),
(91, 'mixthumb', 80, 80),
(94, 'mixthumb', 80, 80),
(82, 'mixthumb', 80, 80),
(76, 'small', 150, 112),
(76, 'eventright', 286, 214),
(76, 'eventthumb', 110, 82),
(732, 'eventthumb', 110, 61),
(732, 'eventright', 286, 160),
(229, 'small', 150, 132),
(742, 'raw', 3106, 2328),
(742, 'mixthumb', 80, 80),
(742, 'small', 150, 112),
(742, 'eventthumb', 110, 82),
(742, 'eventright', 286, 214),
(473, 'small', 150, 135),
(743, 'raw', 1338, 1494),
(743, 'mixthumb', 80, 80),
(743, 'small', 134, 150),
(743, 'eventright', 256, 286),
(743, 'eventthumb', 98, 110),
(13, 'small', 150, 112),
(744, 'raw', 342, 292),
(744, 'mixthumb', 80, 80),
(744, 'small', 150, 128),
(247, 'responsivelarge', 2000, 1349),
(328, 'responsivelarge', 2000, 1281),
(105, 'responsivelarge', 637, 558),
(745, 'raw', 640, 640),
(745, 'mixthumb', 80, 80),
(309, 'responsivelarge', 1167, 268),
(433, 'responsivelarge', 2000, 550);

-- --------------------------------------------------------

--
-- Table structure for table `mix_language`
--

CREATE TABLE `mix_language` (
  `language_id` int(11) NOT NULL,
  `name` varchar(50) COLLATE utf8_unicode_ci NOT NULL,
  `display_name` varchar(50) COLLATE utf8_unicode_ci NOT NULL,
  `site_name` varchar(255) COLLATE utf8_unicode_ci NOT NULL,
  `default` tinyint(1) NOT NULL DEFAULT '0',
  `enabled` tinyint(1) NOT NULL DEFAULT '0'
) ENGINE=MyISAM DEFAULT CHARSET=utf8 COLLATE=utf8_unicode_ci;

--
-- Dumping data for table `mix_language`
--

INSERT INTO `mix_language` (`language_id`, `name`, `display_name`, `site_name`, `default`, `enabled`) VALUES
(1, 'English', 'English', '', 1, 1),
(2, 'Chinese', '中文', '', 0, 0),
(3, 'Japanese', '日本語', '', 0, 0),
(4, 'Māori', 'Māori', '', 0, 1),
(5, 'Bahasa Indonesia', 'Bahasa Indonesia', '', 0, 0),
(6, 'Vietnamese', 'Tiếng Việt', '', 0, 0);

-- --------------------------------------------------------

--
-- Table structure for table `mix_location`
--

CREATE TABLE `mix_location` (
  `location_id` int(11) NOT NULL,
  `name` varchar(255) COLLATE utf8_unicode_ci NOT NULL,
  `address` text COLLATE utf8_unicode_ci NOT NULL
) ENGINE=MyISAM DEFAULT CHARSET=utf8 COLLATE=utf8_unicode_ci;

-- --------------------------------------------------------

--
-- Table structure for table `mix_media_gallery`
--

CREATE TABLE `mix_media_gallery` (
  `media_gallery_id` int(11) NOT NULL,
  `file_category_id` int(11) NOT NULL,
  `name` varchar(255) COLLATE utf8_unicode_ci NOT NULL
) ENGINE=MyISAM DEFAULT CHARSET=utf8 COLLATE=utf8_unicode_ci;

-- --------------------------------------------------------

--
-- Table structure for table `mix_module_category`
--

CREATE TABLE `mix_module_category` (
  `category_id` int(11) NOT NULL,
  `parent_category_id` int(11) NOT NULL,
  `module_id` int(11) NOT NULL,
  `name` varchar(255) COLLATE utf8_unicode_ci NOT NULL,
  `description` text COLLATE utf8_unicode_ci NOT NULL,
  `order_id` int(11) NOT NULL,
  `hide` tinyint(1) NOT NULL DEFAULT '0'
) ENGINE=MyISAM DEFAULT CHARSET=utf8 COLLATE=utf8_unicode_ci;

-- --------------------------------------------------------

--
-- Table structure for table `mix_module_category_image`
--

CREATE TABLE `mix_module_category_image` (
  `category_id` int(11) NOT NULL,
  `image_id` int(11) NOT NULL,
  `order_id` int(11) NOT NULL
) ENGINE=MyISAM DEFAULT CHARSET=utf8 COLLATE=utf8_unicode_ci;

-- --------------------------------------------------------

--
-- Table structure for table `mix_module_category_item`
--

CREATE TABLE `mix_module_category_item` (
  `module_id` int(11) NOT NULL,
  `item_id` int(11) NOT NULL,
  `category_id` int(11) NOT NULL
) ENGINE=MyISAM DEFAULT CHARSET=utf8 COLLATE=utf8_unicode_ci;

-- --------------------------------------------------------

--
-- Table structure for table `mix_notification`
--

CREATE TABLE `mix_notification` (
  `notification_id` int(11) NOT NULL,
  `internal_name` varchar(20) COLLATE utf8_unicode_ci NOT NULL,
  `name` varchar(50) COLLATE utf8_unicode_ci NOT NULL,
  `source` varchar(20) COLLATE utf8_unicode_ci NOT NULL
) ENGINE=MyISAM DEFAULT CHARSET=utf8 COLLATE=utf8_unicode_ci;

--
-- Dumping data for table `mix_notification`
--

INSERT INTO `mix_notification` (`notification_id`, `internal_name`, `name`, `source`) VALUES
(1, 'user_add', 'User Join', 'user'),
(2, 'user_edit', 'User Update', 'user'),
(3, 'event_registration', 'Event Registration', 'event'),
(4, 'basket_reminder', 'Basket Reminder', 'shop');

-- --------------------------------------------------------

--
-- Table structure for table `mix_page`
--

CREATE TABLE `mix_page` (
  `page_id` int(11) NOT NULL,
  `template_id` int(11) NOT NULL DEFAULT '0',
  `title` varchar(255) COLLATE utf8_unicode_ci NOT NULL,
  `page_title` varchar(255) COLLATE utf8_unicode_ci DEFAULT NULL,
  `description` text COLLATE utf8_unicode_ci,
  `default_description` text COLLATE utf8_unicode_ci,
  `keywords` text COLLATE utf8_unicode_ci,
  `noindex` tinyint(1) NOT NULL DEFAULT '0',
  `default_keywords` text COLLATE utf8_unicode_ci,
  `type` enum('page','alias','link','file','image','parent') COLLATE utf8_unicode_ci NOT NULL DEFAULT 'page',
  `link` text COLLATE utf8_unicode_ci,
  `alias_site_tree_id` int(11) DEFAULT '0',
  `js_head` text COLLATE utf8_unicode_ci,
  `js_top` text COLLATE utf8_unicode_ci,
  `js_bot` text COLLATE utf8_unicode_ci,
  `date_modified` datetime DEFAULT NULL
) ENGINE=MyISAM DEFAULT CHARSET=utf8 COLLATE=utf8_unicode_ci;

--
-- Dumping data for table `mix_page`
--

INSERT INTO `mix_page` (`page_id`, `template_id`, `title`, `page_title`, `description`, `default_description`, `keywords`, `noindex`, `default_keywords`, `type`, `link`, `alias_site_tree_id`, `js_head`, `js_top`, `js_bot`, `date_modified`) VALUES
(1, 1, 'Home', '', '', 'LATEST Annual conference For more information on the annual conference, please click HERE   Webinar series  View recordings of our recent State of Science webinars HERE.', '', 0, 'carbon soil change climate edition ghg new zealand agriculture methane annual conference efficiency farm gibberellins stocks use read mapping getting ', 'page', '', 0, '', '', '', '2021-05-26 10:06:03'),
(187, 6, 'Media', '', '', 'Media', '', 0, 'media use terms website members ', 'page', '', 0, '', '', '', '2017-05-12 14:21:48'),
(2, 35, 'About us', '', '', 'The NZAGRC is a core component of the New Zealand Government\'s approach to reducing greenhouse gases in agriculture. The New Zealand Agricultural Greenhouse Gas Research Centre (NZAGRC) was opened by Prime Minister, The Right Hon.', '', 0, 'nzagrc new research zealand greenhouse gas agricultural working international centre leading world partnership organisations solutions create existing reducing meet continue ', 'page', '', 0, '', '', '', '2021-05-26 03:13:00'),
(3, 17, 'Our Research', '', '', 'Our Research', '', 0, 'research methane emissions greenhouse gas nitrous low oxide mitigating stream runs nzagrc soil carbon solutions farm sector pastoral improve collective ', 'page', '', 0, '', '', '', '2017-05-17 13:05:26'),
(4, 17, 'Members & Partners', '', '', 'Members & Partners', '', 0, 'research nzagrc read university members massey food pggrc member lincoln plant scion agresearch landcare dairynz partners niwa programme reduce science ', 'page', '', 0, '', '', '', '2021-05-25 22:21:00'),
(5, 32, 'Knowledge', '', '', 'Knowledge', '', 0, 'information gases greenhouse technologies publications use mitigation specific agricultural solutions papers science various subsets terms read knowledge website members navigation ', 'page', '', 0, '', '', '', '2021-05-26 05:53:16'),
(204, 17, 'Log In', '', '', 'Log In', '', 0, 'log scientist wish complete release information request click hereto roi ', 'page', '', 0, '', '', '', '2025-12-01 06:06:16'),
(6, 33, 'Our People', 'NZAGRC People: Students, PostDocs and Scientist Profiles', '', 'Our People', '', 0, 'science nzagrc global scientists senior programme building students zealand new capability learn student award alliance research phd scholarship supports technicians ', 'page', '', 0, '', '', '', '2014-06-06 11:06:45'),
(7, 17, 'Solutions', '', '', 'Exploring the New Zealand Solution', '', 0, 'emissions new solution reduce zealand production intensity total agricultural information targets growth practical zealands esteemed course researchers interventions additional develop ', 'page', '', 0, '', '', '', '2017-05-10 14:10:18'),
(8, 17, 'Contact Us', '', '', 'Contact Us', '', 0, 'contact use terms website members ', 'page', '', 0, '', '', '', '2021-05-24 18:31:11'),
(9, 17, 'NZAGRC Staff', '', '', NULL, '', 0, NULL, 'page', '', 0, '', '', '', '2012-03-20 10:07:17'),
(10, 17, 'Funding', '', '', 'Funding', '', 0, 'm programme funding nzagrc investment new domestic science annum iwimori fund years support relevant policy facilities funds mpi elements focus ', 'page', '', 0, '', '', '', '2021-05-26 02:27:42'),
(11, 17, 'Governance', '', '', NULL, '', 0, NULL, 'page', '', 0, '', '', '', '2011-11-07 13:13:47'),
(12, 17, 'Who we are', '', '', 'Vision & Goals', '', 0, 'greenhouse agricultural nzagrc gas activities practical science vision carbon source sinks solutions research new technologies zealand practices profitable emitting lower ', 'page', '', 0, '', '', '', '2017-03-02 15:18:48'),
(13, 17, 'Locations', '', '', 'Locations', '', 0, 'measurement nitrous oxide soil centre methane nzagrc located scientists microbiology repriation field quantitative systems pcr eddy algal terms website use ', 'page', '', 0, '', '', '', '2021-05-25 08:06:35'),
(14, 17, 'Publications', 'Publications', '', 'Publications', '', 0, 'read publications partners agricultural nzagrc science background ghgs establishment reduce help plan attack collaborative website terms use members involved solutions ', 'page', '', 0, '', '', '', '2017-05-18 11:41:16'),
(15, 17, 'Events', 'Information about webinars in the State of Science series', '', 'Events', '', 0, 'read events use terms website members ', 'page', '', 172, '', '', '', '2021-05-25 14:09:52'),
(16, 17, 'Factsheets', '', '', NULL, '', 0, NULL, 'page', '', 0, '', '', '', '2011-11-07 13:16:28'),
(17, 17, 'Engagement', '', '', 'Engagement', '', 0, 'nzagrc research new information engagement zealand visit mori members industry science opportunities greenhouse number programme pastoral pggrc leaders gas provide ', 'page', '', 0, '', '', '', '2017-05-11 14:40:17'),
(18, 32, 'News', '', '', 'News', '', 0, 'read news use terms website members ', 'page', '', 0, '', '', '', '2017-05-17 13:05:26'),
(19, 17, 'Projects', '', '', NULL, '', 0, NULL, 'page', '', 0, '', '', '', '2011-11-28 11:40:24'),
(20, 17, 'Links', '', '', 'Links', '', 0, 'research zealand new institute ministry university association incorporation waitotara wwwpkwconz companies livestock ki dairy emissions affairs foreign wwwlivestockemissionsnet trade abatement ', 'page', '', 0, '', '', '', '2021-05-25 09:19:23'),
(21, 5, 'Images', '', '', 'Images', '', 0, 'read images use terms website members ', 'page', '', 0, '', '', '', '2021-05-26 03:57:15'),
(22, 17, 'Products', '', '', 'Products', '', 0, 'read products use terms website members ', 'page', '', 0, '', '', '', '2013-05-06 10:59:53'),
(23, 17, 'Calculators', '', '', NULL, '', 0, NULL, 'page', '', 0, '', '', '', '2011-11-07 13:18:54'),
(24, 17, 'Resources', '', '', 'Resources', '', 0, 'read resources use terms website members ', 'page', '', 0, '', '', '', '2020-07-02 14:55:28'),
(25, 17, 'Newsletter', '', '', NULL, '', 0, NULL, 'page', '', 0, '', '', '', '2011-11-08 10:05:07'),
(26, 17, 'Reports', '', '', NULL, '', 0, NULL, 'page', '', 0, '', '', '', '2011-11-08 10:05:32'),
(27, 17, 'Factsheets', '', '', NULL, '', 0, NULL, 'page', '', 0, '', '', '', '2011-11-08 10:05:58'),
(28, 17, 'NZAGRC workshops', '', '', 'NZAGRC Annual Workshops', '', 0, 'nzagrc conference workshops annual science workshop february public research held day centre isag release relevant members plan issue programme - ', 'page', '', 0, '', '', '', '2017-05-24 14:50:29'),
(29, 32, 'Methane', 'Methane Research Programme ', 'CH4 research stream for NZAGRC science programme', 'Methane Research Programme', 'CH4, methane, research, science, ghg, greenhouse gas, new zealand', 0, 'methane programme emissions research sheep funded current reduce vaccine inhibitors breeding jointly develop pggrc progress aims selection producing help development ', 'page', '', 0, '', '', '', '2021-05-26 09:08:55'),
(30, 17, 'Director', 'NZAGRC Director Dr Harry Clark', 'NZAGRC Director Dr Harry Clark', NULL, 'NZAGRC Director Dr Harry Clark', 0, NULL, 'page', '', 0, '', '', '', '2011-12-16 10:16:34'),
(31, 17, 'Deputy Director', 'NZAGRC Deputy Director Dr Andy Reisinger', 'NZAGRC Deputy Director Dr Andy Reisinger', NULL, 'NZAGRC Deputy Director Dr Andy Reisinger', 0, NULL, 'page', '', 0, '', '', '', '2011-12-18 08:45:13'),
(32, 17, 'Staff', 'NZAGRC Staff', 'NZAGRC Staff Heather Went Victoria Hatton Kate Parlane', NULL, 'NZAGRC Staff Heather Went Victoria Hatton Kate Parlane', 0, NULL, 'page', '', 0, '', '', '', '2011-12-18 08:47:16'),
(33, 17, 'Mission', 'NZAGRC Mission', 'NZAGRC Mission statement', NULL, 'NZAGRC Mission statement', 0, NULL, 'page', '', 0, '', '', '', '2011-12-18 09:05:14'),
(34, 17, 'Vision', 'NZAGRC Vision', 'NZAGRC Vision statement', NULL, 'NZAGRC Vision statement', 0, NULL, 'page', '', 0, '', '', '', '2011-12-18 09:08:28'),
(35, 17, 'Steering Group', 'NZAGRC Steering Group', 'NZAGRC Steering Group', NULL, 'NZAGRC Steering Group', 0, NULL, 'page', '', 0, '', '', '', '2011-12-18 09:12:32'),
(36, 17, 'Stakeholder Advisory Group', 'NZAGRC Stakeholder Advisory Group', 'NZAGRC Stakeholder Advisory Group', NULL, 'NZAGRC Stakeholder Advisory Group', 0, NULL, 'page', '', 0, '', '', '', '2012-02-15 14:27:10'),
(37, 17, 'International Science Advisory Group', 'NZAGRC International Science Advisory Group', 'NZAGRC International Science Advisory Group', NULL, 'NZAGRC International Science Advisory Group', 0, NULL, 'page', '', 0, '', '', '', '2012-02-15 14:25:29'),
(38, 17, 'Science Leadership Team', 'NZAGRC Science Leadership Team', 'NZAGRC Science Leadership Team', NULL, 'NZAGRC Science Leadership Team', 0, NULL, 'page', '', 0, '', '', '', '2012-02-15 14:24:50'),
(39, 32, 'Nitrous Oxide', '', '', 'Nitrous Oxide', '', 0, 'nitrous oxide research low plants pasture current urine programme investigation principal investigators patch feeds patches dr completed learn hong members ', 'page', '', 0, '', '', '', '2021-05-26 08:59:57'),
(40, 32, 'Soil Carbon', '', '', 'Soil Carbon', '', 0, 'carbon soil research potential practices - influence management international high current programme long emissions map work tem short farm storage ', 'page', '', 0, '', '', '', '2021-05-26 02:44:29'),
(41, 32, 'Integrated Systems', '', '', 'Integrated Systems', '', 0, 'research beef integrated systems new work dr principal investigator underway initiatives extension programmes robyn outlined current website terms use members ', 'page', '', 0, '', '', '', '2021-05-26 02:44:34'),
(42, 17, 'Obj 1.1', 'Methane Feeding Microalgae', 'Methane Feeding Microalgae NZAGRC Objective 1.1', NULL, 'Methane mitigation \r\nFeeding Microalgae NZAGRC Objective 1.1', 0, NULL, 'page', '', 0, '', '', '', '2012-02-21 12:48:30'),
(43, 17, 'Obj 2.1', 'Nitrous Oxide Obj 2.1', 'Manipulating N inputs NZAGRC Nitrous Oxide', NULL, 'Manipulating N inputs NZAGRC Nitrous Oxide', 0, NULL, 'page', '', 0, '', '', '', '2012-02-21 14:05:42'),
(44, 33, 'Annual Reports', '', '', NULL, '', 0, NULL, 'page', '', 0, '', '', '', '2012-03-14 16:00:37'),
(45, 33, 'Annual Reports', 'Annual Reports', 'NZAGRC annual reports and highlights documents', 'Annual Reports and Highlights', 'NZAGRC annual reports and highlights documents', 0, 'highlights reports annual members ', 'page', '', 0, '', '', '', '2014-08-14 15:38:40'),
(46, 33, 'News & Reports', 'NZAGRC Science & News', 'NZAGRC Science & News - Release & Highlights', 'News & Reports', 'NZAGRC Science News, Release & Highlights, newsletters, annual reports', 0, 'terms use news reports website members annual report regular newsletters latest ', 'page', '', 0, '', '', '', '2017-05-18 11:54:37'),
(47, 33, 'Business Plan', 'NZAGRC Business Plan', 'NZAGRC Business Plan', 'NZAGRC Business Plan', 'NZAGRC Business Plan', 0, 'centre ghg research new emissions mitigation matildebdquoacircori agricultural agriculture zealand plan centres stakeholders reducing science approaches products required years zealands ', 'page', '', 0, '', '', '', '2014-08-14 15:38:40'),
(48, 33, 'Background', 'NZAGRC Background Publications', 'NZAGRC Background Publications', 'NZAGRC Background Publications', 'NZAGRC Background Publications', 0, 'nzagrc research describes goals plan undertaken deliver members terms publications background use strategy website proposes zealand new business agricultural greenhouse ', 'page', '', 0, '', '', '', '2017-05-18 11:41:16'),
(49, 35, 'Current', 'Current Methane Projects', '', 'Low methane animals (partnered with PGgRc) Aim:', '', 0, 'needed new input low ghg commercial science zealand methane sheep emissions feeds vaccine timeline aim proof whats inhibitor pggrc cattle ', 'page', '', 0, '', '', '', '2017-04-27 14:23:50'),
(50, 17, 'Complete', 'Complete Methane Projects', '', 'Completed Methane Research', '', 0, '- methane dr objective low david pacheco objectives ronimus vaccine ron leahy rumen identifying mitigation underpin sinead emissions gemma henderson ', 'page', '', 0, '', '', '', '2017-05-17 10:40:45'),
(51, 32, 'Our People', '', '', 'Our People', '', 0, 'people use terms website members ', 'page', '', 0, '', '', '', '2021-05-26 09:50:03'),
(245, 17, 'Webinar series 2020', '', '', 'Webinar series 2020: Towards a low-emissions future', '', 0, 'webinar chair dr session soon change climate questions answers -- coming webinars new low-emissions link programme emissions research global commission ', 'page', '', 0, '', '', '', '2021-05-25 09:20:19'),
(52, 17, 'Science', '', '', NULL, '', 0, NULL, 'page', '', 0, '', '', '', '2012-03-20 10:13:39'),
(53, 17, 'Advisors', '', '', NULL, '', 0, NULL, 'page', '', 0, '', '', '', '2012-03-20 10:14:27'),
(54, 33, 'Science', 'Science Publications', '', 'Science Publications', '', 0, 'link text m - j s c r change soil emissions climate new l reisinger g pasture h science zealand ', 'page', '', 0, '', '', '', '2017-05-18 11:41:16'),
(55, 32, 'Partners & Friends', 'Other Publications', '', 'Partners & Friends', '', 0, 'partners publications use contained details publication members friends terms website contact need collaborative produced closely related programmes work information ', 'page', '', 0, '', '', '', '2021-05-26 07:16:07'),
(56, 17, 'NZAGRC Staff', '', '', 'NZAGRC Staff', '', 0, 'nzagrc research new discuss victoria alliance zealand global andy dr harry international phone contract email university science heather climate operations ', 'page', '', 0, '', '', '', '2017-03-01 16:43:36'),
(57, 32, 'Science', '', '', 'Science', '', 0, 'nzagrc science dr agresearch leadership students researchers new providing team programme enter opportunities trained experts leading committed work zealand manaaki ', 'page', '', 0, '', '', '', '2021-05-26 06:57:32'),
(58, 17, 'Governance', '', '', 'Governance', '', 0, 'group governance agresearch advisory nzagrc nzagrcrsquos independent new representative groups research structure appointed mbie mpi responsibility science board legal member ', 'page', '', 0, '', '', '', '2021-05-25 09:19:04'),
(59, 17, 'Advisory Groups', '', '', 'Advisory Groups', '', 0, 'group science governance nzagrc advisory work spag provide mori review programme director chair research organisations help panel meet members terms ', 'page', '', 0, '', '', '', '2021-05-26 07:38:10'),
(60, 17, 'Current', 'Current Nitrous Oxide Research', '', 'Current Nitrous Oxide Research', '', 0, '- emissions oxide n nitrous objective o objectives mitigating grazed systems management feed cecile options klein current research use terms ', 'page', '', 0, '', '', '', '2017-05-11 11:48:51'),
(61, 17, 'Current', 'Current Soil Carbon Research', '', '', '', 0, 'carbon soil soils c storage - objective new agricultural zealand research leader dr nzagrc april june changes funding apr jun ', 'page', '', 0, '', '', '', '2017-05-17 10:40:45'),
(191, 17, 'Store', 'NZAGRC Soil Carbon Research Programme: Influencing soil carbon storage', '', 'Understanding the carbon storage potential of soil', '', 0, 'carbon soil management understanding cenw hurley long pasture term increasing sequestration effects changes nitrogen hectare model exploring work impacts models ', 'page', '', 0, '', '', '', '2021-05-26 01:52:29'),
(62, 17, 'Current', 'Current Integrated Systems Research', '', 'Current Integrated Systems Research', '', 0, 'n objective o models methane improve mb descriptions download formation research - denitrification june leader modelling mechanistic dr include process ', 'page', '', 0, '', '', '', '2017-05-17 10:40:45'),
(63, 33, 'TEST', 'TEST', '', NULL, '', 0, NULL, 'page', '', 0, '', '', '', '2012-04-02 13:21:23'),
(66, 36, 'My ROI', '', '', 'My ROI', '', 0, 'content release roi request approval owner output check information approved objective select work form submit ensure manager correct receive process ', 'page', '', 0, '', '', '', '2025-11-27 13:39:51'),
(73, 32, 'Media', 'Media', '', 'Media', '', 0, 'media use terms website members ', 'page', '', 0, '', '', '', '2021-05-26 06:04:05'),
(69, 17, 'INFO', 'ROI Info', '', 'INFO', '', 0, 'members info ', 'page', '', 0, '', '', '', '2012-08-15 15:44:41'),
(64, 17, 'Steering Group', '', '', 'Steering Group', '', 0, 'group steering members ', 'page', '', 0, '', '', '', '2012-05-01 10:39:25'),
(65, 17, 'Members Files', '', '', 'Members Files', '', 0, 'members files ', 'page', '', 0, '', '', '', '2012-05-09 14:03:16'),
(67, 9, 'My Account', '', '', 'My Account', '', 0, 'account ', 'page', '', 0, '', '', '', '2025-11-28 20:26:15'),
(68, 17, 'FAQ', '', '', 'My ROI: Frequently Asked Questions', '', 0, 'content owner approval objective leader nzagrc roi request objectives author release process long ensure used principal investigator team select work ', 'page', '', 0, '', '', '', '2025-09-10 10:25:52'),
(77, 17, 'test', '', '', 'test', '', 0, 'test use terms website members ', 'page', '', 0, '', '', '', '2021-05-11 08:21:55'),
(70, 37, 'Logoff', '', '', 'Our Members', '', 0, 'members ', 'page', '', 0, '', '', '', '2012-08-14 13:57:16'),
(71, 9, 'My Details', '', '', 'My Details', '', 0, 'details ', 'page', '', 0, '', '', '', '2025-11-06 15:40:29'),
(72, 17, 'Info', '', '', 'MY ROI Information & Processes', '', 0, 'release information content roi nzagrc author request approval project owner manager person research owners ip processes funders interested parties process ', 'page', '', 0, '', '', '', '2025-11-06 15:39:13'),
(116, 32, 'Plant & Food Research', '', '', 'Plant & Food Research', '', 0, 'plant food research development science proteomics genomics growth metabolomics environmental wwwplantandfoodconz terms use website members soil plants skills fruit vegetable ', 'page', '', 0, '', '', '', '2021-05-26 09:43:13'),
(117, 32, 'Scion', '', '', 'Scion', '', 0, 'scion building soil carbon area relevant skills applicable centre agricultural terms use website members land httpwwwscionresearchcom researchers forestry zealand forest ', 'page', '', 0, '', '', '', '2021-05-25 22:00:30'),
(83, 33, 'Our People', '', '', 'Our People', '', 0, 'science nzagrc learn scientists programme building senior students new global zealand capability student scholarship research award phd technicians alliance supports ', 'page', '', 0, '', '', '', '2017-03-02 15:18:59'),
(74, 32, 'Facts & Figures', 'NZAGRC Fact Sheets', '', 'Facts & Figures', '', 0, 'information new series specific designed provide summary development research overview policy programme doing terms use facts figures website members available ', 'page', '', 0, '', '', '', '2021-05-26 09:10:03'),
(75, 17, 'ADVISORS', '', '', 'ADVISORS', '', 0, 'advisors members ', 'page', '', 0, '', '', '', '2016-10-24 09:22:24'),
(76, 17, 'NZAGRC Review 2013', '', '', 'NZAGRC Review 2013', '', 0, 'zip mb appendix review nzagrc members ', 'page', '', 0, '', '', '', '2013-05-06 10:59:53'),
(94, 32, 'Annual Report', '', '', 'Annual Report', '', 0, 'annual report activities years overviews events document website use terms highlights members reporting year financial end produces detailed available nzagrc ', 'page', '', 0, '', '', '', '2021-05-26 05:06:43'),
(79, 17, 'Objectives & Content Owners', '', '', 'Objectives & Content Owners', '', 0, 'nzagrc-pggrc sow use completed nzagrc -gpler na - series methane gpler gra low rumen ron ronimus rfp david -rfp pacheco ', 'page', '', 0, '', '', '', '2025-11-03 13:20:17'),
(80, 17, 'Templates', '', '', 'Templates', '', 0, 'research funded programme new zealand government global alliance funding provided nzagrc-pggrc science greenhouse livestock view acknowledgement statements nzagrc carried contract ', 'page', '', 0, '', '', '', '2025-10-14 09:27:02'),
(78, 17, 'TEMPLATES', '', '', 'TEMPLATES', '', 0, 'research funded new greenhouse global view alliance zealand programme government gases statement learn disclaimer grass added agricultural opinion website terms ', 'page', '', 0, '', '', '', '2020-09-25 14:00:53'),
(81, 32, 'IPCC', 'IPCC', 'Intergovernmental Panel on Climate Change and the NZAGRC', 'Intergovernmental Panel for Climate Change', 'IPCC NZAGRC WGII WGIII', 0, 'ipcc change climate bureau greenhouse gas inventories read reports intergovernmental decisions chair based members national work force panel task body ', 'page', '', 0, '', '', '', '2021-05-25 20:43:41'),
(106, 17, 'Our Part', '', '', 'Our Part', '', 0, 'methane research greenhouse emissions gas solutions farm runs low nzagrc dedicated stream maori assist efficiencies farmers detailed alongside work quantify ', 'page', '', 0, '', '', '', '2017-05-11 11:48:51'),
(107, 17, 'Industry', '', '', 'New Zealand farmers are already contributing to lowering', '', 0, 'farm increased emissions effect management feed yield pasture productivity practice use lower kg intensity weight animal net meat hectare new ', 'page', '', 0, '', '', '', '2017-05-11 14:40:03'),
(108, 32, 'FAQ', '', '', 'FAQ', '', 0, 'faq use terms website members ', 'page', '', 0, '', '', '', '2021-05-26 09:34:56'),
(85, 32, 'Newsletter ', 'NZAGRC-PGgRc Newsletter', 'PGgRc NZAGRC Newsletter Articles', 'Welcome to RELEASE: the joint newsletter from the NZAGRC & PGgRc', '', 0, 'joint newsletter nzagrc pggrc release welcome website terms use members ', 'page', '', 0, '', '', '', '2017-05-17 13:05:26'),
(99, 32, 'M&#257;ori', 'NZAGRC low emissions farm systems for the Maori farming sector', 'NZAGRC research programme dedicated to  assist the M', 'Māori', 'maori, farming, landholders, land owners, tangatiwhenua, ghg, emissions, low emissions, greenhouse gas, methane, nitrous oxide, n2o, soil carbon, farm efficiency', 0, 'emissions mori greenhouse website strategies ghg improve gas project use mitigation terms analyses new issues investigates decision-making criteria barriers introducing ', 'page', '', 0, '', '', '', '2021-05-26 02:44:39'),
(95, 17, 'About', '', '', NULL, '', 0, NULL, 'page', '', 0, '', '', '', '2015-11-24 13:09:50'),
(86, 17, 'Complete', '', '', 'Completed Nitrous Oxide Research', '', 0, '- n manipulating objective processes o alec earthworms anecic mackay thomas influence website nitrous oxide research completed use steve terms ', 'page', '', 0, '', '', '', '2017-05-17 10:40:45'),
(101, 34, 'Register', '', '', 'Register for the 2017 conference', '', 0, 'title use field email organisation form problems accepted having phone number register conference enquirynzagrcorgnz requirements dietary characters include north new ', 'page', '', 0, '', '', '', '2018-11-23 14:02:56'),
(102, 32, 'Presentations (Past)', '', '', 'Presentations (Past)', '', 0, 'presentations past use terms website members ', 'page', '', 0, '', '', '', '2021-05-25 10:11:48'),
(82, 17, 'Research Questions', '', '', 'Methane Research Questions', '', 0, 'methane low questions forage ghg solution inhibitors vaccine animals research levels productivity - contact ruminal maintain members regularly answers programme ', 'page', '', 0, '', '', '', '2014-08-21 14:12:33'),
(109, 32, 'AgResearch', '', '', 'AgResearch', '', 0, 'agresearch science rumen development centre social forage technology plant change uptake on-farm practice growth proteomics members website terms use wwwagresearchconz ', 'page', '', 0, '', '', '', '2021-05-26 06:17:18'),
(88, 40, 'test', '', '', 'test', '', 0, 'test members ', 'page', '', 0, '', '', '', '2015-01-26 12:48:25'),
(89, 17, 'Conference', 'NZ Agricultural Climate Change Conference 2021', '', 'On 1 & 2 June 2021, the NZAGRC will lead a two-day conference on the latest research and policy developments and implementation actions being undertaken to reduce agricultural greenhouse gases in New Zealand. The conference is aimed at government, science and primary sector leaders and practitioners interested in the agricultural greenhouse gas and climate change policy developments and latest research on reducing agricultural greenhouse gas emissions.', 'ghg, methane, nitrous oxide, n2o, ch4, soil carbon, nzagrc, pggrc, ruminants, greenhouse gas mitigation, ghg reduction, life cycle analysis, land use change,', 0, 'agricultural emissions new greenhouse climate change ndash gas zealand science reducing conference address dr international taking research break sector primary ', 'page', '', 15, '', '', '', '2021-05-26 10:01:14'),
(121, 44, 'Basket Reminder', NULL, NULL, NULL, NULL, 0, NULL, 'page', NULL, 0, NULL, NULL, NULL, '2017-03-17 14:56:37'),
(122, 45, 'Email Invite/Opt-in', NULL, NULL, NULL, NULL, 0, NULL, 'page', NULL, 0, NULL, NULL, NULL, '2017-03-17 14:56:37'),
(123, 46, 'Event Added', NULL, NULL, NULL, NULL, 0, NULL, 'page', NULL, 0, NULL, NULL, NULL, '2017-03-17 14:56:37'),
(124, 47, 'Event Bulk Notification', NULL, NULL, NULL, NULL, 0, NULL, 'page', NULL, 0, NULL, NULL, NULL, '2017-03-17 14:56:37'),
(125, 48, 'Event Invite/Opt-in', NULL, NULL, NULL, NULL, 0, NULL, 'page', NULL, 0, NULL, NULL, NULL, '2017-03-17 14:56:37'),
(126, 49, 'Event New Comment', NULL, NULL, NULL, NULL, 0, NULL, 'page', NULL, 0, NULL, NULL, NULL, '2017-03-17 14:56:37'),
(127, 50, 'Forum Bulk Notification', NULL, NULL, NULL, NULL, 0, NULL, 'page', NULL, 0, NULL, NULL, NULL, '2017-03-17 14:56:37'),
(128, 51, 'Forum Invite/Opt-in', NULL, NULL, NULL, NULL, 0, NULL, 'page', NULL, 0, NULL, NULL, NULL, '2017-03-17 14:56:37'),
(129, 52, 'Forum Post Reply', NULL, NULL, NULL, NULL, 0, NULL, 'page', NULL, 0, NULL, NULL, NULL, '2017-03-17 14:56:37'),
(130, 53, 'Gallery New Comment', NULL, NULL, NULL, NULL, 0, NULL, 'page', NULL, 0, NULL, NULL, NULL, '2017-03-17 14:56:37'),
(131, 54, 'Group Added', NULL, NULL, NULL, NULL, 0, NULL, 'page', NULL, 0, NULL, NULL, NULL, '2017-03-17 14:56:37'),
(132, 55, 'Order Update', NULL, NULL, NULL, NULL, 0, NULL, 'page', NULL, 0, NULL, NULL, NULL, '2017-03-17 14:56:37'),
(87, 32, 'GRA', '', '', 'Global Research Alliance on Agricultural Greenhouse Gases', '', 0, 'research gra new livestock emissions group greenhouse lrg global zealand alliance systems agricultural gas read ministry environment work dr million ', 'page', '', 0, '', '', '', '2021-05-26 00:48:11'),
(110, 33, 'DairyNZ', 'NZAGRC Member: DairyNZ', '', 'DairyNZ', 'dairynz, nz dairy, dairy nz, ghg, greenhouse gas, membership, nzagrc', 0, 'dairynz dairy centre on-farm science practice environmental production change performance httpwwwdairynzconz terms use website members uptake milk technology cow includes ', 'page', '', 0, '', '', '', '2021-05-26 08:56:09'),
(111, 32, 'Manaaki Whenua', '', '', 'Manaaki Whenua', '', 0, 'manaaki whenua landcare research - development science inventory soil exchange emission gas measurement carbon assessment website terms use members wwwlandcareresearchconz ', 'page', '', 0, '', '', '', '2021-05-25 22:40:03'),
(112, 32, 'Lincoln University', '', '', 'Lincoln University', '', 0, 'university lincoln science mitigation agricultural nitrous oxide emission soil economics environmental website terms use members httpwwwlincolnacnz systems management measurement researchers ', 'page', '', 0, '', '', '', '2021-05-25 23:23:18'),
(113, 32, 'Massey University', '', '', 'Massey University', '', 0, 'massey university soil science biochar centre production integration combines leading relevant animal wwwmasseyacnz use terms website members skills researchers hosts ', 'page', '', 0, '', '', '', '2021-05-25 16:17:33'),
(114, 32, 'NIWA', '', '', 'NIWA', '', 0, 'niwa centre climate relevant skills researchers change impacts terms use website members adaptation wwwniwaconz teams planet environmental science leading conduct ', 'page', '', 0, '', '', '', '2021-05-25 20:42:56'),
(115, 32, 'PGgRc', '', '', 'PGgRc', '', 0, 'pggrc mitigation agricultural greenhouse research read wwwpggrcconz use foundation ghg contributions terms members gas sector nz website excellent total emissions ', 'page', '', 0, '', '', '', '2021-05-26 03:36:39'),
(84, 35, 'The Situation', 'GHG reductions in New Zealand - the situation', '', 'Our Members   Website Terms of Use', 'reducing GHG New Zealand NZ emissions intensity total agricultural emissions greenhouse gases', 0, 'emissions new production reduce zealands zealand read greenhouse options farmers meet targets increasing growth current help reducing global agriculture need ', 'page', '', 0, '', '', '', '2018-10-25 15:39:27'),
(236, 0, 'Symposium', '', '', NULL, '', 0, NULL, 'alias', '', 206, '', '', '', '2018-12-17 14:12:41'),
(90, 32, 'Newsletter test', '', '', 'Newsletter test', '', 0, 'test newsletter members ', 'page', '', 0, '', '', '', '2015-09-23 10:33:11'),
(104, 17, 'Overview', '', '', 'Overview', '', 0, 'overview use terms website members ', 'page', '', 0, '', '', '', '2017-03-06 10:02:58'),
(105, 17, 'Overview', '', '', 'Overview', '', 0, 'overview use terms website members ', 'page', '', 0, '', '', '', '2017-03-03 03:57:54'),
(92, 36, 'Create New', NULL, NULL, NULL, NULL, 0, NULL, 'page', NULL, 0, NULL, NULL, NULL, NULL),
(93, 36, 'Create Copy', NULL, NULL, NULL, NULL, 0, NULL, 'page', NULL, 0, NULL, NULL, NULL, NULL),
(91, 17, 'Nitrogen Workshop', '', '', 'Nitrogen Workshop', '', 0, 'n efficiency mb university workshop research use nitrogen summary systems current landcare interventions agresearch pastoral agenda mitigation massey opportunities understanding ', 'page', '', 0, '', '', '', '2021-05-24 17:37:51'),
(96, 17, 'IPCC AR5', '', '', 'IPCC AR5', '', 0, 'ipcc report climate change april wgii new working released zealand information mitigation wgiii adaptation andy visit contact emissions risks - ', 'page', '', 0, '', '', '', '2017-05-11 11:48:51'),
(97, 17, 'IPCC Bureau', '', '', NULL, '', 0, NULL, 'page', '', 0, '', '', '', '2015-11-24 13:12:45'),
(98, 17, 'IPCC Bureau', '', '', 'IPCC Bureau', '', 0, 'ipcc bureau members working chair based supported secretariat bureaursquos republic korea geneva work composition website terms use appointment reisingers lee ', 'page', '', 0, '', '', '', '2017-05-11 16:05:42'),
(119, 17, 'Stories', '', '', 'Stories', '', 0, '- release newsletter methane emissions animal tiny august rumen cows sheep methane-free solution problems grazing bottles mitigation inhibitors nzagrc conference ', 'page', '', 0, '', '', '', '2017-05-12 13:05:48'),
(100, 17, 'Terms of Use', '', '', 'Terms of Use', '', 0, 'website information use agresearch systems nzagrc terms member law time party monitoring right content sites described contact security analysis auditing ', 'page', '', 0, '', '', '', '2025-11-27 18:13:03'),
(103, 34, 'registration', '', '', 'Register for the 2017 conference', '', 0, 'use title field - job include characters conference register accepted abstracts note tuesday terms website march palmerston zealand new north ', 'page', '', 0, '', '', '', '2018-11-23 14:02:56'),
(118, 32, 'Staff', '', '', 'Staff', '', 0, 'staff use terms website members ', 'page', '', 0, '', '', '', '2021-05-26 10:07:09'),
(120, 33, 'Stories', '', '', 'Stories', '', 0, '- release newsletter august n manipulating emissions apr jun university processes research dr denitrification o matter lincoln oxide nitrous inhibitors ', 'page', '', 0, '', '', '', '2017-05-12 13:05:48'),
(133, 17, 'NZ Funding Structure', '', '', 'NZ Funding Structure', '', 0, 'funding funds research agricultural greenhouse gas structure brief international history download zealand agreements read new factsheet collaborative website terms use ', 'page', '', 0, '', '', '', '2017-06-01 11:57:02'),
(134, 17, 'Reisinger', '', '', 'Dr Andy Reisinger: Agricultural emissions: their role in climate change', '', 0, 'andy research global emissions warming livestock new reisinger sectors climate change agricultural nzagrc dioxide paris contribute alliance agriculture reduce zealand ', 'page', '', 0, '', '', '', '2018-11-22 14:06:21'),
(135, 17, 'Eggleton', '', '', 'Francesca Eggleton: Fonterra\'s approach to climate change', '', 0, 'dairy francesca emissions fonterra climate change industry industryrsquos global work farmers nz new zealand using sector developing working group environmental ', 'page', '', 0, '', '', '', '2018-11-22 14:06:21'),
(136, 17, 'Sinclair', '', '', 'Mark Sinclair: Agricultural greenhouse gas mitigation - the international context', '', 0, 'paris climate change mark agreement ambassador new negotiators global zealandrsquos nz sinclair details policy future international agricultural governments talk mitigation ', 'page', '', 0, '', '', '', '2018-11-22 14:06:21'),
(137, 17, 'Clark', '', '', 'Dr Harry Clark: Realities, magic potions & clairvoyance', '', 0, 'new harry zealand research potions need methane agricultural order magic emissions director clark greenhouse use livestock change climate international centre ', 'page', '', 0, '', '', '', '2018-11-22 14:06:21'),
(138, 17, 'Kerr', '', '', 'Suzi Kerr: The role of land use change', '', 0, 'land suzi new change university currently use emissions ghgs products quality planting scale zealandrsquos climate options research motu fellow senior ', 'page', '', 0, '', '', '', '2018-11-21 10:47:29'),
(139, 17, 'Ledgard', '', '', NULL, '', 0, NULL, 'page', '', 0, '', '', '', '2017-03-30 16:44:21'),
(140, 17, 'Progress with NZ methane technologies', '', '', NULL, '', 0, NULL, 'page', '', 0, '', '', '', '2017-03-30 16:48:44'),
(141, 17, 'Ledgard', '', '', 'Dr Stewart Ledgard: Life Cycle Assessment - International comparisons', '', 0, 'nz stewart environmental research cycle life nutrient management production footprint worked lower international lca agricultural assessment eu agresearch product farm ', 'page', '', 0, '', '', '', '2018-11-22 14:06:21'),
(142, 17, 'Janssen', '', '', 'Dr Peter Janssen: Progress with NZ methane technologies', '', 0, 'peter methane rumen technologies progress global research janssen dr recognised agresearch isolating programme ruminant microbes emissions prior so-called unculturable expert ', 'page', '', 0, '', '', '', '2018-11-21 10:47:29'),
(143, 17, 'De Klein', '', '', 'Dr Cecile deKlein: Progress with NZ nitrous oxide technologies', '', 0, 'nitrous oxide emissions cecile n o research methodology inventory international national new programme ipcc estimating review role zealandrsquos using measuring ', 'page', '', 0, '', '', '', '2018-11-22 14:06:21'),
(144, 17, 'Schipper', '', '', 'Professor Louis Schipper: Can we build and maintain soil carbon in pastures?', '', 0, 'carbon soil new stocks louis changes zealand pastures pasture soils management change schipper scales practices maintaining national land use large ', 'page', '', 0, '', '', '', '2018-11-22 14:06:21'),
(145, 17, 'Wright', '', '', 'Dr Jan Wright: Understanding New Zealand', '', 0, 'jan new degree policy reports term dr wright gases zealand agriculture climate greenhouse change biological understanding report consultant different agencies ', 'page', '', 0, '', '', '', '2018-11-22 14:06:21'),
(146, 17, 'McIvor', '', '', 'Sam McIvor: Beef & sheep industry perspectives', '', 0, 'sam beef farmers sheep sector new industry development experience look zealand mcivor management ceo lamb nz food change land executive ', 'page', '', 0, '', '', '', '2018-11-22 14:06:21'),
(147, 5, 'Photo Gallery', '', '', 'Photo Gallery', '', 0, 'photo gallery use terms website members ', 'page', '', 0, '', '', '', '2021-05-25 08:56:57'),
(148, 43, 'Search', '', '', 'Search', '', 0, 'search use terms website members ', 'page', '', 0, '', '', '', '2021-05-25 13:41:53'),
(153, 17, 'Inhibitors', 'NZAGRC-PGgRc methane inhibitors science programme', 'NZAGRC-PGgRc science programme for discovery of methane inhibitor compounds', 'Inhibitor (partnered with PGgRc)', 'ch4 methane inhibitor compounds ruminants methanogen', 0, 'inhibitor trials day needed emissions methane compounds sheep input deliver market new science lead conducted development progress effects commercial classes ', 'page', '', 0, '', '', '', '2021-05-26 06:06:17'),
(150, 17, 'Breeding', 'NZAGRC-PGgRc low methane animals science programme', 'NZAGRC-PGgRC science progamme on breeding low methane emitting animals', 'Low methane animals (partnered with PGgRc)', 'breed low methane ch4 genetic selection cattle sheep heritable trait', 0, 'low sheep methane cattle breeding emitting ghg needed traits input values research programme release trait selection incorporate markers identify lead ', 'page', '', 0, '', '', '', '2021-05-25 13:51:39'),
(151, 32, 'Feeds', 'NZAGRC-PGgRc low methane feeds science programme', 'NZAGRC-PGgRc science programme on low methane feed options', 'Low GHG Feeds (partnered with PGgRc)', 'low methane feed brasscias forage ch4', 0, 'ghg low feeds partnered pggrc use terms articles reports members website science ', 'page', '', 0, '', '', '', '2021-05-26 00:54:11'),
(152, 17, 'Vaccine', 'NZAGRC-PGgRc methane vaccine science progamme', 'NZAGRC-PGgRc science progamme for methane vaccine', 'Vaccine (partnered with the PGgRc)', 'vaccine ch4 methane ruminants', 0, 'vaccine methane needed zealand input new deliver testing rumen commercial antigens ranked programme prototype partner concept science emissions produce proof ', 'page', '', 0, '', '', '', '2021-05-26 03:08:45'),
(149, 17, 'Low methane', 'NZAGRC-PGgRc low methane animals science programme', '', NULL, '', 0, NULL, 'page', '', 0, '', '', '', '2017-04-26 14:52:07'),
(154, 17, 'Capture', '', '', 'Methane capture & storage in soil', '', 0, 'methane soil capture animal research stored waste emitted housed cattle concentration weeks removed large high field percentage trial established feeding ', 'page', '', 0, '', '', '', '2021-05-25 08:30:43'),
(155, 17, 'Ag GHG Funding NZ', '', '', 'Ag GHG Funding NZ', '', 0, 'ghg funding nz ag use website terms members ', 'page', '', 0, '', '', '', '2017-05-04 11:51:50'),
(156, 17, 'NZ Ag GHG Funds', '', '', NULL, '', 0, NULL, 'page', '', 0, '', '', '', '2017-05-02 11:13:18'),
(157, 17, 'NZ Ag GHG Funds-History', '', '', NULL, '', 0, NULL, 'page', '', 0, '', '', '', '2017-05-02 11:14:04'),
(158, 17, 'NZ Ag GHG Funds-Overview', '', '', NULL, '', 0, NULL, 'page', '', 0, '', '', '', '2017-05-02 11:14:31'),
(159, 17, 'NZ Fund Structure', '', '', 'The Structure of Agricultural Greenhouse Gas Research Funding in New Zealand', '', 0, 'new funding zealand agricultural research different funds greenhouse change interests climate solutions organisation tackle work mitigation gas way needs guide ', 'page', '', 0, '', '', '', '2021-05-26 02:56:56'),
(160, 17, 'History', '', '', 'History & overview of the New Zealand funds', '', 0, 'new research emissions zealand zealandrsquos ghg agricultural pggrc mitigation agreement greenhouse global inventory continue climate agriculture gas methane government fund ', 'page', '', 0, '', '', '', '2021-05-26 01:47:58'),
(161, 35, 'Overview', '', '', 'Quick Facts - Fund overviews Here is an overview of the main funding avenues for agricultural greenhouse gas research funding in New Zealand. Click of each fund name to learn more about each.', '', 0, 'nzagrc pggrc mpi funding advisory m director methane research - group oxide year panel slmacc nitous industry gra input fund ', 'page', '', 0, '', '', '', '2021-05-26 01:34:14'),
(230, 35, 'The Situation', 'The situation with New Zealand\'s agricultural greenhouse gases', 'The situation with New Zealand\'s agricultural greenhouse gases', 'Forty-eight percent of New Zealand\'s greenhouse gas emissions come from agriculture. At the same time, almost half of New Zealand\'s merchandisable exports come from agriculture.', 'NZ GHG, greenhouse gas, GHG, kyoto, ghg target, targets, ', 0, 'emissions new zealand production reduce greenhouse zealands target read targets gas global help reducing increasing options farmers growth nations growing ', 'page', '', 0, '', '', '', '2021-05-26 09:56:07'),
(162, 17, 'PGGRC', '', '', 'PGGRC', '', 0, 'pggrc funding funds new methane zealand research partnership nzagrc - m mbie funded sits mpi board slmacc oxide manager linkages ', 'page', '', 0, '', '', '', '2021-05-26 02:45:31'),
(163, 17, 'GRA', '', '', 'GRA', '', 0, 'gra research new zealand funding livestock funds global systems international million group activities carbon emissions provide nzagrc panel countries support ', 'page', '', 0, '', '', '', '2021-05-25 19:18:28'),
(164, 17, 'NZAGRC', '', '', 'NZAGRC', '', 0, 'nzagrc new research pggrc agricultural director emissions zealandrsquos funding carbon ghg soil group funds methane mpi zealand advice investment year ', 'page', '', 0, '', '', '', '2021-05-26 02:12:43'),
(165, 17, 'NZFunds-NZAGRC', '', '', NULL, '', 0, NULL, 'page', '', 0, '', '', '', '2017-05-02 11:17:45'),
(166, 17, 'SLMACC', '', '', 'SLMACC', '', 0, 'research climate change funding slmacc policy analysis emissions mpi funds m nzagrc including fund greenhouse linkages impacts test mitigation gas ', 'page', '', 0, '', '', '', '2021-05-26 00:33:00'),
(167, 17, 'Inventory', '', '', 'Inventory', '', 0, 'inventory emissions mpi funding new national funds agricultural unfccc gas reporting estimates research mfe use m linkages view advisory panels ', 'page', '', 0, '', '', '', '2021-05-26 00:05:01'),
(168, 17, 'Industry', '', '', 'Industry', '', 0, 'industry funding efficiency new research productivity government emissions funds zealand mitigation private pggrc ghg co-benefit reductions m gains various nitrogen ', 'page', '', 0, '', '', '', '2021-05-25 09:20:13'),
(169, 17, 'Other', '', '', 'Other', '', 0, 'funds farming view fund maori productivity emissions initiatives various reductions look agribusiness pathways mpirsquos increased strong enhancement focus landrsquos members ', 'page', '', 0, '', '', '', '2021-05-25 07:44:45'),
(170, 17, 'Links & Partnerships', 'NZ agricultural GHG Funding Links and Partnerships', '', 'Links & Partnerships', 'NZAGRC PGGRC MPI SLMACC links partnership funding', 0, 'research new mitigation ghg work zealand industry emissions funds international investment individual pggrc zealandrsquos reduce nzagrc programmes science collaboration programme ', 'page', '', 0, '', '', '', '2021-05-25 14:39:05'),
(171, 32, 'Research Collaborations', '', '', 'Research Collaborations', '', 0, 'research collaborations use terms website members ', 'page', '', 0, '', '', '', '2021-05-26 01:42:41'),
(172, 17, 'News & Events', '', '', 'News & Events', '', 0, 'news events use terms website members ', 'page', '', 0, '', '', '', '2021-05-26 02:44:41'),
(175, 17, 'Low nitrous oxide feeds', 'NZAGRC-PGgRc low nitrous oxide feeds', 'NZAGRC-PGgRc science programme to develop feeds and feeding strategies that result in reduced ntirous oxide emissions', 'Low nitrous oxide feeds', 'n2o, nitrous oxide, feeds, low emissions, feed strategy', 0, 'nitrous oxide emissions n o reduce nitrogen needed compounds feeds input strategies feed lab urinary options potential using identified reducing ', 'page', '', 0, '', '', '', '2021-05-26 02:45:04'),
(173, 39, 'My Collaboration Story', '', '', NULL, '', 0, NULL, 'page', '', 0, '', '', '', '2017-05-11 09:28:32'),
(174, 17, 'Low nitrous oxide plants', 'NZAGRC-PGgRc low nitrous oxide plants', 'NZAGRC-PGgRc science programme to develop plants and planting strategies that result in reduced nitrous oxide emissions from soil', 'Low nitrous oxide plants', 'n2o, nitrous oxide, NZAGRC, low emissions', 0, 'emissions oxide needed trials n nitrous plants commercial input urine plant o understand lower species reduce develop farm soil new ', 'page', '', 0, '', '', '', '2021-05-26 02:44:59'),
(176, 17, 'Urine patch location & treatment', 'NZAGRC-PGgRc Urine patch location technology', 'NZAGRC research programme to test technology that locates and treats urine patches on farm', 'Urine patch location & treatment', 'urine patch, n2o, reduce n2o, spikey, Pastoral Robotics Ltd, geoff bates', 0, 'urine spikeyreg technology patch patches treat tested study used n data locate efficacy effect read new location acid ammonia use ', 'page', '', 0, '', '', '', '2021-05-26 02:45:03'),
(188, 32, 'Measurement', '', '', 'Measurement', '', 0, 'project new progress latest members website measurement use terms dairynz organisation low rapid validate cost measuring research lead methane aim ', 'page', '', 0, '', '', '', '2021-05-26 02:52:30'),
(177, 33, 'Dairy sector', 'Agricultural greenhouse gases and the New Zealand dairy sector', 'An overview of how the New Zealand dairy sector is changing their farming practices and helping to lower emissions.', 'Agricultural greenhouse gases & the New Zealand dairy sector', 'Fonterra, dairy, NZ dairy sector, lower emissions, low methane, low nitrous oxide, n2o, cows, heifers', 0, 'yield milk feed use farm emissions dairy new cow increased genetic kg sector effect whats intensity zealand proportion practice read ', 'page', '', 0, '', '', '', '2017-05-11 14:40:17'),
(178, 33, 'Beef & sheep sector', 'Agricultural greenhouse gases and the New Zealand beef and sheep sector', 'An overview of how the New Zealand beef and sheep sectors are changing their farming practices and helping to lower emissions.', 'Beef & sheep sector', 'beef+lamb, b+lnz, blnz, beef, sheep, lower emissions, low methane, low nitrous oxide n2o', 0, 'increased beef sheep meat farm management emissions pasture growth effect use new lower number finishing numbers breeding yield animal strategies ', 'page', '', 0, '', '', '', '2017-05-11 14:40:17'),
(179, 33, 'Deer sector', 'Agricultural greenhouse gases and the New Zealand deer sector', '', 'Agricultural greenhouse gases & the New Zealand deer industry', 'deer, velvet, nz deer, deernz, lower emissions, low methane, low nitrous oxide, n2o, ch4', 0, 'increased new deer farm emissions weight effect intensity sector venison whats zealand time zealands animal finish finished productivity practice meat ', 'page', '', 0, '', '', '', '2017-05-11 14:40:17'),
(180, 17, 'Science', 'NZ agricultural GHG Situation: Science', '', 'The Situation: Science', '', 0, 'research gas greenhouse emissions solutions nzagrc runs reducing farm stream efficiencies dedicated assist maori increased farmers science work quantify contribution ', 'page', '', 0, '', '', '', '2021-05-26 09:48:41'),
(181, 17, 'Industry', 'NZ agricultural GHG Situation: Industry', '', 'The Situation: Industry', '', 0, 'new farm zealand emissions management sector sectors genetics research nzagrc questions industry zealands greenhouse gas farmers contributing lowering funding impact ', 'page', '', 0, '', '', '', '2021-05-25 23:12:28'),
(182, 32, 'Dairy sector', 'Agricultural greenhouse gases and the New Zealand dairy sector', '', 'Agricultural greenhouse gases & the New Zealand dairy sector', '', 0, 'milk increased new yield emissions improved genetic feed animals effect kg read zealand intensity lower farm use zealands dairy greenhouse ', 'page', '', 0, '', '', '', '2021-05-25 22:41:07'),
(183, 32, 'Beef & sheep sector', 'Agricultural greenhouse gases and the New Zealand beef and sheep sector', '', 'Agricultural greenhouse gases & the New Zealand beef & sheep sectors', '', 0, 'increased sheep beef farm new meat emissions growth pasture management lower use effect strategies numbers meatha breeding number animal animals ', 'page', '', 0, '', '', '', '2021-05-26 09:39:25'),
(184, 32, 'Deer sector', 'Agricultural greenhouse gases and the New Zealand deer sector', '', 'Agricultural greenhouse gases & the New Zealand deer industry', '', 0, 'new farm increased zealand emissions deer whats weight industry lower intensity effect time meat yield hectare animal productivity slaughter changes ', 'page', '', 0, '', '', '', '2021-05-26 01:43:48'),
(185, 32, 'Policy', 'Agricultural greenhouse gases & the New Zealand Policy Environment', '', 'Agricultural greenhouse gases & the New Zealand policy environment', '', 0, 'new zealand read member climate greenhouse agricultural change intergovernmental gas emissions website policy environment gases use members terms panel global ', 'page', '', 0, '', '', '', '2021-05-26 08:45:41'),
(186, 17, 'GRA', 'Global Research Alliance', '', NULL, '', 0, NULL, 'page', '', 0, '', '', '', '2017-05-11 16:05:03'),
(203, 32, 'Science Publications', '', '', 'Science Publications', '', 0, 'science publications use terms website members ', 'page', '', 0, '', '', '', '2021-05-26 08:35:47'),
(202, 32, 'Business Plan', '', '', 'Business Plan', '', 0, 'business plan use terms website members ', 'page', '', 0, '', '', '', '2020-07-02 14:55:28'),
(189, 32, 'University of Waikato', '', '', 'University of Waikato', '', 0, 'nzagrc waikato university programme science members terms use links website massey student manages scholarship schemes lincoln managed universities ', 'page', '', 0, '', '', '', '2021-05-25 21:53:46'),
(190, 17, 'Increase', 'NZAGRC Soil Carbon Research Programme: Increasing Soil Carbon', 'The NZAGRC science programme is testing specific management practices that may increase the long term soil carbon store in field situations', 'Increasing Soil Carbon in New Zealand soils', 'soil carbon, soil c, increasing soil carbon, soil carbon on farm, new Zealand soil types, nz soil, pastoral soil', 0, 'carbon soil soils management potential stabilisation strategies needed practices pasture increasing identify properties affect store input field improved inputs develop ', 'page', '', 0, '', '', '', '2021-05-25 09:19:15'),
(192, 17, 'Completed', '', '', 'Completed', '', 0, 'carbon soil soils - storage c new objective zealand agricultural leader dr april funding changes jun apr june stocks drivers ', 'page', '', 0, '', '', '', '2021-05-26 06:46:13'),
(193, 17, 'Completed', '', '', 'Completed', '', 0, '- n manipulating objective processes earthworms o anecic steve thomas influence mackay use completed terms website status members alec saggar ', 'page', '', 0, '', '', '', '2021-05-25 20:46:34'),
(194, 17, 'Completed', '', '', 'Completed', '', 0, '- methane dr objective low david pacheco objectives ronimus vaccine ron leahy rumen identifying mitigation henderson sinead emissions underpin gemma ', 'page', '', 0, '', '', '', '2021-05-25 09:19:13'),
(195, 32, 'News', '', '', 'News', '', 0, 'news use terms website members ', 'page', '', 0, '', '', '', '2021-05-26 09:33:25'),
(196, 17, 'Research', 'NZ GHG mitigation research', 'New Zealand research into mitigation of greehouse gases on New Zealand farms and exploring soil carbon potential', 'Research', '', 0, 'emissions research areas science farm current ghg low key systems soil policy pastoral mori increase resource assisting sector ghg-emitting profitable ', 'page', '', 0, '', '', '', '2021-05-26 02:44:56');
INSERT INTO `mix_page` (`page_id`, `template_id`, `title`, `page_title`, `description`, `default_description`, `keywords`, `noindex`, `default_keywords`, `type`, `link`, `alias_site_tree_id`, `js_head`, `js_top`, `js_bot`, `date_modified`) VALUES
(197, 17, 'Soil Carbon Map', '', '', NULL, '', 0, NULL, 'page', '', 0, '', '', '', '2017-05-17 13:43:05'),
(198, 17, 'Map', '', '', 'Mapping soil carbon on New Zealand farms', '', 0, 'soil carbon new zealand farm research project case study stocks mapping produces scale map assessment spatial massey variability accurate hill ', 'page', '', 0, '', '', '', '2021-05-26 02:45:07'),
(199, 17, 'Completed', '', '', 'Completed', '', 0, 'n objective university modelling dr - models leader mechanistic o methane jun improved component iris denitrification david enteric ch production ', 'page', '', 0, '', '', '', '2021-05-25 08:48:13'),
(200, 17, 'Dairy', 'NZAGRC lowering dairy farm emissions research programme', '', 'Exploring practical GHG mitigation options for New Zealand dairy farms', '', 0, 'dairy farming mitigation options emissions beet ghg fodder programme greenhouse industry strategies needed input result lead waikato feed research lactation ', 'page', '', 0, '', '', '', '2021-05-26 02:03:13'),
(201, 17, 'Sheep & Beef', 'NZAGRC lowering sheep and beef farm emissions research programme', '', 'Exploring practical GHG mitigation options for New Zealand sheep & beef farms', '', 0, 'farm emissions intensity strategies farms beef demonstrate industry needed sheep farming scenarios greenhouse practices ghgs large development modelled work research ', 'page', '', 0, '', '', '', '2021-05-25 08:47:12'),
(218, 17, 'Methane', 'Information about methane', 'A short overview of methane as a greenhouse gas', 'Methane', 'methane, ch4, ghg, nz farm, dairy, enteric methane, enteric ch4, what is methane,', 0, 'methane emissions new gas animals agriculture percent ruminant years comes atmosphere carbon zealand greenhouse agricultural sources source warming dioxide global ', 'page', '', 0, '', '', '', '2021-05-26 09:43:41'),
(208, 0, 'Our Research', '', '', NULL, '', 0, NULL, 'alias', '', 196, '', '', '', '2017-05-30 13:52:42'),
(206, 0, 'Conference', '', '', NULL, '', 0, NULL, 'link', 'http://www.nzagrc.org.nz/conference', 0, '', '', '', '2017-05-24 14:51:40'),
(205, 0, 'Publications', '', '', NULL, '', 0, NULL, 'alias', '', 5, '', '', '', '2017-05-24 14:18:06'),
(207, 17, 'Workshops 2017 & prior', '', '', 'Workshops 2017 & prior', '', 0, 'conference workshops nzagrc science annual workshop public february research centre day held programme palmerston isag information north plan - release ', 'page', '', 0, '', '', '', '2021-05-26 01:56:41'),
(209, 17, 'Gases', 'NZAGRC: The gases - methane, nitrous oxide - and carbon storage', '', 'The Gases', '', 0, 'carbon methane soil oxide greenhouse nitrous emissions new stored zealand gases powerful practices changes gas global tonne potential warming soils ', 'page', '', 0, '', '', '', '2021-05-25 21:07:53'),
(211, 32, '2011', 'NZAGRC Annual Report 2011', '', 'NZAGRC Annual Report 2011', '', 0, 'annual report nzagrc use website terms members ', 'page', '', 0, '', '', '', '2021-05-26 08:09:02'),
(210, 32, '2010', 'NZAGRC Annual Report 2010', '', 'NZAGRC Annual Report 2010', '', 0, 'annual report nzagrc use website terms members ', 'page', '', 0, '', '', '', '2021-05-26 07:10:41'),
(212, 32, '2012', 'NZAGRC Annual Report 2012', '', 'NZAGRC Annual Report 2012', '', 0, 'annual report nzagrc use website terms members ', 'page', '', 0, '', '', '', '2021-05-26 06:58:20'),
(213, 32, '2013', 'NZAGRC Annual Report 2013', '', 'NZAGRC Annual Report 2013', '', 0, 'annual report nzagrc use website terms members ', 'page', '', 0, '', '', '', '2021-05-25 09:19:21'),
(214, 32, '2014', 'NZAGRC Annual Report 2014', '', 'NZAGRC Annual Report 2014', '', 0, 'annual report nzagrc use website terms members ', 'page', '', 0, '', '', '', '2021-05-26 07:48:10'),
(215, 32, '2015', 'NZAGRC Annual Report 2015', '', 'NZAGRC Annual Report 2015', '', 0, 'annual report nzagrc use website terms members ', 'page', '', 0, '', '', '', '2021-05-26 10:09:36'),
(216, 32, '2016', 'NZAGRC Annual Report 2016', '', 'NZAGRC Annual Report 2016', '', 0, 'annual report nzagrc use website terms members ', 'page', '', 0, '', '', '', '2021-05-26 09:22:11'),
(217, 32, '2017', 'NZAGRC Annual Report 2017', '', 'NZAGRC Annual Report 2017', '', 0, 'annual report nzagrc use website terms members ', 'page', '', 0, '', '', '', '2021-05-26 09:39:54'),
(219, 17, 'Nitrous oxide', '', '', 'Nitrous oxide', '', 0, 'oxide nitrous powerful methane amounts come dung deposited smaller urine bacteria grazing patches paddocks manures members website terms use fertilizer ', 'page', '', 0, '', '', '', '2021-05-26 09:47:47'),
(227, 11, 'Subscription', NULL, NULL, NULL, NULL, 0, NULL, 'page', NULL, 0, NULL, NULL, NULL, '2018-01-17 00:22:22'),
(220, 32, '2018', '', '', '2018', '', 0, 'use terms website members ', 'page', '', 0, '', '', '', '2018-11-21 10:47:29'),
(225, 17, 'GRA Flagships', '', '', 'GRA Flagships', '', 0, 'soil carbon sequestration research flagship inventories flagships greenhouse agricultural management guidance gas food enteric fermentation project inventory circasa manure projects ', 'page', '', 0, '', '', '', '2021-05-25 09:19:18'),
(226, 17, 'CIRCASA', '', '', 'CIRCASA', '', 0, 'research carbon soil agriculture international sequestration climate circasa agricultural food change cooperation security mitigation global nzagrc soils initiatives intergovernmental initiative ', 'page', '', 0, '', '', '', '2021-05-26 02:45:10'),
(221, 17, 'Haiku', 'NZAGRC Haiku', '', 'Haiku', '', 0, 'haiku methane poetry research ghgs lines terms syllables form soil farming carbon reduce climate game itrsquos future temperature changer increases ', 'page', '', 0, '', '', '', '2021-05-26 02:18:14'),
(222, 32, 'International', 'NZAGRC international research', '', 'International research results', '', 0, 'research results international use website terms members ', 'page', '', 0, '', '', '', '2021-05-26 00:57:17'),
(223, 32, 'FAO-NZAGRC', 'Reducing Enteric Methane for improving food security and livelihoods', '', 'Reducing Enteric Methane for improving food security and livelihoods', '', 0, 'food new research project agricultural website zealand greenhouse fao improving enteric security methane gases gra alliance global group lrg terms ', 'page', '', 0, '', '', '', '2021-05-26 04:30:40'),
(224, 0, 'GRAResearchFlagships', '', '', NULL, '', 0, NULL, 'link', 'http://www.nzagrc.org.nz/policy,listing,447,gra-research-flagships.html', 0, '', '', '', '2017-11-22 14:04:59'),
(233, 32, '2018', '', '', 'NZAGRC Annual Report 2018', '', 0, 'annual report nzagrc use website terms members ', 'page', '', 0, '', '', '', '2021-05-26 06:49:33'),
(229, 17, 'Review 2018', '', '', 'Review 2018', '', 0, 'review nzagrc mb summary - website members terms use log panelpdf download documentation links supporting documentationzip ', 'page', '', 0, '', '', '', '2020-07-02 14:55:28'),
(231, 32, 'FAQ', 'Frequently Asked Questions', 'Frequently Asked Questions about New Zealand situation, greenhouse gases, science, mitigation options and opportunities', NULL, 'ghgs, methane, nitrous oxide, n2O, ch4, soil carbon, soil c, greenhouse gases, agriculture, mitigation, reduce ghg, reduction, policy, faq', 0, NULL, 'page', '', 0, '', '', '', '2018-10-25 15:44:43'),
(235, 32, 'Plants & GHGs', 'Plants and Greenhouse Gases Research Programme', '', 'Plants & GHGs', '', 0, 'carbon soil programme emissions oxide ghg nitrous capacity zealand stabilisation new scale reduce paddock grassland defining achievable progress terms use ', 'page', '', 0, '', '', '', '2021-05-25 23:40:51'),
(228, 32, 'Newsletter', '', '', 'Newsletter', '', 0, 'newsletter use terms website members ', 'page', '', 0, '', '', '', '2021-05-26 08:29:46'),
(234, 39, 'Interested', '2021 Conference - Register your interest', '', '2021 Conference: Register your interest', '', 0, 'register conference use terms website members ', 'page', '', 0, '', '', '', '2021-05-25 14:12:54'),
(241, 17, 'LEARN', 'LEARN', 'Livestock Emissions Abatement Research Network', 'LEARN', 'Livestock, Emissions, Abatement, Research, Network', 0, 'new learn zealand research award countries emissions technical livestock greenhouse training scientists gas awards agricultural mitigation phd gra grass international ', 'page', '', 0, '', '', '', '2021-05-25 15:15:34'),
(232, 39, 'register2019', '', '', NULL, '', 0, NULL, 'page', '', 0, '', '', '', '2018-11-19 13:30:43'),
(238, 17, 'Conference 2019', '', '', 'New Zealand Agricultural Climate Change Conference 2019', '', 0, 'mb change climate - challenges nz adaptation agricultural conference day pdf farmers presentations use lamb new current agriculture speeches agresearch ', 'page', '', 0, '', '', '', '2021-05-25 09:24:29'),
(237, 17, 'West/Central Africa', 'Brief on the awareness-raising workshop on Low emissions livestock', 'Brief on the awareness-raising workshop on \"Low emissions livestock: supporting policy through science in West/Central Africa', 'West/Central Africa workshops', 'Low emissions livestock, supporting policy, science, West Africa, central Africa', 0, 'livestock workshop emissions greenhouse national low regional science agricultural climate research development agriculture gra gas countriesrsquo work understand ongoing challenges ', 'page', '', 0, '', '', '', '2021-05-25 09:25:31'),
(242, 17, 'South Africa', 'South Africa', 'Workshops in South Africa', 'South Africa Workshops', 'Workshops in South Africa', 0, 'africa development agriculture south livestock work research workshop southern countries support ackim data ministry regional cooperation sabc news change interview ', 'page', '', 0, '', '', '', '2021-05-25 09:22:25'),
(239, 17, 'Netherlands', 'Netherlands Conference', '', 'GRA Keynote Speech at Netherlands Symposium', '', 0, 'new research development greenhouse symposium environmental agricultural innovation sustainable systems era-gas mitigation ghg technology mb emissions sdgs society agri-food public ', 'page', '', 0, '', '', '', '2021-05-25 09:19:25'),
(240, 0, 'NZ Presentations at Netherlands Conference', '', '', NULL, '', 0, NULL, 'alias', '', 239, '', '', '', '2019-07-12 11:03:45'),
(243, 32, '2019', 'NZAGRC Annual Report 2019', 'annual report, highlights, 2019', 'NZAGRC Annual Report 2019', 'annual report, highlights, 2019', 0, 'annual report nzagrc use website terms members ', 'page', '', 0, '', '', '', '2021-05-25 08:58:32'),
(244, 17, 'Conference 2020', '', '', 'New Zealand Agricultural Climate Change Conference 2020', '', 0, 'wersquoll science new emissions day email climate farmers conference policy change work action agriculture focus reducing greenhouse gas plan leaders ', 'page', '', 0, '', '', '', '2021-05-25 19:34:21'),
(250, 32, '2020', 'NZAGRC Annual Report 2020', '', 'NZAGRC Annual Report 2020', '', 0, 'annual report nzagrc use website terms members ', 'page', '', 0, '', '', '', '2021-05-25 09:19:19'),
(246, 17, 'Webinar Thanks', '', '', 'Thank you for attending the Towards a low-emissions future webinar', '', 0, 'webinar future members participation website unplanned thanks terms low-emissions attending thank use webinars details series final todays enjoyed check wwwnzagrcorgnzwebinar ', 'page', '', 0, '', '', '', '2021-05-25 09:31:40'),
(247, 17, 'Innovation Fund', 'NZAGRC Innovation Fund ', 'The NZAGRC is launching a $2m Innovation Fund.', 'Background The NZAGRC operates a competitive Innovation Fund for researchers working on solutions for reducing agricultural greenhouse gas emissions. The first funding round took place in 2020 and a second round closed in mid-April 2021.', '', 0, 'nzagrc research round innovation fund projects methane funding new available eois applications led develop second zealand proposals emissions million april ', 'page', '', 0, '', '', '', '2021-05-26 09:53:30'),
(249, 17, 'State of Science webinars', '', '', 'State of Science webinars', '', 0, 'webinar dr carbon soil mb lic new download suzanne zealand stabilisation low-emitting agresearch lorna webinars science breeding dairy qa methane ', 'page', '', 0, '', '', '', '2021-05-26 02:44:09'),
(248, 17, 'Strategic Documents', 'NZAGRC 2019-2025 Strategic Plan, Science Plan and Business Plan', '', 'NZAGRC Strategic Documents 2019-2025', '', 0, 'plan - nzagrc strategic documents mb business science change mitigation new period climate nzagrcs terms website aligned closely zealand ensure ', 'page', '', 0, '', '', '', '2021-05-25 09:19:19');

-- --------------------------------------------------------

--
-- Table structure for table `mix_page_language`
--

CREATE TABLE `mix_page_language` (
  `page_id` int(11) NOT NULL,
  `language_id` int(11) NOT NULL,
  `title` varchar(255) COLLATE utf8_unicode_ci NOT NULL,
  `page_title` varchar(255) COLLATE utf8_unicode_ci DEFAULT NULL,
  `description` text COLLATE utf8_unicode_ci,
  `keywords` text COLLATE utf8_unicode_ci
) ENGINE=MyISAM DEFAULT CHARSET=utf8 COLLATE=utf8_unicode_ci;

-- --------------------------------------------------------

--
-- Table structure for table `mix_page_module`
--

CREATE TABLE `mix_page_module` (
  `page_module_id` int(11) NOT NULL,
  `page_id` int(11) NOT NULL DEFAULT '0',
  `module_id` int(11) NOT NULL DEFAULT '0',
  `reference` varchar(32) COLLATE utf8_unicode_ci NOT NULL DEFAULT '',
  `module_specific_id` int(11) NOT NULL DEFAULT '0',
  `category_id` int(11) DEFAULT NULL,
  `language_id` int(11) NOT NULL DEFAULT '1'
) ENGINE=MyISAM DEFAULT CHARSET=utf8 COLLATE=utf8_unicode_ci;

--
-- Dumping data for table `mix_page_module`
--

INSERT INTO `mix_page_module` (`page_module_id`, `page_id`, `module_id`, `reference`, `module_specific_id`, `category_id`, `language_id`) VALUES
(1, 1, 7, 'header', 1, NULL, 1),
(88, 14, 20, 'simple', 10, NULL, 1),
(481, 15, 20, 'simple', 87, NULL, 1),
(87, 18, 20, 'simple', 9, NULL, 1),
(134, 1, 20, 'publications', 16, NULL, 1),
(6, 1, 20, 'newsbrief', 5, NULL, 1),
(496, 247, 2, 'body', 372, NULL, 1),
(9, 1, 7, 'body', 3, NULL, 1),
(10, 1, 7, 'members', 4, NULL, 1),
(11, 21, 7, 'body', 5, NULL, 1),
(12, 1, 2, 'body', 1, NULL, 1),
(13, 1, 2, 'slogan', 2, NULL, 1),
(15, 1, 5, 'footer', 1, NULL, 1),
(16, 4, 2, 'body', 3, NULL, 1),
(17, 1, 2, 'footerright', 4, NULL, 1),
(18, 1, 2, 'footerleft', 5, NULL, 1),
(19, 1, 2, 'rightside', 6, NULL, 1),
(20, 4, 2, 'leftside', 7, NULL, 1),
(22, 2, 2, 'rightside', 8, NULL, 1),
(23, 1, 2, 'rightsidetop', 9, NULL, 1),
(24, 9, 2, 'rightside', 10, NULL, 1),
(25, 10, 2, 'rightside', 11, NULL, 1),
(26, 11, 2, 'rightside', 12, NULL, 1),
(27, 12, 2, 'rightside', 13, NULL, 1),
(28, 13, 2, 'rightside', 14, NULL, 1),
(29, 3, 2, 'rightside', 15, NULL, 1),
(30, 4, 2, 'rightside', 16, NULL, 1),
(31, 5, 2, 'rightside', 17, NULL, 1),
(32, 14, 2, 'rightside', 18, NULL, 1),
(33, 25, 2, 'rightside', 19, NULL, 1),
(34, 26, 2, 'rightside', 20, NULL, 1),
(35, 27, 2, 'rightside', 21, NULL, 1),
(36, 15, 2, 'rightside', 22, NULL, 1),
(37, 17, 2, 'rightside', 23, NULL, 1),
(38, 6, 2, 'rightside', 24, NULL, 1),
(39, 19, 2, 'rightside', 25, NULL, 1),
(40, 20, 2, 'rightside', 26, NULL, 1),
(41, 7, 2, 'rightside', 27, NULL, 1),
(42, 24, 2, 'rightside', 28, NULL, 1),
(43, 21, 2, 'rightside', 29, NULL, 1),
(44, 23, 2, 'rightside', 30, NULL, 1),
(45, 22, 2, 'rightside', 31, NULL, 1),
(46, 18, 2, 'rightside', 32, NULL, 1),
(47, 2, 2, 'body', 33, NULL, 1),
(48, 13, 2, 'body', 34, NULL, 1),
(130, 28, 2, 'body', 108, NULL, 1),
(51, 28, 2, 'intro', 35, NULL, 1),
(52, 10, 2, 'titletext', 36, NULL, 1),
(53, 11, 2, 'titletext', 37, NULL, 1),
(54, 2, 2, 'titletext', 38, NULL, 1),
(55, 3, 2, 'body', 39, NULL, 1),
(56, 29, 2, 'body', 40, NULL, 1),
(57, 21, 7, 'gallery_1', 7, NULL, 1),
(221, 48, 2, 'titletext', 182, NULL, 1),
(59, 9, 2, 'body', 41, NULL, 1),
(60, 11, 2, 'body', 42, NULL, 1),
(61, 30, 2, 'body', 43, NULL, 1),
(62, 30, 2, 'titletext', 44, NULL, 1),
(63, 31, 2, 'body', 45, NULL, 1),
(64, 31, 2, 'titletext', 46, NULL, 1),
(65, 32, 2, 'body', 47, NULL, 1),
(66, 32, 2, 'titletext', 48, NULL, 1),
(67, 10, 2, 'body', 49, NULL, 1),
(276, 108, 2, 'body', 217, NULL, 1),
(69, 33, 2, 'body', 51, NULL, 1),
(70, 33, 2, 'titletext', 52, NULL, 1),
(71, 34, 2, 'body', 53, NULL, 1),
(72, 35, 2, 'titletext', 54, NULL, 1),
(73, 36, 2, 'titletext', 55, NULL, 1),
(74, 37, 2, 'titletext', 56, NULL, 1),
(75, 38, 2, 'titletext', 57, NULL, 1),
(76, 35, 2, 'body', 58, NULL, 1),
(77, 38, 2, 'body', 59, NULL, 1),
(78, 37, 2, 'body', 60, NULL, 1),
(79, 36, 2, 'body', 61, NULL, 1),
(80, 39, 2, 'body', 62, NULL, 1),
(81, 40, 2, 'body', 63, NULL, 1),
(82, 41, 2, 'body', 64, NULL, 1),
(83, 12, 2, 'body', 65, NULL, 1),
(84, 20, 2, 'body', 66, NULL, 1),
(85, 25, 2, 'body', 67, NULL, 1),
(86, 26, 2, 'body', 68, NULL, 1),
(89, 14, 2, 'body', 69, NULL, 1),
(90, 17, 2, 'body', 70, NULL, 1),
(91, 42, 2, 'titletext', 71, NULL, 1),
(92, 42, 2, 'body', 72, NULL, 1),
(93, 43, 2, 'titletext', 73, NULL, 1),
(94, 43, 2, 'body', 74, NULL, 1),
(96, 5, 2, 'body', 75, NULL, 1),
(97, 6, 2, 'body', 76, NULL, 1),
(220, 7, 2, 'body', 181, NULL, 1),
(100, 46, 2, 'body', 78, NULL, 1),
(101, 45, 2, 'titletext', 79, NULL, 1),
(102, 45, 2, 'body', 80, NULL, 1),
(103, 49, 2, 'titletext', 81, NULL, 1),
(104, 50, 2, 'titletext', 82, NULL, 1),
(105, 49, 2, 'body', 83, NULL, 1),
(491, 245, 2, 'titletext', 367, NULL, 1),
(107, 52, 2, 'body', 85, NULL, 1),
(108, 53, 2, 'body', 86, NULL, 1),
(109, 47, 2, 'titletext', 87, NULL, 1),
(110, 47, 2, 'body', 88, NULL, 1),
(111, 48, 2, 'body', 89, NULL, 1),
(112, 54, 2, 'titletext', 90, NULL, 1),
(113, 46, 2, 'titletext', 91, NULL, 1),
(114, 55, 2, 'titletext', 92, NULL, 1),
(115, 56, 2, 'body', 93, NULL, 1),
(116, 57, 2, 'body', 94, NULL, 1),
(117, 58, 2, 'body', 95, NULL, 1),
(118, 59, 2, 'body', 96, NULL, 1),
(119, 54, 2, 'body', 97, NULL, 1),
(120, 19, 2, 'body', 98, NULL, 1),
(121, 60, 2, 'titletext', 99, NULL, 1),
(122, 61, 2, 'titletext', 100, NULL, 1),
(123, 62, 2, 'titletext', 101, NULL, 1),
(124, 60, 2, 'body', 102, NULL, 1),
(125, 50, 2, 'body', 103, NULL, 1),
(126, 61, 2, 'body', 104, NULL, 1),
(127, 62, 2, 'body', 105, NULL, 1),
(129, 28, 2, 'titletext', 107, NULL, 1),
(210, 74, 2, 'body', 174, NULL, 1),
(133, 48, 20, 'simple', 15, NULL, 1),
(135, 45, 20, 'simple', 17, NULL, 1),
(136, 47, 20, 'simple', 18, NULL, 1),
(140, 67, 1, 'internal', 0, NULL, 1),
(138, 46, 20, 'simple', 20, NULL, 1),
(139, 63, 20, 'simple', 21, NULL, 1),
(141, 68, 2, 'titletext', 109, NULL, 1),
(142, 68, 2, 'body', 110, NULL, 1),
(143, 71, 1, 'internal', 0, NULL, 1),
(144, 72, 2, 'titletext', 111, NULL, 1),
(145, 72, 2, 'body', 112, NULL, 1),
(146, 73, 20, 'simple', 22, NULL, 1),
(147, 74, 20, 'simple', 23, NULL, 1),
(148, 66, 2, 'body', 113, NULL, 1),
(149, 76, 2, 'body', 114, NULL, 1),
(150, 56, 2, 'titletext', 115, NULL, 1),
(464, 66, 2, 'roi_headingtitle_title', 348, NULL, 1),
(247, 66, 2, 'roi_tip_nzagrc_third_party_respo', 200, NULL, 1),
(154, 66, 2, 'roi_sectiontitle_author', 119, NULL, 1),
(447, 228, 20, 'simple', 82, NULL, 1),
(446, 117, 20, 'simple', 81, NULL, 1),
(257, 89, 20, 'simple', 34, NULL, 1),
(445, 114, 20, 'simple', 80, NULL, 1),
(159, 66, 2, 'roi_tip_nzagrc_pr_message', 124, NULL, 1),
(160, 66, 2, 'roi_sectiontitle_contentapproval', 125, NULL, 1),
(162, 66, 2, 'roi_tip_nzagrc_ownapp', 127, NULL, 1),
(444, 116, 20, 'simple', 79, NULL, 1),
(164, 66, 2, 'roi_title_tp_notices', 129, NULL, 1),
(165, 66, 2, 'roi_title_manager_final', 130, NULL, 1),
(166, 66, 2, 'roi_title_cm_approval', 131, NULL, 1),
(167, 66, 2, 'roi_title_cm_signature', 132, NULL, 1),
(168, 66, 2, 'roi_sectiontitle_peerreview', 133, NULL, 1),
(169, 66, 2, 'roi_sectiontitle_coapprovalsign', 134, NULL, 1),
(170, 66, 2, 'roi_title_cm_response', 135, NULL, 1),
(183, 66, 2, 'roi_tip_nzagrc_journal_name_deta', 148, NULL, 1),
(513, 71, 2, 'rightside', 387, NULL, 1),
(174, 66, 2, 'roi_tip_nzagrc_title', 139, NULL, 1),
(175, 66, 2, 'roi_tip_release_date', 140, NULL, 1),
(176, 66, 2, 'roi_tip_release_time', 141, NULL, 1),
(177, 66, 2, 'roi_tip_nzagrc_output_area', 142, NULL, 1),
(178, 66, 2, 'roi_tip_nzagrc_primary_objective', 143, NULL, 1),
(179, 66, 2, 'roi_tip_nzagrc_other_objective', 144, NULL, 1),
(180, 66, 2, 'roi_tip_nzagrc_authors', 145, NULL, 1),
(181, 66, 2, 'roi_tip_nzagrc_journal_name', 146, NULL, 1),
(182, 66, 2, 'roi_tip_nzagrc_journal_name_deta', 147, NULL, 1),
(184, 66, 2, 'roi_tip_nzagrc_journal_name_deta', 149, NULL, 1),
(185, 66, 2, 'roi_tip_nzagrc_acknowledgment', 150, NULL, 1),
(186, 66, 2, 'roi_tip_nzagrc_release_areas', 151, NULL, 1),
(187, 66, 2, 'roi_tip_nzagrc_journal_name_deta', 152, NULL, 1),
(188, 66, 2, 'roi_tip_nzagrc_journal_name_deta', 153, NULL, 1),
(189, 66, 2, 'roi_tip_submission_output', 154, NULL, 1),
(190, 66, 2, 'roi_tip_nzagrc_journal_name_deta', 155, NULL, 1),
(191, 66, 2, 'roi_tip_nzagrc_bip_included', 156, NULL, 1),
(192, 66, 2, 'roi_tip_nzagrc_novel_ip_disclose', 157, NULL, 1),
(193, 66, 2, 'roi_tip_nzagrc_protocols_followe', 158, NULL, 1),
(194, 66, 2, 'roi_tip_nzagrc_confidential', 159, NULL, 1),
(195, 66, 2, 'roi_tip_nzagrc_content_owner_use', 160, NULL, 1),
(196, 66, 2, 'roi_tip_nzagrc_content_owner_use', 161, NULL, 1),
(197, 66, 2, 'roi_tip_nzagrc_journal_name_deta', 162, NULL, 1),
(198, 66, 2, 'roi_tip_nzagrc_journal_name_deta', 163, NULL, 1),
(199, 66, 2, 'roi_tip_nzagrc_novel_ip_disclose', 164, NULL, 1),
(200, 66, 2, 'roi_tip_nzagrc_independent_peer_', 165, NULL, 1),
(201, 66, 2, 'roi_tip_nzagrc_protocols_followe', 166, NULL, 1),
(202, 66, 2, 'roi_tip_nzagrc_content_owner_use', 167, NULL, 1),
(203, 66, 2, 'roi_tip_nzagrc_signature_author', 168, NULL, 1),
(204, 78, 2, 'body', 169, NULL, 1),
(205, 79, 2, 'body', 170, NULL, 1),
(206, 80, 2, 'body', 171, NULL, 1),
(208, 81, 2, 'body', 172, NULL, 1),
(209, 81, 2, 'titletext', 173, NULL, 1),
(211, 6, 20, 'simple', 24, NULL, 1),
(212, 82, 2, 'body', 175, NULL, 1),
(213, 82, 2, 'titletext', 176, NULL, 1),
(214, 55, 20, 'simple', 25, NULL, 1),
(215, 83, 20, 'simple', 26, NULL, 1),
(216, 83, 2, 'body', 177, NULL, 1),
(217, 7, 2, 'titletext', 178, NULL, 1),
(218, 84, 2, 'body', 179, NULL, 1),
(219, 84, 2, 'titletext', 180, NULL, 1),
(222, 54, 20, 'simple', 27, NULL, 1),
(223, 55, 2, 'body', 183, NULL, 1),
(224, 85, 20, 'simple', 28, NULL, 1),
(225, 85, 2, 'titletext', 184, NULL, 1),
(226, 29, 20, 'simple', 29, NULL, 1),
(227, 86, 2, 'body', 185, NULL, 1),
(228, 86, 2, 'titletext', 186, NULL, 1),
(229, 87, 2, 'titletext', 187, NULL, 1),
(232, 89, 5, 'body', 4, NULL, 1),
(233, 89, 2, 'titletext', 189, NULL, 1),
(234, 89, 2, 'submission', 190, NULL, 1),
(235, 89, 2, 'body', 191, NULL, 1),
(236, 89, 2, 'formtitle', 192, NULL, 1),
(237, 90, 20, 'simple', 30, NULL, 1),
(254, 103, 2, 'titletext', 205, NULL, 1),
(239, 91, 2, 'body', 193, NULL, 1),
(240, 94, 2, 'titletext', 194, NULL, 1),
(241, 94, 20, 'simple', 32, NULL, 1),
(242, 96, 2, 'body', 195, NULL, 1),
(243, 98, 2, 'body', 196, NULL, 1),
(244, 99, 2, 'body', 197, NULL, 1),
(248, 100, 2, 'body', 201, NULL, 1),
(249, 100, 2, 'titletext', 202, NULL, 1),
(250, 101, 5, 'body', 5, NULL, 1),
(251, 101, 2, 'titletext', 203, NULL, 1),
(252, 102, 20, 'simple', 33, NULL, 1),
(253, 101, 2, 'intro', 204, NULL, 1),
(255, 103, 5, 'body', 6, NULL, 1),
(256, 103, 2, 'intro', 206, NULL, 1),
(258, 39, 20, 'simple', 35, NULL, 1),
(259, 40, 20, 'simple', 36, NULL, 1),
(260, 109, 2, 'body', 207, NULL, 1),
(261, 109, 20, 'simple', 37, NULL, 1),
(262, 110, 2, 'body', 208, NULL, 1),
(263, 110, 20, 'simple', 38, NULL, 1),
(264, 111, 2, 'body', 209, NULL, 1),
(265, 112, 2, 'titletext', 210, NULL, 1),
(266, 112, 2, 'body', 211, NULL, 1),
(267, 113, 2, 'body', 212, NULL, 1),
(268, 114, 2, 'body', 213, NULL, 1),
(269, 115, 2, 'body', 214, NULL, 1),
(270, 116, 2, 'body', 215, NULL, 1),
(271, 117, 2, 'body', 216, NULL, 1),
(272, 118, 20, 'simple', 39, NULL, 1),
(273, 51, 5, 'footer', 7, NULL, 1),
(274, 51, 20, 'simple', 40, NULL, 1),
(275, 57, 20, 'simple', 41, NULL, 1),
(277, 107, 2, 'body', 218, NULL, 1),
(278, 108, 20, 'simple', 42, NULL, 1),
(280, 119, 2, 'body', 219, NULL, 1),
(281, 120, 2, 'body', 220, NULL, 1),
(282, 106, 2, 'body', 221, NULL, 1),
(283, 133, 2, 'body', 222, NULL, 1),
(284, 134, 2, 'body', 223, NULL, 1),
(285, 135, 2, 'body', 224, NULL, 1),
(286, 135, 2, 'titletext', 225, NULL, 1),
(287, 134, 2, 'titletext', 226, NULL, 1),
(288, 136, 2, 'titletext', 227, NULL, 1),
(289, 136, 2, 'body', 228, NULL, 1),
(290, 137, 2, 'titletext', 229, NULL, 1),
(291, 137, 2, 'body', 230, NULL, 1),
(292, 138, 2, 'titletext', 231, NULL, 1),
(293, 138, 2, 'body', 232, NULL, 1),
(294, 139, 2, 'titletext', 233, NULL, 1),
(295, 139, 2, 'body', 234, NULL, 1),
(296, 141, 2, 'body', 235, NULL, 1),
(297, 141, 2, 'titletext', 236, NULL, 1),
(298, 144, 2, 'titletext', 237, NULL, 1),
(299, 144, 2, 'body', 238, NULL, 1),
(300, 142, 2, 'titletext', 239, NULL, 1),
(301, 143, 2, 'titletext', 240, NULL, 1),
(302, 142, 2, 'body', 241, NULL, 1),
(303, 143, 2, 'body', 242, NULL, 1),
(304, 145, 2, 'titletext', 243, NULL, 1),
(305, 145, 2, 'body', 244, NULL, 1),
(306, 146, 2, 'titletext', 245, NULL, 1),
(307, 146, 2, 'body', 246, NULL, 1),
(308, 147, 7, 'gallery_1', 11, NULL, 1),
(311, 148, 62, 'search', 1, NULL, 1),
(312, 150, 2, 'body', 247, NULL, 1),
(313, 150, 2, 'titletext', 248, NULL, 1),
(314, 151, 2, 'body', 249, NULL, 1),
(315, 151, 2, 'titletext', 250, NULL, 1),
(316, 152, 2, 'body', 251, NULL, 1),
(317, 152, 2, 'titletext', 252, NULL, 1),
(318, 153, 2, 'body', 253, NULL, 1),
(319, 153, 2, 'titletext', 254, NULL, 1),
(320, 154, 2, 'body', 255, NULL, 1),
(321, 154, 2, 'titletext', 256, NULL, 1),
(322, 159, 2, 'titletext', 257, NULL, 1),
(323, 159, 2, 'body', 258, NULL, 1),
(324, 160, 2, 'titletext', 259, NULL, 1),
(325, 160, 2, 'body', 260, NULL, 1),
(326, 162, 2, 'body', 261, NULL, 1),
(327, 164, 2, 'body', 262, NULL, 1),
(328, 163, 2, 'body', 263, NULL, 1),
(329, 171, 20, 'simple', 43, NULL, 1),
(330, 166, 2, 'body', 264, NULL, 1),
(331, 167, 2, 'body', 265, NULL, 1),
(332, 168, 2, 'body', 266, NULL, 1),
(333, 169, 2, 'body', 267, NULL, 1),
(334, 161, 2, 'body', 268, NULL, 1),
(335, 170, 2, 'body', 269, NULL, 1),
(336, 173, 5, 'body', 8, NULL, 1),
(337, 174, 2, 'body', 270, NULL, 1),
(338, 175, 2, 'body', 271, NULL, 1),
(339, 175, 2, 'titletext', 272, NULL, 1),
(340, 176, 2, 'body', 273, NULL, 1),
(341, 177, 20, 'simple', 44, NULL, 1),
(342, 177, 2, 'body', 274, NULL, 1),
(343, 177, 2, 'titletext', 275, NULL, 1),
(344, 178, 2, 'body', 276, NULL, 1),
(345, 178, 20, 'simple', 45, NULL, 1),
(346, 179, 2, 'body', 277, NULL, 1),
(347, 179, 20, 'simple', 46, NULL, 1),
(348, 179, 2, 'titletext', 278, NULL, 1),
(349, 180, 2, 'body', 279, NULL, 1),
(350, 180, 2, 'titletext', 280, NULL, 1),
(351, 107, 2, 'titletext', 281, NULL, 1),
(352, 181, 2, 'body', 282, NULL, 1),
(353, 181, 2, 'titletext', 283, NULL, 1),
(354, 182, 2, 'titletext', 284, NULL, 1),
(355, 183, 2, 'titletext', 285, NULL, 1),
(356, 184, 2, 'titletext', 286, NULL, 1),
(357, 182, 2, 'body', 287, NULL, 1),
(358, 183, 2, 'body', 288, NULL, 1),
(359, 183, 20, 'simple', 47, NULL, 1),
(360, 182, 20, 'simple', 48, NULL, 1),
(361, 184, 20, 'simple', 49, NULL, 1),
(362, 184, 2, 'body', 289, NULL, 1),
(363, 185, 2, 'titletext', 290, NULL, 1),
(364, 185, 20, 'simple', 50, NULL, 1),
(365, 185, 2, 'body', 291, NULL, 1),
(366, 81, 20, 'simple', 51, NULL, 1),
(367, 87, 20, 'simple', 52, NULL, 1),
(368, 1, 7, 'gallery_1', 13, NULL, 1),
(369, 120, 20, 'simple', 53, NULL, 1),
(370, 187, 20, 'simple', 54, NULL, 1),
(371, 188, 2, 'body', 292, NULL, 1),
(372, 111, 20, 'simple', 55, NULL, 1),
(373, 112, 20, 'simple', 56, NULL, 1),
(374, 113, 20, 'simple', 57, NULL, 1),
(375, 189, 20, 'simple', 58, NULL, 1),
(376, 189, 2, 'body', 293, NULL, 1),
(377, 190, 2, 'body', 294, NULL, 1),
(378, 190, 2, 'titletext', 295, NULL, 1),
(379, 191, 2, 'titletext', 296, NULL, 1),
(380, 191, 2, 'body', 297, NULL, 1),
(381, 192, 2, 'body', 298, NULL, 1),
(382, 192, 2, 'titletext', 299, NULL, 1),
(383, 193, 2, 'body', 300, NULL, 1),
(384, 194, 2, 'body', 301, NULL, 1),
(385, 195, 20, 'simple', 59, NULL, 1),
(386, 196, 2, 'body', 302, NULL, 1),
(387, 198, 2, 'body', 303, NULL, 1),
(388, 198, 2, 'titletext', 304, NULL, 1),
(389, 199, 2, 'body', 305, NULL, 1),
(390, 41, 20, 'simple', 60, NULL, 1),
(391, 200, 2, 'titletext', 306, NULL, 1),
(392, 200, 2, 'body', 307, NULL, 1),
(393, 201, 2, 'titletext', 308, NULL, 1),
(394, 201, 2, 'body', 309, NULL, 1),
(505, 5, 20, 'simple', 94, NULL, 1),
(500, 59, 2, 'titletext', 376, NULL, 1),
(397, 203, 2, 'body', 310, NULL, 1),
(398, 115, 20, 'simple', 63, NULL, 1),
(399, 87, 2, 'body', 311, NULL, 1),
(400, 204, 2, 'body', 312, NULL, 1),
(401, 99, 20, 'simple', 64, NULL, 1),
(402, 203, 20, 'simple', 65, NULL, 1),
(403, 207, 2, 'body', 313, NULL, 1),
(404, 94, 2, 'body', 314, NULL, 1),
(507, 250, 20, 'simple', 95, NULL, 1),
(406, 209, 2, 'titletext', 316, NULL, 1),
(407, 209, 2, 'body', 317, NULL, 1),
(408, 210, 20, 'simple', 66, NULL, 1),
(409, 211, 20, 'simple', 67, NULL, 1),
(410, 212, 20, 'simple', 68, NULL, 1),
(411, 213, 20, 'simple', 69, NULL, 1),
(412, 214, 20, 'simple', 70, NULL, 1),
(413, 215, 20, 'simple', 71, NULL, 1),
(414, 216, 20, 'simple', 72, NULL, 1),
(415, 217, 20, 'simple', 73, NULL, 1),
(416, 217, 2, 'titletext', 318, NULL, 1),
(417, 217, 2, 'body', 319, NULL, 1),
(418, 216, 2, 'titletext', 320, NULL, 1),
(419, 215, 2, 'titletext', 321, NULL, 1),
(420, 214, 2, 'titletext', 322, NULL, 1),
(421, 213, 2, 'titletext', 323, NULL, 1),
(422, 212, 2, 'titletext', 324, NULL, 1),
(423, 211, 2, 'titletext', 325, NULL, 1),
(424, 210, 2, 'titletext', 326, NULL, 1),
(425, 29, 2, 'titletext', 327, NULL, 1),
(426, 218, 2, 'body', 328, NULL, 1),
(427, 188, 20, 'simple', 74, NULL, 1),
(428, 219, 2, 'body', 329, NULL, 1),
(429, 21, 7, 'gallery_2', 14, NULL, 1),
(431, 220, 20, 'simple', 75, NULL, 1),
(432, 21, 7, 'gallery_3', 15, NULL, 1),
(433, 221, 2, 'body', 330, NULL, 1),
(434, 221, 20, 'simple', 76, NULL, 1),
(435, 222, 20, 'simple', 77, NULL, 1),
(436, 222, 2, 'titletext', 331, NULL, 1),
(437, 223, 2, 'titletext', 332, NULL, 1),
(438, 223, 2, 'body', 333, NULL, 1),
(439, 223, 20, 'simple', 78, NULL, 1),
(440, 111, 2, 'titletext', 334, NULL, 1),
(441, 225, 2, 'body', 335, NULL, 1),
(442, 226, 2, 'body', 336, NULL, 1),
(443, 227, 22, 'internal', 0, NULL, 1),
(448, 229, 2, 'body', 337, NULL, 1),
(449, 230, 2, 'body', 338, NULL, 1),
(450, 151, 20, 'simple', 83, NULL, 1),
(451, 232, 5, 'body', 9, NULL, 1),
(452, 232, 2, 'titletext', 339, NULL, 1),
(453, 232, 2, 'intro', 340, NULL, 1),
(454, 233, 20, 'simple', 84, NULL, 1),
(455, 234, 5, 'body', 10, NULL, 1),
(456, 234, 2, 'titletext', 341, NULL, 1),
(457, 234, 2, 'intro', 342, NULL, 1),
(458, 235, 20, 'simple', 85, NULL, 1),
(459, 235, 2, 'body', 343, NULL, 1),
(460, 237, 2, 'body', 344, NULL, 1),
(461, 237, 2, 'titletext', 345, NULL, 1),
(462, 238, 2, 'titletext', 346, NULL, 1),
(463, 238, 2, 'body', 347, NULL, 1),
(466, 239, 2, 'titletext', 350, NULL, 1),
(467, 66, 2, 'roi_sectiontitle_pubupload', 351, NULL, 1),
(468, 239, 2, 'body', 352, NULL, 1),
(469, 239, 2, 'rightside', 353, NULL, 1),
(470, 241, 2, 'body', 354, NULL, 1),
(471, 241, 2, 'rightside', 355, NULL, 1),
(472, 242, 2, 'titletext', 356, NULL, 1),
(473, 242, 2, 'body', 357, NULL, 1),
(474, 242, 2, 'rightside', 358, NULL, 1),
(475, 237, 2, 'rightside', 359, NULL, 1),
(476, 233, 2, 'titletext', 360, NULL, 1),
(477, 243, 2, 'titletext', 361, NULL, 1),
(478, 243, 2, 'body', 362, NULL, 1),
(479, 243, 20, 'simple', 86, NULL, 1),
(480, 244, 2, 'body', 363, NULL, 1),
(482, 15, 20, 'simple', 88, NULL, 1),
(483, 15, 20, 'simple', 89, NULL, 1),
(484, 15, 20, 'simple', 90, NULL, 1),
(485, 15, 20, 'simple', 91, NULL, 1),
(486, 15, 20, 'simple', 92, NULL, 1),
(487, 15, 20, 'simple', 93, NULL, 1),
(490, 244, 2, 'titletext', 366, NULL, 1),
(492, 245, 2, 'body', 368, NULL, 1),
(493, 246, 2, 'titletext', 369, NULL, 1),
(494, 246, 2, 'body', 370, NULL, 1),
(495, 247, 2, 'titletext', 371, NULL, 1),
(498, 248, 2, 'titletext', 374, NULL, 1),
(499, 248, 2, 'body', 375, NULL, 1),
(508, 250, 2, 'titletext', 382, NULL, 1),
(503, 249, 2, 'body', 379, NULL, 1),
(510, 66, 2, 'roi_tip_nzagrc_journal_name_deta', 384, NULL, 1),
(514, 72, 2, 'rightside', 388, NULL, 1);

-- --------------------------------------------------------

--
-- Table structure for table `mix_page_module_cache`
--

CREATE TABLE `mix_page_module_cache` (
  `page_id` int(11) NOT NULL,
  `uri` varchar(255) COLLATE utf8_unicode_ci NOT NULL,
  `module_id` int(11) NOT NULL,
  `reference` varchar(50) COLLATE utf8_unicode_ci NOT NULL,
  `created` timestamp NOT NULL DEFAULT CURRENT_TIMESTAMP,
  `searchable` enum('true','false') COLLATE utf8_unicode_ci NOT NULL DEFAULT 'true',
  `html` longtext COLLATE utf8_unicode_ci NOT NULL,
  `text` text COLLATE utf8_unicode_ci NOT NULL,
  `ttl` datetime NOT NULL
) ENGINE=MyISAM DEFAULT CHARSET=utf8 COLLATE=utf8_unicode_ci;

--
-- Dumping data for table `mix_page_module_cache`
--

INSERT INTO `mix_page_module_cache` (`page_id`, `uri`, `module_id`, `reference`, `created`, `searchable`, `html`, `text`, `ttl`) VALUES
(66, '/my-roi,id,2393.html', 2, 'roi_tip_nzagrc_signature_author', '2025-11-24 03:45:45', 'false', 'This is your electronic approval that all the information you have included is true and accurate.', 'This is your electronic approval that all the information you have included is true and accurate.', '2025-12-22 16:45:45'),
(204, '/log-in.html', 2, 'body', '2025-11-26 23:35:25', 'true', '<span class=\"html\"><p>If you are a scientist and wish to complete a release of information request, please click <a href=\"my-roi\">HERE</a>&nbsp;to log into MY ROI</p></span>', 'If you are a scientist and wish to complete a release of information request, please click HERE to log into MY ROI', '2025-12-25 12:35:25'),
(66, '/my-roi.html', 2, 'body', '2025-11-23 20:03:43', 'true', '<span class=\"html\"><p class=\"h6\">Welcome to MY ROI</p>\r\n<p class=\"h7\"><a title=\"http://www.nzagrc.org.nz/info-1.html - NEW WINDOW\" href=\"info-1.html\" target=\"_blank\" rel=\"noopener\">INFO</a> &amp; <a title=\"http://www.nzagrc.org.nz/faq.html - NEW WINDOW\" href=\"faq.html\" target=\"_blank\" rel=\"noopener\">FAQ</a> pages</p>\r\n<ul>\r\n<li>To check the status of an ROI request, please review the list of your ROI requests <a title=\"http://www.nzagrc.org.nz/my-roi.html#logged\" href=\"my-roi.html#logged\">below</a>.</li>\r\n<li>To submit an ROI request, please click the grey, <a title=\"http://www.nzagrc.org.nz/my-roi.html#logged\" href=\"my-roi.html#logged\">BEGIN</a> button.</li>\r\n</ul>\r\n<p><span class=\"h7\">Notes for Content Authors:</span></p>\r\n<ul>\r\n<li>\r\n<div>Allow <strong><u>FIVE (5) working days</u></strong> for approval. <br /><em>It is your responsbility to ensure you gain the necessary approvals before releasing information.</em> <br />If your ROI request is \"To be approved by Content <strong><u><em>Owner</em></u></strong>\" please contact the Content Owner you selected.<br />If your ROI request is \"To be approved by Content <u><em><strong>Manager</strong></em></u>\" please contact the NZAGRC.</div>\r\n</li>\r\n<li>\r\n<div>Check you have selected the correct Primary Objective.&nbsp;</div>\r\n</li>\r\n<li>\r\n<div>Check your&nbsp;submission for accuracy. <br /><em>If there are significant or consistent errors, you will receive a \"Not Approved\", which will reset the process to day 0.</em></div>\r\n</li>\r\n<li>\r\n<div>Check you have identified all&nbsp;IP owners, funders &amp; interested parties.&nbsp;</div>\r\n</li>\r\n</ul>\r\n<p class=\"h1\"><span class=\"h3\" style=\"color: #58595b; font-family: Verdana;\">You are logged in as:</span> <a title=\"logged\" name=\"logged\"></a></p></span>', 'Welcome to MY ROI\r\nINFO & FAQ pages\r\n\r\nTo check the status of an ROI request, please review the list of your ROI requests below.\r\nTo submit an ROI request, please click the grey, BEGIN button.\r\n\r\nNotes for Content Authors:\r\n\r\n\r\nAllow FIVE (5) working days for approval. It is your responsbility to ensure you gain the necessary approvals before releasing information. If your ROI request is \"To be approved by Content Owner\" please contact the Content Owner you selected.If your ROI request is \"To be approved by Content Manager\" please contact the NZAGRC.\r\n\r\n\r\nCheck you have selected the correct Primary Objective. \r\n\r\n\r\nCheck your submission for accuracy. If there are significant or consistent errors, you will receive a \"Not Approved\", which will reset the process to day 0.\r\n\r\n\r\nCheck you have identified all IP owners, funders & interested parties. \r\n\r\n\r\nYou are logged in as:', '2025-12-22 09:03:43'),
(66, '/my-roi,id,2189.html', 2, 'roi_tip_nzagrc_resubmission_comments', '2025-11-16 20:41:46', 'false', '&nbsp;', '', '2025-12-15 09:41:46'),
(66, '/my-roi,id,2390.html', 2, 'roi_tip_nzagrc_ownapp', '2025-11-12 17:32:05', 'false', '<span class=\"html\"><p>\r\nThe next steps in the process is for the Content Owner (your objective leader) to approve.&nbsp; \r\n</p>\r\n<p>\r\nIf your output is sitting in the system noting &quot;Waiting for approval by Content Owner&quot; for an extended period of time, we suggest you call them to check whether this is an issue. \r\n</p>\r\n<p>\r\nOnce your Content Owner has approved, it will be sent to the Content Manager for approval.&nbsp; The Content Manager is the NZAGRC and will take care of seeking funding/IP owner approvals.\r\n</p>\r\n<p>\r\nExpect the approval process to take one week from the time you submit the output for release. Please be as detailed as possible in this request - you will receive a &quot;Not Approved&quot; if things are incorrect or not clear to the approval team.&nbsp;In particular, ensure you select correct objective number for your work and the correct funding organisation/s. \r\n</p>\r\n<p>\r\nIf you have a complex release involving multiple funders, BIP or DIP, it may take longer and include offline discussions.\r\n</p>\r\n<p>\r\nIf you are filling in the release form and have a question, call us on 06 351 8305. You can save the form and return to it later (you may need to insert filler text, and add your signature and a date to save the form).<br />\r\n</p>\r\n</span>', 'The next steps in the process is for the Content Owner (your objective leader) to approve.  \r\n\r\n\r\nIf your output is sitting in the system noting &quot;Waiting for approval by Content Owner&quot; for an extended period of time, we suggest you call them to check whether this is an issue. \r\n\r\n\r\nOnce your Content Owner has approved, it will be sent to the Content Manager for approval.  The Content Manager is the NZAGRC and will take care of seeking funding/IP owner approvals.\r\n\r\n\r\nExpect the approval process to take one week from the time you submit the output for release. Please be as detailed as possible in this request - you will receive a &quot;Not Approved&quot; if things are incorrect or not clear to the approval team. In particular, ensure you select correct objective number for your work and the correct funding organisation/s. \r\n\r\n\r\nIf you have a complex release involving multiple funders, BIP or DIP, it may take longer and include offline discussions.\r\n\r\n\r\nIf you are filling in the release form and have a question, call us on 06 351 8305. You can save the form and return to it later (you may need to insert filler text, and add your signature and a date to save the form).', '2025-12-11 06:32:05'),
(66, '/my-roi,id,2392.html', 2, 'roi_tip_nzagrc_signature_author', '2025-11-18 02:25:59', 'false', 'This is your electronic approval that all the information you have included is true and accurate.', 'This is your electronic approval that all the information you have included is true and accurate.', '2025-12-16 15:25:59'),
(66, '/my-roi,id,2391.html', 2, 'roi_tip_nzagrc_confidential', '2025-11-16 20:38:55', 'false', '&nbsp;', '', '2025-12-15 09:38:55'),
(66, '/my-roi,id,2391.html', 2, 'roi_tip_nzagrc_pr_message', '2025-11-16 20:38:55', 'false', '<span class=\"html\"><span class=\"html\">\r\n<p>\r\nAll outputs must be peer reviewed. You have selected NO so you need to select a progamme Principal Investigator as the Content Owner.\r\n</p>\r\n<p>\r\nIf you would prefer to organise an independent peer review yourself, please save this form now and complete and submit it once you can answer YES to this question and provide the names of the peer reviewers. \r\n</p>\r\n</span>\r\n</span>', 'All outputs must be peer reviewed. You have selected NO so you need to select a progamme Principal Investigator as the Content Owner.\r\n\r\n\r\nIf you would prefer to organise an independent peer review yourself, please save this form now and complete and submit it once you can answer YES to this question and provide the names of the peer reviewers.', '2025-12-15 09:38:55'),
(66, '/my-roi,id,2390.html', 2, 'roi_tip_nzagrc_confidential', '2025-11-12 17:32:05', 'false', '&nbsp;', '', '2025-12-11 06:32:05'),
(66, '/my-roi,id,2390.html', 2, 'roi_tip_nzagrc_pr_message', '2025-11-12 17:32:05', 'false', '<span class=\"html\"><span class=\"html\">\r\n<p>\r\nAll outputs must be peer reviewed. You have selected NO so you need to select a progamme Principal Investigator as the Content Owner.\r\n</p>\r\n<p>\r\nIf you would prefer to organise an independent peer review yourself, please save this form now and complete and submit it once you can answer YES to this question and provide the names of the peer reviewers. \r\n</p>\r\n</span>\r\n</span>', 'All outputs must be peer reviewed. You have selected NO so you need to select a progamme Principal Investigator as the Content Owner.\r\n\r\n\r\nIf you would prefer to organise an independent peer review yourself, please save this form now and complete and submit it once you can answer YES to this question and provide the names of the peer reviewers.', '2025-12-11 06:32:05'),
(66, '/my-roi,id,2388.html', 2, 'roi_tip_nzagrc_signature_author', '2025-11-11 03:02:38', 'false', 'This is your electronic approval that all the information you have included is true and accurate.', 'This is your electronic approval that all the information you have included is true and accurate.', '2025-12-09 16:02:38'),
(66, '/create-new.html', 2, 'roi_tip_nzagrc_other_objective', '2025-11-11 03:09:52', 'false', 'Are there any associated objectives this ouput relates to? It is ok to not select any.', 'Are there any associated objectives this ouput relates to? It is ok to not select any.', '2025-12-09 16:09:52'),
(66, '/my-roi,id,2390.html', 2, 'roi_tip_nzagrc_title', '2025-11-12 17:32:05', 'false', 'This title will be used for search purposes', 'This title will be used for search purposes', '2025-12-11 06:32:05'),
(66, '/my-roi,id,2390.html', 2, 'roi_tip_nzagrc_output_area', '2025-11-12 17:32:05', 'false', 'What area of work does this output belong in? You can select more than one.', 'What area of work does this output belong in? You can select more than one.', '2025-12-11 06:32:05'),
(66, '/my-roi,id,2390.html', 2, 'roi_tip_nzagrc_primary_objective', '2025-11-12 17:32:05', 'false', 'What work objective does this ouput directly link to? If you cannot find the project this work relates to, please email enquiry@nzagrc.org.nz and we will have this added.', 'What work objective does this ouput directly link to? If you cannot find the project this work relates to, please email enquiry@nzagrc.org.nz and we will have this added.', '2025-12-11 06:32:05'),
(66, '/my-roi,id,2390.html', 2, 'roi_tip_nzagrc_other_objective', '2025-11-12 17:32:05', 'false', 'Are there any associated objectives this ouput relates to? It is ok to not select any.', 'Are there any associated objectives this ouput relates to? It is ok to not select any.', '2025-12-11 06:32:05'),
(66, '/my-roi,id,2389.html', 2, 'roi_tip_nzagrc_title', '2025-11-11 03:13:34', 'false', 'This title will be used for search purposes', 'This title will be used for search purposes', '2025-12-09 16:13:34'),
(66, '/my-roi,id,2389.html', 2, 'roi_tip_nzagrc_output_area', '2025-11-11 03:13:34', 'false', 'What area of work does this output belong in? You can select more than one.', 'What area of work does this output belong in? You can select more than one.', '2025-12-09 16:13:34'),
(66, '/my-roi,id,2389.html', 2, 'roi_tip_nzagrc_primary_objective', '2025-11-11 03:13:34', 'false', 'What work objective does this ouput directly link to? If you cannot find the project this work relates to, please email enquiry@nzagrc.org.nz and we will have this added.', 'What work objective does this ouput directly link to? If you cannot find the project this work relates to, please email enquiry@nzagrc.org.nz and we will have this added.', '2025-12-09 16:13:34'),
(66, '/my-roi,id,2389.html', 2, 'roi_tip_nzagrc_other_objective', '2025-11-11 03:13:34', 'false', 'Are there any associated objectives this ouput relates to? It is ok to not select any.', 'Are there any associated objectives this ouput relates to? It is ok to not select any.', '2025-12-09 16:13:34'),
(66, '/my-roi,id,2389.html', 2, 'roi_tip_nzagrc_authors', '2025-11-11 03:13:34', 'false', 'Who should receive recognition for this output? Who are the named authors?', 'Who should receive recognition for this output? Who are the named authors?', '2025-12-09 16:13:34'),
(66, '/my-roi,id,2389.html', 2, 'roi_tip_nzagrc_release_areas', '2025-11-11 03:13:34', 'false', 'Where will you release this information? To a New Zealand audience or an international/combined audience?', 'Where will you release this information? To a New Zealand audience or an international/combined audience?', '2025-12-09 16:13:34'),
(66, '/my-roi,id,2389.html', 2, 'roi_tip_submission_output', '2025-11-11 03:13:34', 'false', 'What type of audience are you releasing to? What type of release will you undertake?', 'What type of audience are you releasing to? What type of release will you undertake?', '2025-12-09 16:13:34'),
(66, '/my-roi,id,2389.html', 2, 'roi_tip_nzagrc_confidential', '2025-11-11 03:13:34', 'false', '&nbsp;', '', '2025-12-09 16:13:34'),
(66, '/my-roi,id,2389.html', 2, 'roi_tip_nzagrc_pr_message', '2025-11-11 03:13:34', 'false', '<span class=\"html\"><span class=\"html\">\r\n<p>\r\nAll outputs must be peer reviewed. You have selected NO so you need to select a progamme Principal Investigator as the Content Owner.\r\n</p>\r\n<p>\r\nIf you would prefer to organise an independent peer review yourself, please save this form now and complete and submit it once you can answer YES to this question and provide the names of the peer reviewers. \r\n</p>\r\n</span>\r\n</span>', 'All outputs must be peer reviewed. You have selected NO so you need to select a progamme Principal Investigator as the Content Owner.\r\n\r\n\r\nIf you would prefer to organise an independent peer review yourself, please save this form now and complete and submit it once you can answer YES to this question and provide the names of the peer reviewers.', '2025-12-09 16:13:34'),
(66, '/my-roi,id,2390.html', 2, 'roi_tip_nzagrc_bip_included', '2025-11-12 17:32:05', 'false', 'Ensure you understand the BIP contributors', 'Ensure you understand the BIP contributors', '2025-12-11 06:32:05'),
(66, '/my-roi,id,2391.html', 2, 'roi_tip_submission_output', '2025-11-16 20:38:55', 'false', 'What type of audience are you releasing to? What type of release will you undertake?', 'What type of audience are you releasing to? What type of release will you undertake?', '2025-12-15 09:38:55'),
(66, '/my-roi,id,2388.html', 2, 'roi_tip_submission_output', '2025-11-11 03:02:38', 'false', 'What type of audience are you releasing to? What type of release will you undertake?', 'What type of audience are you releasing to? What type of release will you undertake?', '2025-12-09 16:02:38'),
(66, '/my-roi,id,2388.html', 2, 'roi_tip_nzagrc_confidential', '2025-11-11 03:02:38', 'false', '&nbsp;', '', '2025-12-09 16:02:38'),
(66, '/create-new.html', 2, 'roi_tip_nzagrc_primary_objective', '2025-11-11 03:09:52', 'false', 'What work objective does this ouput directly link to? If you cannot find the project this work relates to, please email enquiry@nzagrc.org.nz and we will have this added.', 'What work objective does this ouput directly link to? If you cannot find the project this work relates to, please email enquiry@nzagrc.org.nz and we will have this added.', '2025-12-09 16:09:52'),
(66, '/my-roi,id,2388.html', 2, 'roi_tip_nzagrc_pr_message', '2025-11-11 03:02:38', 'false', '<span class=\"html\"><span class=\"html\">\r\n<p>\r\nAll outputs must be peer reviewed. You have selected NO so you need to select a progamme Principal Investigator as the Content Owner.\r\n</p>\r\n<p>\r\nIf you would prefer to organise an independent peer review yourself, please save this form now and complete and submit it once you can answer YES to this question and provide the names of the peer reviewers. \r\n</p>\r\n</span>\r\n</span>', 'All outputs must be peer reviewed. You have selected NO so you need to select a progamme Principal Investigator as the Content Owner.\r\n\r\n\r\nIf you would prefer to organise an independent peer review yourself, please save this form now and complete and submit it once you can answer YES to this question and provide the names of the peer reviewers.', '2025-12-09 16:02:38'),
(66, '/create-new.html', 2, 'roi_headingtitle_title', '2025-11-11 03:09:52', 'false', 'New Release of Information Request', 'New Release of Information Request', '2025-12-09 16:09:52'),
(66, '/my-roi,id,2388.html', 2, 'roi_tip_nzagrc_output_area', '2025-11-11 03:02:38', 'false', 'What area of work does this output belong in? You can select more than one.', 'What area of work does this output belong in? You can select more than one.', '2025-12-09 16:02:38'),
(66, '/my-roi,id,2388.html', 2, 'roi_tip_nzagrc_primary_objective', '2025-11-11 03:02:38', 'false', 'What work objective does this ouput directly link to? If you cannot find the project this work relates to, please email enquiry@nzagrc.org.nz and we will have this added.', 'What work objective does this ouput directly link to? If you cannot find the project this work relates to, please email enquiry@nzagrc.org.nz and we will have this added.', '2025-12-09 16:02:38'),
(66, '/my-roi,id,2189.html', 2, 'roi_tip_nzagrc_other_objective', '2025-11-16 20:41:46', 'false', 'Are there any associated objectives this ouput relates to? It is ok to not select any.', 'Are there any associated objectives this ouput relates to? It is ok to not select any.', '2025-12-15 09:41:46'),
(66, '/my-roi,id,2189.html', 2, 'roi_tip_nzagrc_title', '2025-11-16 20:41:46', 'false', 'This title will be used for search purposes', 'This title will be used for search purposes', '2025-12-15 09:41:46'),
(66, '/my-roi,id,2189.html', 2, 'roi_tip_nzagrc_output_area', '2025-11-16 20:41:46', 'false', 'What area of work does this output belong in? You can select more than one.', 'What area of work does this output belong in? You can select more than one.', '2025-12-15 09:41:46'),
(66, '/my-roi,id,2189.html', 2, 'roi_tip_nzagrc_primary_objective', '2025-11-16 20:41:46', 'false', 'What work objective does this ouput directly link to? If you cannot find the project this work relates to, please email enquiry@nzagrc.org.nz and we will have this added.', 'What work objective does this ouput directly link to? If you cannot find the project this work relates to, please email enquiry@nzagrc.org.nz and we will have this added.', '2025-12-15 09:41:46'),
(66, '/my-roi,id,2391.html', 2, 'roi_tip_nzagrc_title', '2025-11-16 20:38:55', 'false', 'This title will be used for search purposes', 'This title will be used for search purposes', '2025-12-15 09:38:55'),
(66, '/my-roi,id,2391.html', 2, 'roi_tip_nzagrc_output_area', '2025-11-16 20:38:55', 'false', 'What area of work does this output belong in? You can select more than one.', 'What area of work does this output belong in? You can select more than one.', '2025-12-15 09:38:55'),
(66, '/my-roi,id,2391.html', 2, 'roi_tip_nzagrc_primary_objective', '2025-11-16 20:38:55', 'false', 'What work objective does this ouput directly link to? If you cannot find the project this work relates to, please email enquiry@nzagrc.org.nz and we will have this added.', 'What work objective does this ouput directly link to? If you cannot find the project this work relates to, please email enquiry@nzagrc.org.nz and we will have this added.', '2025-12-15 09:38:55'),
(66, '/my-roi,id,2391.html', 2, 'roi_tip_nzagrc_other_objective', '2025-11-16 20:38:55', 'false', 'Are there any associated objectives this ouput relates to? It is ok to not select any.', 'Are there any associated objectives this ouput relates to? It is ok to not select any.', '2025-12-15 09:38:55'),
(66, '/my-roi,id,2391.html', 2, 'roi_tip_nzagrc_authors', '2025-11-16 20:38:55', 'false', 'Who should receive recognition for this output? Who are the named authors?', 'Who should receive recognition for this output? Who are the named authors?', '2025-12-15 09:38:55'),
(66, '/my-roi,id,2391.html', 2, 'roi_tip_nzagrc_journal_name', '2025-11-16 20:38:55', 'false', 'What is the name of the journal/conference/newsletter in which you will release this output?  Be specific.', 'What is the name of the journal/conference/newsletter in which you will release this output?  Be specific.', '2025-12-15 09:38:55'),
(66, '/my-roi,id,2387.html', 2, 'roi_tip_nzagrc_ownapp', '2025-11-07 04:25:14', 'false', '<span class=\"html\"><p>\r\nThe next steps in the process is for the Content Owner (your objective leader) to approve.&nbsp; \r\n</p>\r\n<p>\r\nIf your output is sitting in the system noting &quot;Waiting for approval by Content Owner&quot; for an extended period of time, we suggest you call them to check whether this is an issue. \r\n</p>\r\n<p>\r\nOnce your Content Owner has approved, it will be sent to the Content Manager for approval.&nbsp; The Content Manager is the NZAGRC and will take care of seeking funding/IP owner approvals.\r\n</p>\r\n<p>\r\nExpect the approval process to take one week from the time you submit the output for release. Please be as detailed as possible in this request - you will receive a &quot;Not Approved&quot; if things are incorrect or not clear to the approval team.&nbsp;In particular, ensure you select correct objective number for your work and the correct funding organisation/s. \r\n</p>\r\n<p>\r\nIf you have a complex release involving multiple funders, BIP or DIP, it may take longer and include offline discussions.\r\n</p>\r\n<p>\r\nIf you are filling in the release form and have a question, call us on 06 351 8305. You can save the form and return to it later (you may need to insert filler text, and add your signature and a date to save the form).<br />\r\n</p>\r\n</span>', 'The next steps in the process is for the Content Owner (your objective leader) to approve.  \r\n\r\n\r\nIf your output is sitting in the system noting &quot;Waiting for approval by Content Owner&quot; for an extended period of time, we suggest you call them to check whether this is an issue. \r\n\r\n\r\nOnce your Content Owner has approved, it will be sent to the Content Manager for approval.  The Content Manager is the NZAGRC and will take care of seeking funding/IP owner approvals.\r\n\r\n\r\nExpect the approval process to take one week from the time you submit the output for release. Please be as detailed as possible in this request - you will receive a &quot;Not Approved&quot; if things are incorrect or not clear to the approval team. In particular, ensure you select correct objective number for your work and the correct funding organisation/s. \r\n\r\n\r\nIf you have a complex release involving multiple funders, BIP or DIP, it may take longer and include offline discussions.\r\n\r\n\r\nIf you are filling in the release form and have a question, call us on 06 351 8305. You can save the form and return to it later (you may need to insert filler text, and add your signature and a date to save the form).', '2025-12-05 17:25:14'),
(66, '/my-roi,id,2384.html', 2, 'roi_tip_nzagrc_signature_author', '2025-11-05 02:18:58', 'false', 'This is your electronic approval that all the information you have included is true and accurate.', 'This is your electronic approval that all the information you have included is true and accurate.', '2025-12-03 15:18:58'),
(66, '/my-roi,id,2387.html', 2, 'roi_tip_nzagrc_signature_author', '2025-11-07 04:25:14', 'false', 'This is your electronic approval that all the information you have included is true and accurate.', 'This is your electronic approval that all the information you have included is true and accurate.', '2025-12-05 17:25:14'),
(66, '/my-roi,id,2387.html', 2, 'roi_tip_nzagrc_pr_message', '2025-11-07 04:25:14', 'false', '<span class=\"html\"><span class=\"html\">\r\n<p>\r\nAll outputs must be peer reviewed. You have selected NO so you need to select a progamme Principal Investigator as the Content Owner.\r\n</p>\r\n<p>\r\nIf you would prefer to organise an independent peer review yourself, please save this form now and complete and submit it once you can answer YES to this question and provide the names of the peer reviewers. \r\n</p>\r\n</span>\r\n</span>', 'All outputs must be peer reviewed. You have selected NO so you need to select a progamme Principal Investigator as the Content Owner.\r\n\r\n\r\nIf you would prefer to organise an independent peer review yourself, please save this form now and complete and submit it once you can answer YES to this question and provide the names of the peer reviewers.', '2025-12-05 17:25:14'),
(66, '/my-roi,id,2385.html', 2, 'roi_tip_nzagrc_other_objective', '2025-11-05 22:31:07', 'false', 'Are there any associated objectives this ouput relates to? It is ok to not select any.', 'Are there any associated objectives this ouput relates to? It is ok to not select any.', '2025-12-04 11:31:07'),
(66, '/my-roi,id,2392.html', 2, 'roi_tip_nzagrc_journal_name', '2025-11-18 02:25:58', 'false', 'What is the name of the journal/conference/newsletter in which you will release this output?  Be specific.', 'What is the name of the journal/conference/newsletter in which you will release this output?  Be specific.', '2025-12-16 15:25:58'),
(66, '/my-roi,id,2392.html', 2, 'roi_tip_nzagrc_acknowledgment', '2025-11-18 02:25:58', 'false', 'Be explicit. What programmes/organisation have provided funding/IP to this output? These organisations will be contacted to approve release.', 'Be explicit. What programmes/organisation have provided funding/IP to this output? These organisations will be contacted to approve release.', '2025-12-16 15:25:58'),
(72, '/info-1.html', 2, 'rightside', '2025-11-03 00:25:29', 'true', '<span class=\"html\"></span>', '', '2025-12-01 13:25:29'),
(66, '/my-roi,id,2392.html', 2, 'roi_tip_nzagrc_bip_included', '2025-11-18 02:25:58', 'false', 'Ensure you understand the BIP contributors', 'Ensure you understand the BIP contributors', '2025-12-16 15:25:58'),
(66, '/my-roi,id,2392.html', 2, 'roi_tip_nzagrc_release_areas', '2025-11-18 02:25:58', 'false', 'Where will you release this information? To a New Zealand audience or an international/combined audience?', 'Where will you release this information? To a New Zealand audience or an international/combined audience?', '2025-12-16 15:25:58'),
(66, '/my-roi,id,2392.html', 2, 'roi_tip_submission_output', '2025-11-18 02:25:58', 'false', 'What type of audience are you releasing to? What type of release will you undertake?', 'What type of audience are you releasing to? What type of release will you undertake?', '2025-12-16 15:25:58'),
(66, '/my-roi,id,2392.html', 2, 'roi_tip_nzagrc_confidential', '2025-11-18 02:25:58', 'false', '&nbsp;', '', '2025-12-16 15:25:58'),
(66, '/my-roi,id,2392.html', 2, 'roi_tip_nzagrc_pr_message', '2025-11-18 02:25:58', 'false', '<span class=\"html\"><span class=\"html\">\r\n<p>\r\nAll outputs must be peer reviewed. You have selected NO so you need to select a progamme Principal Investigator as the Content Owner.\r\n</p>\r\n<p>\r\nIf you would prefer to organise an independent peer review yourself, please save this form now and complete and submit it once you can answer YES to this question and provide the names of the peer reviewers. \r\n</p>\r\n</span>\r\n</span>', 'All outputs must be peer reviewed. You have selected NO so you need to select a progamme Principal Investigator as the Content Owner.\r\n\r\n\r\nIf you would prefer to organise an independent peer review yourself, please save this form now and complete and submit it once you can answer YES to this question and provide the names of the peer reviewers.', '2025-12-16 15:25:58'),
(66, '/my-roi,id,2392.html', 2, 'roi_tip_nzagrc_ownapp', '2025-11-18 02:25:59', 'false', '<span class=\"html\"><p>\r\nThe next steps in the process is for the Content Owner (your objective leader) to approve.&nbsp; \r\n</p>\r\n<p>\r\nIf your output is sitting in the system noting &quot;Waiting for approval by Content Owner&quot; for an extended period of time, we suggest you call them to check whether this is an issue. \r\n</p>\r\n<p>\r\nOnce your Content Owner has approved, it will be sent to the Content Manager for approval.&nbsp; The Content Manager is the NZAGRC and will take care of seeking funding/IP owner approvals.\r\n</p>\r\n<p>\r\nExpect the approval process to take one week from the time you submit the output for release. Please be as detailed as possible in this request - you will receive a &quot;Not Approved&quot; if things are incorrect or not clear to the approval team.&nbsp;In particular, ensure you select correct objective number for your work and the correct funding organisation/s. \r\n</p>\r\n<p>\r\nIf you have a complex release involving multiple funders, BIP or DIP, it may take longer and include offline discussions.\r\n</p>\r\n<p>\r\nIf you are filling in the release form and have a question, call us on 06 351 8305. You can save the form and return to it later (you may need to insert filler text, and add your signature and a date to save the form).<br />\r\n</p>\r\n</span>', 'The next steps in the process is for the Content Owner (your objective leader) to approve.  \r\n\r\n\r\nIf your output is sitting in the system noting &quot;Waiting for approval by Content Owner&quot; for an extended period of time, we suggest you call them to check whether this is an issue. \r\n\r\n\r\nOnce your Content Owner has approved, it will be sent to the Content Manager for approval.  The Content Manager is the NZAGRC and will take care of seeking funding/IP owner approvals.\r\n\r\n\r\nExpect the approval process to take one week from the time you submit the output for release. Please be as detailed as possible in this request - you will receive a &quot;Not Approved&quot; if things are incorrect or not clear to the approval team. In particular, ensure you select correct objective number for your work and the correct funding organisation/s. \r\n\r\n\r\nIf you have a complex release involving multiple funders, BIP or DIP, it may take longer and include offline discussions.\r\n\r\n\r\nIf you are filling in the release form and have a question, call us on 06 351 8305. You can save the form and return to it later (you may need to insert filler text, and add your signature and a date to save the form).', '2025-12-16 15:25:59'),
(66, '/my-roi,id,2391.html', 2, 'roi_tip_nzagrc_acknowledgment', '2025-11-16 20:38:55', 'false', 'Be explicit. What programmes/organisation have provided funding/IP to this output? These organisations will be contacted to approve release.', 'Be explicit. What programmes/organisation have provided funding/IP to this output? These organisations will be contacted to approve release.', '2025-12-15 09:38:55'),
(66, '/my-roi,id,2391.html', 2, 'roi_tip_nzagrc_bip_included', '2025-11-16 20:38:55', 'false', 'Ensure you understand the BIP contributors', 'Ensure you understand the BIP contributors', '2025-12-15 09:38:55'),
(66, '/my-roi,id,2391.html', 2, 'roi_tip_nzagrc_release_areas', '2025-11-16 20:38:55', 'false', 'Where will you release this information? To a New Zealand audience or an international/combined audience?', 'Where will you release this information? To a New Zealand audience or an international/combined audience?', '2025-12-15 09:38:55'),
(66, '/my-roi,id,2391.html', 2, 'roi_tip_nzagrc_ownapp', '2025-11-16 20:38:55', 'false', '<span class=\"html\"><p>\r\nThe next steps in the process is for the Content Owner (your objective leader) to approve.&nbsp; \r\n</p>\r\n<p>\r\nIf your output is sitting in the system noting &quot;Waiting for approval by Content Owner&quot; for an extended period of time, we suggest you call them to check whether this is an issue. \r\n</p>\r\n<p>\r\nOnce your Content Owner has approved, it will be sent to the Content Manager for approval.&nbsp; The Content Manager is the NZAGRC and will take care of seeking funding/IP owner approvals.\r\n</p>\r\n<p>\r\nExpect the approval process to take one week from the time you submit the output for release. Please be as detailed as possible in this request - you will receive a &quot;Not Approved&quot; if things are incorrect or not clear to the approval team.&nbsp;In particular, ensure you select correct objective number for your work and the correct funding organisation/s. \r\n</p>\r\n<p>\r\nIf you have a complex release involving multiple funders, BIP or DIP, it may take longer and include offline discussions.\r\n</p>\r\n<p>\r\nIf you are filling in the release form and have a question, call us on 06 351 8305. You can save the form and return to it later (you may need to insert filler text, and add your signature and a date to save the form).<br />\r\n</p>\r\n</span>', 'The next steps in the process is for the Content Owner (your objective leader) to approve.  \r\n\r\n\r\nIf your output is sitting in the system noting &quot;Waiting for approval by Content Owner&quot; for an extended period of time, we suggest you call them to check whether this is an issue. \r\n\r\n\r\nOnce your Content Owner has approved, it will be sent to the Content Manager for approval.  The Content Manager is the NZAGRC and will take care of seeking funding/IP owner approvals.\r\n\r\n\r\nExpect the approval process to take one week from the time you submit the output for release. Please be as detailed as possible in this request - you will receive a &quot;Not Approved&quot; if things are incorrect or not clear to the approval team. In particular, ensure you select correct objective number for your work and the correct funding organisation/s. \r\n\r\n\r\nIf you have a complex release involving multiple funders, BIP or DIP, it may take longer and include offline discussions.\r\n\r\n\r\nIf you are filling in the release form and have a question, call us on 06 351 8305. You can save the form and return to it later (you may need to insert filler text, and add your signature and a date to save the form).', '2025-12-15 09:38:55'),
(66, '/my-roi,id,2189.html', 2, 'roi_tip_nzagrc_authors', '2025-11-16 20:41:46', 'false', 'Who should receive recognition for this output? Who are the named authors?', 'Who should receive recognition for this output? Who are the named authors?', '2025-12-15 09:41:46'),
(66, '/create-new.html', 2, 'roi_tip_pubdetails', '2025-11-18 02:06:50', 'false', '<span class=\"html\"></span>', '', '2025-12-16 15:06:50'),
(66, '/my-roi,id,2393.html', 2, 'leftside', '2025-11-27 01:30:49', 'true', '<span class=\"html\"></span>', '', '2025-12-25 14:30:49'),
(66, '/my-roi,id,2393.html', 2, 'titletext', '2025-11-27 01:30:49', 'true', '<h1>My ROI</h1>', 'My ROI', '2025-12-25 14:30:49'),
(100, '/disclaimer.html', 2, 'leftside', '2025-11-27 07:15:30', 'true', '<span class=\"html\"></span>', '', '2025-12-25 20:15:30'),
(100, '/disclaimer.html', 2, 'rightside', '2025-11-27 07:15:30', 'true', '<span class=\"html\"></span>', '', '2025-12-25 20:15:30'),
(67, '/my-account.html', 2, 'leftside', '2025-11-29 00:12:52', 'true', '<span class=\"html\"></span>', '', '2025-12-27 13:12:52'),
(67, '/my-account.html', 2, 'titletext', '2025-11-29 00:12:52', 'true', '<h1>My Account</h1>', 'My Account', '2025-12-27 13:12:52'),
(67, '/my-account.html', 2, 'rightside', '2025-11-29 00:12:52', 'true', '<span class=\"html\"></span>', '', '2025-12-27 13:12:52'),
(66, '/my-roi.html', 2, 'titletext', '2025-11-28 16:26:51', 'true', '<h1>My ROI</h1>', 'My ROI', '2025-12-27 05:26:51'),
(66, '/my-roi,id,2346.html', 2, 'leftside', '2025-11-28 16:19:45', 'true', '<span class=\"html\"></span>', '', '2025-12-27 05:19:45'),
(66, '/my-roi,id,2346.html', 2, 'titletext', '2025-11-28 16:19:45', 'true', '<h1>My ROI</h1>', 'My ROI', '2025-12-27 05:19:45'),
(66, '/my-roi,id,2346.html', 2, 'rightside', '2025-11-28 16:19:45', 'true', '<span class=\"html\"></span>', '', '2025-12-27 05:19:45'),
(66, '/my-roi.html', 2, 'leftside', '2025-11-28 16:26:51', 'true', '<span class=\"html\"></span>', '', '2025-12-27 05:26:51'),
(66, '/my-roi,id,2390.html', 2, 'roi_tip_nzagrc_journal_name', '2025-11-12 17:32:05', 'false', 'What is the name of the journal/conference/newsletter in which you will release this output?  Be specific.', 'What is the name of the journal/conference/newsletter in which you will release this output?  Be specific.', '2025-12-11 06:32:05'),
(66, '/my-roi,id,2384.html', 2, 'roi_tip_nzagrc_bip_included', '2025-11-05 02:18:58', 'false', 'Ensure you understand the BIP contributors', 'Ensure you understand the BIP contributors', '2025-12-03 15:18:58'),
(66, '/my-roi,id,2385.html', 2, 'roi_tip_nzagrc_signature_author', '2025-11-05 22:31:07', 'false', 'This is your electronic approval that all the information you have included is true and accurate.', 'This is your electronic approval that all the information you have included is true and accurate.', '2025-12-04 11:31:07'),
(66, '/my-roi,id,2384.html', 2, 'roi_tip_submission_output', '2025-11-05 02:18:58', 'false', 'What type of audience are you releasing to? What type of release will you undertake?', 'What type of audience are you releasing to? What type of release will you undertake?', '2025-12-03 15:18:58'),
(66, '/my-roi,id,2384.html', 2, 'roi_tip_nzagrc_acknowledgment', '2025-11-05 02:18:58', 'false', 'Be explicit. What programmes/organisation have provided funding/IP to this output? These organisations will be contacted to approve release.', 'Be explicit. What programmes/organisation have provided funding/IP to this output? These organisations will be contacted to approve release.', '2025-12-03 15:18:58'),
(66, '/my-roi,id,2386.html', 2, 'roi_tip_nzagrc_title', '2025-11-06 02:42:31', 'false', 'This title will be used for search purposes', 'This title will be used for search purposes', '2025-12-04 15:42:31'),
(66, '/my-roi,id,2384.html', 2, 'roi_tip_nzagrc_title', '2025-11-05 02:18:58', 'false', 'This title will be used for search purposes', 'This title will be used for search purposes', '2025-12-03 15:18:58'),
(66, '/my-roi,id,2387.html', 2, 'roi_tip_nzagrc_output_area', '2025-11-07 04:25:14', 'false', 'What area of work does this output belong in? You can select more than one.', 'What area of work does this output belong in? You can select more than one.', '2025-12-05 17:25:14'),
(66, '/my-roi,id,2385.html', 2, 'roi_tip_nzagrc_primary_objective', '2025-11-05 22:31:07', 'false', 'What work objective does this ouput directly link to? If you cannot find the project this work relates to, please email enquiry@nzagrc.org.nz and we will have this added.', 'What work objective does this ouput directly link to? If you cannot find the project this work relates to, please email enquiry@nzagrc.org.nz and we will have this added.', '2025-12-04 11:31:07'),
(66, '/my-roi,id,2385.html', 2, 'roi_tip_nzagrc_output_area', '2025-11-05 22:31:07', 'false', 'What area of work does this output belong in? You can select more than one.', 'What area of work does this output belong in? You can select more than one.', '2025-12-04 11:31:07'),
(68, '/faq.html', 2, 'titletext', '2025-11-03 00:26:34', 'true', '<h1>My ROI: Frequently Asked Questions</h1>', 'My ROI: Frequently Asked Questions', '2025-12-01 13:26:34');
INSERT INTO `mix_page_module_cache` (`page_id`, `uri`, `module_id`, `reference`, `created`, `searchable`, `html`, `text`, `ttl`) VALUES
(68, '/faq.html', 2, 'body', '2025-11-03 00:26:34', 'true', '<span class=\"html\"><p>\r\n<a name=\"top\" title=\"top\"></a>If you have a question regarding the use of this form and the answer does not appear below, please contact us at <a href=\"mailto:enquiry@nzagrc.org.nz\">enquiry@nzagrc.org.nz</a> \r\n</p>\r\n<hr />\r\n<p>\r\n<a href=\"faq.html#why\" target=\"_blank\" title=\"http://www.nzagrc.org.nz/faq.html#why ... - link will open in a new window\"><em>What is the release process for?</em> </a>\r\n</p>\r\n<p>\r\n<a href=\"faq.html#action\" title=\"http://www.nzagrc.org.nz/faq.html#action\"><em>How can I see which requests I have to action?</em></a> \r\n</p>\r\n<p>\r\n<a href=\"faq.html#owner\" title=\"http://www.nzagrc.org.nz/faq.html#owner\"><em>Who is a content owner?</em></a><em> </em>\r\n</p>\r\n<p>\r\n<a href=\"faq.html#timeframe\" title=\"http://www.nzagrc.org.nz/faq.html#timeframe\"><em>How long will approval take? </em></a>\r\n</p>\r\n<p>\r\n<a href=\"faq.html#approve\" title=\"http://www.nzagrc.org.nz/faq.html#approve\"><em>How do I ensure funding parties are notified? </em></a>\r\n</p>\r\n<p>\r\n<a href=\"faq.html#copy\" title=\"http://www.nzagrc.org.nz/faq.html#copy\"><em>What is the COPY function used for?</em></a> \r\n</p>\r\n<p>\r\n<a href=\"faq.html#delete\" title=\"http://www.nzagrc.org.nz/faq.html#delete ... - link will open in a new window\"><em>How do I delete an ROI request?</em> </a>\r\n</p>\r\n<p>\r\n<a href=\"faq.html#error\" title=\"http://www.nzagrc.org.nz/faq.html#error\"><em>What should I do if I notice an error in the system?</em> </a>\r\n</p>\r\n<p>\r\n<em><a href=\"faq.html#change\" target=\"_blank\" title=\"http://www.nzagrc.org.nz/faq.html#change ... - link will open in a new window\">How often are changes made to the system?</a></em> \r\n</p>\r\n<p>\r\n<em><a href=\"faq.html#process\" target=\"_blank\" title=\"http://www.nzagrc.org.nz/faq.html#process ... - link will open in a new window\">When should the release of information process be used?</a></em>\r\n</p>\r\n<p>\r\n<em><a href=\"faq.html#notapproved\" target=\"_blank\" title=\"http://www.nzagrc.org.nz/faq.html#notapproved ... - link will open in a new window\">What do I do if it is &lsquo;Not Approved&#39;?</a></em>\r\n</p>\r\n<p>\r\n<strong>\r\n<hr />\r\n<a name=\"owner\" title=\"owner\"></a>Who is a Content Owner?</strong>\r\n</p>\r\n \r\n<p>\r\nA&nbsp;Content Owner is usually the objective leader, contract&nbsp;manager or Principal Investigator for the objective.&nbsp; \r\n</p>\r\n<p>\r\nFor <strong>NZAGRC objectives</strong>, this will be the objective leader or (if the author is an objective leader) Principal Investigator. \r\n</p>\r\n<p>\r\nFor <strong>Global Research Alliance objectives</strong>, this will be the contract leader. \r\n</p>\r\n<p>\r\nFor <strong>PGgRc objectives</strong>, this will be the objective leader. \r\n</p>\r\n<p>\r\nNZAGRC Team is <u>NOT</u> a Content Owner. If you send the ROI request to NZAGRC Team at this point, it will come back &quot;Not Approved&quot;. \r\n</p>\r\n<p>\r\n<strong>In cases where the Content Owner is also the Author</strong>, select yourself as the Content Owner. You will need to add a second signature in the Content Owner Approval box at the bottom of the page.&nbsp; This may be addressed in subsequent development work. \r\n</p>\r\n<p>\r\nIf you are unsure of whom you should select as a Content Owner, please <a href=\"mailto:enquiry@nzagrc.org.nz?Subject=NZAGRC ROI Help - Content Owner?\">email us </a>\r\n</p>\r\n<p>\r\n<a href=\"faq.html#top\" title=\"http://www.nzagrc.org.nz/faq.html#top\">TOP</a> \r\n</p>\r\n<hr />\r\n<p>\r\n<strong><a name=\"timeframe\" title=\"timeframe\"></a>How long will approval take?</strong> \r\n</p>\r\n<p>\r\nWe encourage you to seek approval for release&nbsp;as far in advance as possible. \r\n</p>\r\n<p>\r\nThe timeframe is dependent on things such as availability of Content Owner, additional approvals required (other funders, BIP owners) and their availability, and the complexitiy of any itellectual property. \r\n</p>\r\n<p>\r\nThe NZAGRC will work with you to ensure a quick turn around. We aim to get full approval (from Author submission to Content Manager approval) within <u>three working days</u>.&nbsp; \r\n</p>\r\n<p>\r\nIn the event that an ROI request needs urgent approval (&lt;1 working day), please contact the relevent Content Owner and&nbsp;the NZAGRC (Content Manager) so we can give it priority. \r\n</p>\r\n<p>\r\nAny delays will be communicated directly&nbsp;to the Author . \r\n</p>\r\n<p>\r\n<a href=\"faq.html#top\" title=\"http://www.nzagrc.org.nz/faq.html#top\">TOP</a> \r\n</p>\r\n<hr />\r\n<p>\r\n<strong><a name=\"approve\" title=\"approve\"></a>How do I ensure funding parties are notified/asked to approve?</strong> \r\n</p>\r\n<p>\r\nThe system allows for others to&nbsp;be <strong>formally&nbsp;notified</strong> of the release.&nbsp;&nbsp; To ensure that an additional party receives notification of the release, please add them into the Acknowledgement/Funding box of the form. \r\n</p>\r\n<p>\r\nThe system allows for others to <strong>explicitly</strong> <strong>approve</strong> the content of a release. To ensure an additional party is asked to approves the content, please add them into the relevent form field (BIP, Funding). \r\n</p>\r\n<p>\r\nAll parties requiring&nbsp;Notification or Approval&nbsp;are emailed by the Content Manager.&nbsp;&nbsp; The Content Manager may also notify/seek approval from&nbsp;other&nbsp;parties as required.&nbsp; \r\n</p>\r\n<p>\r\nYou may choose to seek approval offline - this is ok but please enter their details on the form and upload an approval document (email or similar). This ensures a complete record.&nbsp; \r\n</p>\r\n<p>\r\n<strong>NOTE:</strong> Content Manager approval can not be given until <u>Approval</u> from any additional parties&nbsp;is received. Additional parties who receive <u>Notification</u> are not required to take any&nbsp;action. \r\n</p>\r\n<p>\r\n<a href=\"faq.html#top\" title=\"http://www.nzagrc.org.nz/faq.html#top\">TOP</a> \r\n</p>\r\n<hr />\r\n<p class=\"h7\">\r\n<a name=\"copy\" title=\"copy\"></a>What is the COPY function used for? \r\n</p>\r\n<p>\r\nThe COPY function is used for ROI requests that a directly linked. It prepopulates a significant amount of information and provides a permanent link between the requests.&nbsp; \r\n</p>\r\n<p>\r\nThe COPY function is used for counting purposes to ensure ROI approvals are not counted more than once. \r\n</p>\r\n<p>\r\n<strong>You should use the COPY function when:</strong> \r\n</p>\r\n<ul>\r\n	<li>\r\n	<div>\r\n	You wish to submit an ROI request&nbsp;for the next step in a process after an abstract approval. For example, you received approval to submit a Poster Abstract, which has been accepted so you now wish to seek approval of the Poster itself. \r\n	</div>\r\n	</li>\r\n	<li>\r\n	<div>\r\n	<div>\r\n	You wish to submit an ROI request for a keynote presentation and a directly related paper, article, interview&nbsp;or other output. These will be counted individually but it helps to show the full impact of a presentation or presenter. \r\n	</div>\r\n	</div>\r\n	</li>\r\n</ul>\r\n<p>\r\n<strong>You should NOT use the COPY function when:</strong> \r\n</p>\r\n<ul>\r\n	<li>\r\n	<div>\r\n	You wish submit an ROI request for a resubmitted (NOT APPROVED) ROI&nbsp;request. You must resubmit the SAME ROI request by opening it and attaching a new file and adding resubmission notes. \r\n	</div>\r\n	</li>\r\n	<li>\r\n	<div>\r\n	You wish to submit an ROI request for work closely aligned but not precisely linked. You should begin a New ROI Request and complete all the required fields. \r\n	</div>\r\n	</li>\r\n</ul>\r\n<p>\r\n<a href=\"faq.html#top\" title=\"http://www.nzagrc.org.nz/faq.html#top\">TOP</a> \r\n</p>\r\n<hr />\r\n<p>\r\n<strong><a name=\"delete\" title=\"delete\"></a>How do I delete an ROI request?</strong> \r\n</p>\r\n<p>\r\n<font color=\"#282829\">Only the Content Manager has authority to delete an ROI request.</font> \r\n</p>\r\n<p>\r\n<font color=\"#282829\">1. Check that you really should delete the request.&nbsp; Once it is deleted, it is FINAL - there is no back up copy available.</font> \r\n</p>\r\n<p>\r\n<font color=\"#282829\">2. Request deletion by contact the NZAGRC Administrator at <a href=\"mailto:enquiry@nzagrc.org.nz\">mailto:enquiry@nzagrc.org.nz</a> including the following information:</font> \r\n</p>\r\n<ul>\r\n	<li><font color=\"#282829\"><strong>ROI request #: </strong></font></li>\r\n	<li><font color=\"#282829\"><strong>Reason for deletion: </strong></font></li>\r\n	<li><font color=\"#282829\"><strong>Person requesting deletion: </strong></font></li>\r\n</ul>\r\n<p>\r\n<a href=\"faq.html#top\" title=\"http://www.nzagrc.org.nz/faq.html#top\">TOP</a> \r\n</p>\r\n<hr />\r\n<p>\r\n<strong><a name=\"error\" title=\"error\"></a>What should I do if I notice an error in the system?</strong> \r\n</p>\r\n<p>\r\nPlease <a href=\"mailto:enquiry@nzagrc.org.nz?Subject=NZAGRC ROI Help - Error!\">contact us</a> as soon as possible giving the following details: \r\n</p>\r\n<ul>\r\n	<li>Screenshot of the error (if possible)</li>\r\n	<li>Description of what happened prior to the error&nbsp;- some questions:&nbsp;<br />\r\n	<em>Did you click a link? <br />\r\n	What were you trying to do? <br />\r\n	How long had you been on the site?<br />\r\n	Have you encountered this error previously?</em></li>\r\n	<li>Internet browser and version</li>\r\n</ul>\r\n<p>\r\nRemember: If you don&#39;t tell us, it won&#39;t be fixed! \r\n</p>\r\n<p>\r\n<a href=\"faq.html\" title=\"http://www.nzagrc.org.nz/faq.html#top\">TOP</a> \r\n</p>\r\n<hr />\r\n<p>\r\n<strong><a name=\"changes\" title=\"changes\"></a>How often are changes made to the system?</strong> \r\n</p>\r\n<p>\r\nDepending on the complexity of the change required, depends on the timeframe for the change to take effect.&nbsp; \r\n</p>\r\n<p>\r\nFor simple change, such as changing authority on an account,&nbsp;adding an FAQ and answer,&nbsp;or&nbsp;changing a word in the text of the website, it should be completed within&nbsp;2 days (depending on availability of staff). \r\n</p>\r\n<p>\r\nFor more complex site changes, we have a scheduled maintenance every six months involving an external developer. If it is deemed, non-urgent by the NZAGRC Administator, it will be scheduled as part of the maintenance round. This may include changes to the form to make it more user friendly and complex&nbsp;changes to the process. \r\n</p>\r\n<p>\r\nPlease contact the NZAGRC Administrator to discuss a change you think would be helpful for all those using the system. \r\n</p>\r\n<p>\r\n<a href=\"faq.html\" title=\"http://www.nzagrc.org.nz/faq.html#top\">TOP</a> \r\n</p>\r\n<hr />\r\n<p>\r\n<strong><a name=\"action\" title=\"action\"></a>How can I check which requests I have to action?</strong> \r\n</p>\r\n<p>\r\n<font color=\"#58595b\">You can log in at&nbsp;<a href=\"my-roi\" target=\"_blank\" title=\"http://www.nzagrc.org.nz/my-roi ... - link will open in a new window\">www.nzagrc.org.nz/my-roi</a> and see a list on the homepage of all ROI requests that you have actioned.&nbsp; Those highlighted in <span class=\"h5\">GREEN</span>&nbsp;require your immediate action.</font> \r\n</p>\r\n<p>\r\nFrom an individual ROI request (e.g. www.nzagrc.org.nz/my-roi,id,000.html), you can click on MY ROI on the left hand side of the screen (LHS column) to review this list. \r\n</p>\r\n<p>\r\n<a href=\"faq.html\" title=\"http://www.nzagrc.org.nz/faq.html#top\">TOP</a> \r\n</p>\r\n<hr />\r\n<strong><a name=\"why\" title=\"why\"></a>What is the release process for?</strong> \r\n<ul>\r\n	<li>To ensure all parties involved in the contract, including MPI, are aware of the dissemination of information from your objective. </li>\r\n	<li>To ensure all parties have an up to date working knowledge of the work being undertaken so they can vouch for the continued success of your objective. </li>\r\n	<li>To accurately log outputs against your contract for annual reporting, measurement of success, leadership and general &lsquo;good news stories&#39;.</li>\r\n</ul>\r\n<p>\r\n<a href=\"faq.html\" title=\"http://www.nzagrc.org.nz/faq.html#top\">TOP</a> \r\n</p>\r\n<hr />\r\n<p>\r\n<strong><a name=\"process\" title=\"process\"></a>When should the release of information process be used?</strong>\r\n</p>\r\n<p>\r\nThe MY ROI process should be used when you wish to release <u>any information</u> from your objective to individuals not explicitly mentioned mentioned in the contract. This includes seminars, newsletters, presentations, media interactions, whether they are internal to your organisation or involve external parties. \r\n</p>\r\n<p>\r\n<u>Each instance</u> of release requires a new MY ROI request. \r\n</p>\r\n<ul>\r\n	<li>For instances where there is a chain (ie conference abstract &agrave; presentation), use the COPY function to permanently link the requests.</li>\r\n	<li>For instances where you are releasing information already in the public domain/previously released:&nbsp; use the notes field to let us know the ROI release number it was released on. Then we have the full picture.</li>\r\n</ul>\r\n<p>\r\n<a href=\"faq.html\" title=\"http://www.nzagrc.org.nz/faq.html#top\">TOP</a> \r\n</p>\r\n<hr />\r\n<p>\r\n<a name=\"notapproved\" title=\"notapproved\"></a><strong>What do I do if it is &lsquo;Not Approved&#39;?</strong>\r\n</p>\r\n<p>\r\nIf your ROI request is not approved you need to follow these steps:\r\n</p>\r\n<ol>\r\n	<li>Address the concerns noted by the Content Manager. If you&#39;re in doubt, please make contact with the NZAGRC.</li>\r\n	<li>Submit <u>the same ROI request number</u>&nbsp;to your Content Owner, noting the changes you have made. If you submit a new ROI there will be a constant &quot;Not Approved&quot; ROI request sitting in the system and we would all rather see&nbsp; Approved all the way through!</li>\r\n</ol>\r\n<p>\r\n<a href=\"faq.html\" title=\"http://www.nzagrc.org.nz/faq.html#top\">TOP</a> \r\n</p>\r\n<hr />\r\n<p>\r\n&nbsp;\r\n</p>\r\n</span>', 'If you have a question regarding the use of this form and the answer does not appear below, please contact us at enquiry@nzagrc.org.nz \r\n\r\n\r\n\r\nWhat is the release process for? \r\n\r\n\r\nHow can I see which requests I have to action? \r\n\r\n\r\nWho is a content owner? \r\n\r\n\r\nHow long will approval take? \r\n\r\n\r\nHow do I ensure funding parties are notified? \r\n\r\n\r\nWhat is the COPY function used for? \r\n\r\n\r\nHow do I delete an ROI request? \r\n\r\n\r\nWhat should I do if I notice an error in the system? \r\n\r\n\r\nHow often are changes made to the system? \r\n\r\n\r\nWhen should the release of information process be used?\r\n\r\n\r\nWhat do I do if it is ‘Not Approved&#39;?\r\n\r\n\r\n\r\n\r\nWho is a Content Owner?\r\n\r\n \r\n\r\nA Content Owner is usually the objective leader, contract manager or Principal Investigator for the objective.  \r\n\r\n\r\nFor NZAGRC objectives, this will be the objective leader or (if the author is an objective leader) Principal Investigator. \r\n\r\n\r\nFor Global Research Alliance objectives, this will be the contract leader. \r\n\r\n\r\nFor PGgRc objectives, this will be the objective leader. \r\n\r\n\r\nNZAGRC Team is NOT a Content Owner. If you send the ROI request to NZAGRC Team at this point, it will come back &quot;Not Approved&quot;. \r\n\r\n\r\nIn cases where the Content Owner is also the Author, select yourself as the Content Owner. You will need to add a second signature in the Content Owner Approval box at the bottom of the page.  This may be addressed in subsequent development work. \r\n\r\n\r\nIf you are unsure of whom you should select as a Content Owner, please email us \r\n\r\n\r\nTOP \r\n\r\n\r\n\r\nHow long will approval take? \r\n\r\n\r\nWe encourage you to seek approval for release as far in advance as possible. \r\n\r\n\r\nThe timeframe is dependent on things such as availability of Content Owner, additional approvals required (other funders, BIP owners) and their availability, and the complexitiy of any itellectual property. \r\n\r\n\r\nThe NZAGRC will work with you to ensure a quick turn around. We aim to get full approval (from Author submission to Content Manager approval) within three working days.  \r\n\r\n\r\nIn the event that an ROI request needs urgent approval (<1 working day), please contact the relevent Content Owner and the NZAGRC (Content Manager) so we can give it priority. \r\n\r\n\r\nAny delays will be communicated directly to the Author . \r\n\r\n\r\nTOP \r\n\r\n\r\n\r\nHow do I ensure funding parties are notified/asked to approve? \r\n\r\n\r\nThe system allows for others to be formally notified of the release.   To ensure that an additional party receives notification of the release, please add them into the Acknowledgement/Funding box of the form. \r\n\r\n\r\nThe system allows for others to explicitly approve the content of a release. To ensure an additional party is asked to approves the content, please add them into the relevent form field (BIP, Funding). \r\n\r\n\r\nAll parties requiring Notification or Approval are emailed by the Content Manager.   The Content Manager may also notify/seek approval from other parties as required.  \r\n\r\n\r\nYou may choose to seek approval offline - this is ok but please enter their details on the form and upload an approval document (email or similar). This ensures a complete record.  \r\n\r\n\r\nNOTE: Content Manager approval can not be given until Approval from any additional parties is received. Additional parties who receive Notification are not required to take any action. \r\n\r\n\r\nTOP \r\n\r\n\r\n\r\nWhat is the COPY function used for? \r\n\r\n\r\nThe COPY function is used for ROI requests that a directly linked. It prepopulates a significant amount of information and provides a permanent link between the requests.  \r\n\r\n\r\nThe COPY function is used for counting purposes to ensure ROI approvals are not counted more than once. \r\n\r\n\r\nYou should use the COPY function when: \r\n\r\n\r\n	\r\n	\r\n	You wish to submit an ROI request for the next step in a process after an abstract approval. For example, you received approval to submit a Poster Abstract, which has been accepted so you now wish to seek approval of the Poster itself. \r\n	\r\n	\r\n	\r\n	\r\n	\r\n	You wish to submit an ROI request for a keynote presentation and a directly related paper, article, interview or other output. These will be counted individually but it helps to show the full impact of a presentation or presenter. \r\n	\r\n	\r\n	\r\n\r\n\r\nYou should NOT use the COPY function when: \r\n\r\n\r\n	\r\n	\r\n	You wish submit an ROI request for a resubmitted (NOT APPROVED) ROI request. You must resubmit the SAME ROI request by opening it and attaching a new file and adding resubmission notes. \r\n	\r\n	\r\n	\r\n	\r\n	You wish to submit an ROI request for work closely aligned but not precisely linked. You should begin a New ROI Request and complete all the required fields. \r\n	\r\n	\r\n\r\n\r\nTOP \r\n\r\n\r\n\r\nHow do I delete an ROI request? \r\n\r\n\r\nOnly the Content Manager has authority to delete an ROI request. \r\n\r\n\r\n1. Check that you really should delete the request.  Once it is deleted, it is FINAL - there is no back up copy available. \r\n\r\n\r\n2. Request deletion by contact the NZAGRC Administrator at mailto:enquiry@nzagrc.org.nz including the following information: \r\n\r\n\r\n	ROI request #: \r\n	Reason for deletion: \r\n	Person requesting deletion: \r\n\r\n\r\nTOP \r\n\r\n\r\n\r\nWhat should I do if I notice an error in the system? \r\n\r\n\r\nPlease contact us as soon as possible giving the following details: \r\n\r\n\r\n	Screenshot of the error (if possible)\r\n	Description of what happened prior to the error - some questions: \r\n	Did you click a link? \r\n	What were you trying to do? \r\n	How long had you been on the site?\r\n	Have you encountered this error previously?\r\n	Internet browser and version\r\n\r\n\r\nRemember: If you don&#39;t tell us, it won&#39;t be fixed! \r\n\r\n\r\nTOP \r\n\r\n\r\n\r\nHow often are changes made to the system? \r\n\r\n\r\nDepending on the complexity of the change required, depends on the timeframe for the change to take effect.  \r\n\r\n\r\nFor simple change, such as changing authority on an account, adding an FAQ and answer, or changing a word in the text of the website, it should be completed within 2 days (depending on availability of staff). \r\n\r\n\r\nFor more complex site changes, we have a scheduled maintenance every six months involving an external developer. If it is deemed, non-urgent by the NZAGRC Administator, it will be scheduled as part of the maintenance round. This may include changes to the form to make it more user friendly and complex changes to the process. \r\n\r\n\r\nPlease contact the NZAGRC Administrator to discuss a change you think would be helpful for all those using the system. \r\n\r\n\r\nTOP \r\n\r\n\r\n\r\nHow can I check which requests I have to action? \r\n\r\n\r\nYou can log in at www.nzagrc.org.nz/my-roi and see a list on the homepage of all ROI requests that you have actioned.  Those highlighted in GREEN require your immediate action. \r\n\r\n\r\nFrom an individual ROI request (e.g. www.nzagrc.org.nz/my-roi,id,000.html), you can click on MY ROI on the left hand side of the screen (LHS column) to review this list. \r\n\r\n\r\nTOP \r\n\r\n\r\nWhat is the release process for? \r\n\r\n	To ensure all parties involved in the contract, including MPI, are aware of the dissemination of information from your objective. \r\n	To ensure all parties have an up to date working knowledge of the work being undertaken so they can vouch for the continued success of your objective. \r\n	To accurately log outputs against your contract for annual reporting, measurement of success, leadership and general ‘good news stories&#39;.\r\n\r\n\r\nTOP \r\n\r\n\r\n\r\nWhen should the release of information process be used?\r\n\r\n\r\nThe MY ROI process should be used when you wish to release any information from your objective to individuals not explicitly mentioned mentioned in the contract. This includes seminars, newsletters, presentations, media interactions, whether they are internal to your organisation or involve external parties. \r\n\r\n\r\nEach instance of release requires a new MY ROI request. \r\n\r\n\r\n	For instances where there is a chain (ie conference abstract à presentation), use the COPY function to permanently link the requests.\r\n	For instances where you are releasing information already in the public domain/previously released:  use the notes field to let us know the ROI release number it was released on. Then we have the full picture.\r\n\r\n\r\nTOP \r\n\r\n\r\n\r\nWhat do I do if it is ‘Not Approved&#39;?\r\n\r\n\r\nIf your ROI request is not approved you need to follow these steps:\r\n\r\n\r\n	Address the concerns noted by the Content Manager. If you&#39;re in doubt, please make contact with the NZAGRC.\r\n	Submit the same ROI request number to your Content Owner, noting the changes you have made. If you submit a new ROI there will be a constant &quot;Not Approved&quot; ROI request sitting in the system and we would all rather see  Approved all the way through!\r\n\r\n\r\nTOP', '2025-12-01 13:26:34'),
(66, '/my-roi,id,2384.html', 2, 'roi_tip_nzagrc_authors', '2025-11-05 02:18:58', 'false', 'Who should receive recognition for this output? Who are the named authors?', 'Who should receive recognition for this output? Who are the named authors?', '2025-12-03 15:18:58'),
(66, '/my-roi,id,2384.html', 2, 'roi_tip_nzagrc_journal_name', '2025-11-05 02:18:58', 'false', 'What is the name of the journal/conference/newsletter in which you will release this output?  Be specific.', 'What is the name of the journal/conference/newsletter in which you will release this output?  Be specific.', '2025-12-03 15:18:58'),
(66, '/my-roi,id,2384.html', 2, 'roi_tip_nzagrc_other_objective', '2025-11-05 02:18:58', 'false', 'Are there any associated objectives this ouput relates to? It is ok to not select any.', 'Are there any associated objectives this ouput relates to? It is ok to not select any.', '2025-12-03 15:18:58'),
(66, '/my-roi,id,2384.html', 2, 'roi_tip_nzagrc_primary_objective', '2025-11-05 02:18:58', 'false', 'What work objective does this ouput directly link to? If you cannot find the project this work relates to, please email enquiry@nzagrc.org.nz and we will have this added.', 'What work objective does this ouput directly link to? If you cannot find the project this work relates to, please email enquiry@nzagrc.org.nz and we will have this added.', '2025-12-03 15:18:58'),
(66, '/my-roi,id,2387.html', 2, 'roi_tip_nzagrc_authors', '2025-11-07 04:25:14', 'false', 'Who should receive recognition for this output? Who are the named authors?', 'Who should receive recognition for this output? Who are the named authors?', '2025-12-05 17:25:14'),
(66, '/my-roi,id,2384.html', 2, 'roi_tip_nzagrc_pr_message', '2025-11-05 02:18:58', 'false', '<span class=\"html\"><span class=\"html\">\r\n<p>\r\nAll outputs must be peer reviewed. You have selected NO so you need to select a progamme Principal Investigator as the Content Owner.\r\n</p>\r\n<p>\r\nIf you would prefer to organise an independent peer review yourself, please save this form now and complete and submit it once you can answer YES to this question and provide the names of the peer reviewers. \r\n</p>\r\n</span>\r\n</span>', 'All outputs must be peer reviewed. You have selected NO so you need to select a progamme Principal Investigator as the Content Owner.\r\n\r\n\r\nIf you would prefer to organise an independent peer review yourself, please save this form now and complete and submit it once you can answer YES to this question and provide the names of the peer reviewers.', '2025-12-03 15:18:58'),
(66, '/my-roi,id,2384.html', 2, 'roi_tip_nzagrc_ownapp', '2025-11-05 02:18:58', 'false', '<span class=\"html\"><p>\r\nThe next steps in the process is for the Content Owner (your objective leader) to approve.&nbsp; \r\n</p>\r\n<p>\r\nIf your output is sitting in the system noting &quot;Waiting for approval by Content Owner&quot; for an extended period of time, we suggest you call them to check whether this is an issue. \r\n</p>\r\n<p>\r\nOnce your Content Owner has approved, it will be sent to the Content Manager for approval.&nbsp; The Content Manager is the NZAGRC and will take care of seeking funding/IP owner approvals.\r\n</p>\r\n<p>\r\nExpect the approval process to take one week from the time you submit the output for release. Please be as detailed as possible in this request - you will receive a &quot;Not Approved&quot; if things are incorrect or not clear to the approval team.&nbsp;In particular, ensure you select correct objective number for your work and the correct funding organisation/s. \r\n</p>\r\n<p>\r\nIf you have a complex release involving multiple funders, BIP or DIP, it may take longer and include offline discussions.\r\n</p>\r\n<p>\r\nIf you are filling in the release form and have a question, call us on 06 351 8305. You can save the form and return to it later (you may need to insert filler text, and add your signature and a date to save the form).<br />\r\n</p>\r\n</span>', 'The next steps in the process is for the Content Owner (your objective leader) to approve.  \r\n\r\n\r\nIf your output is sitting in the system noting &quot;Waiting for approval by Content Owner&quot; for an extended period of time, we suggest you call them to check whether this is an issue. \r\n\r\n\r\nOnce your Content Owner has approved, it will be sent to the Content Manager for approval.  The Content Manager is the NZAGRC and will take care of seeking funding/IP owner approvals.\r\n\r\n\r\nExpect the approval process to take one week from the time you submit the output for release. Please be as detailed as possible in this request - you will receive a &quot;Not Approved&quot; if things are incorrect or not clear to the approval team. In particular, ensure you select correct objective number for your work and the correct funding organisation/s. \r\n\r\n\r\nIf you have a complex release involving multiple funders, BIP or DIP, it may take longer and include offline discussions.\r\n\r\n\r\nIf you are filling in the release form and have a question, call us on 06 351 8305. You can save the form and return to it later (you may need to insert filler text, and add your signature and a date to save the form).', '2025-12-03 15:18:58'),
(66, '/my-roi,id,2388.html', 2, 'roi_tip_nzagrc_acknowledgment', '2025-11-11 03:02:38', 'false', 'Be explicit. What programmes/organisation have provided funding/IP to this output? These organisations will be contacted to approve release.', 'Be explicit. What programmes/organisation have provided funding/IP to this output? These organisations will be contacted to approve release.', '2025-12-09 16:02:38'),
(80, '/templates.html', 2, 'rightside', '2025-11-03 00:25:15', 'true', '<span class=\"html\"></span>', '', '2025-12-01 13:25:15'),
(80, '/templates.html', 2, 'leftside', '2025-11-03 00:25:15', 'true', '<span class=\"html\"></span>', '', '2025-12-01 13:25:15'),
(80, '/templates.html', 2, 'titletext', '2025-11-03 00:25:15', 'true', '<h1>Templates</h1>', 'Templates', '2025-12-01 13:25:15'),
(66, '/my-roi,id,2386.html', 2, 'roi_tip_nzagrc_output_area', '2025-11-06 02:42:31', 'false', 'What area of work does this output belong in? You can select more than one.', 'What area of work does this output belong in? You can select more than one.', '2025-12-04 15:42:31'),
(66, '/my-roi,id,2386.html', 2, 'roi_tip_nzagrc_authors', '2025-11-06 02:42:31', 'false', 'Who should receive recognition for this output? Who are the named authors?', 'Who should receive recognition for this output? Who are the named authors?', '2025-12-04 15:42:31'),
(66, '/my-roi,id,2386.html', 2, 'roi_tip_nzagrc_journal_name', '2025-11-06 02:42:31', 'false', 'What is the name of the journal/conference/newsletter in which you will release this output?  Be specific.', 'What is the name of the journal/conference/newsletter in which you will release this output?  Be specific.', '2025-12-04 15:42:31'),
(66, '/my-roi,id,2386.html', 2, 'roi_tip_nzagrc_acknowledgment', '2025-11-06 02:42:31', 'false', 'Be explicit. What programmes/organisation have provided funding/IP to this output? These organisations will be contacted to approve release.', 'Be explicit. What programmes/organisation have provided funding/IP to this output? These organisations will be contacted to approve release.', '2025-12-04 15:42:31'),
(66, '/my-roi,id,2386.html', 2, 'roi_tip_nzagrc_bip_included', '2025-11-06 02:42:31', 'false', 'Ensure you understand the BIP contributors', 'Ensure you understand the BIP contributors', '2025-12-04 15:42:31'),
(66, '/my-roi,id,2387.html', 2, 'roi_tip_nzagrc_other_objective', '2025-11-07 04:25:14', 'false', 'Are there any associated objectives this ouput relates to? It is ok to not select any.', 'Are there any associated objectives this ouput relates to? It is ok to not select any.', '2025-12-05 17:25:14'),
(66, '/my-roi,id,2386.html', 2, 'roi_tip_nzagrc_release_areas', '2025-11-06 02:42:31', 'false', 'Where will you release this information? To a New Zealand audience or an international/combined audience?', 'Where will you release this information? To a New Zealand audience or an international/combined audience?', '2025-12-04 15:42:31'),
(66, '/my-roi,id,2386.html', 2, 'roi_tip_submission_output', '2025-11-06 02:42:31', 'false', 'What type of audience are you releasing to? What type of release will you undertake?', 'What type of audience are you releasing to? What type of release will you undertake?', '2025-12-04 15:42:31'),
(66, '/my-roi,id,2387.html', 2, 'roi_tip_nzagrc_primary_objective', '2025-11-07 04:25:14', 'false', 'What work objective does this ouput directly link to? If you cannot find the project this work relates to, please email enquiry@nzagrc.org.nz and we will have this added.', 'What work objective does this ouput directly link to? If you cannot find the project this work relates to, please email enquiry@nzagrc.org.nz and we will have this added.', '2025-12-05 17:25:14'),
(66, '/my-roi,id,2386.html', 2, 'roi_tip_nzagrc_confidential', '2025-11-06 02:42:31', 'false', '&nbsp;', '', '2025-12-04 15:42:31'),
(66, '/my-roi,id,2387.html', 2, 'roi_tip_nzagrc_journal_name', '2025-11-07 04:25:14', 'false', 'What is the name of the journal/conference/newsletter in which you will release this output?  Be specific.', 'What is the name of the journal/conference/newsletter in which you will release this output?  Be specific.', '2025-12-05 17:25:14'),
(66, '/my-roi,id,2386.html', 2, 'roi_tip_nzagrc_pr_message', '2025-11-06 02:42:31', 'false', '<span class=\"html\"><span class=\"html\">\r\n<p>\r\nAll outputs must be peer reviewed. You have selected NO so you need to select a progamme Principal Investigator as the Content Owner.\r\n</p>\r\n<p>\r\nIf you would prefer to organise an independent peer review yourself, please save this form now and complete and submit it once you can answer YES to this question and provide the names of the peer reviewers. \r\n</p>\r\n</span>\r\n</span>', 'All outputs must be peer reviewed. You have selected NO so you need to select a progamme Principal Investigator as the Content Owner.\r\n\r\n\r\nIf you would prefer to organise an independent peer review yourself, please save this form now and complete and submit it once you can answer YES to this question and provide the names of the peer reviewers.', '2025-12-04 15:42:31'),
(66, '/my-roi,id,2386.html', 2, 'roi_tip_nzagrc_ownapp', '2025-11-06 02:42:31', 'false', '<span class=\"html\"><p>\r\nThe next steps in the process is for the Content Owner (your objective leader) to approve.&nbsp; \r\n</p>\r\n<p>\r\nIf your output is sitting in the system noting &quot;Waiting for approval by Content Owner&quot; for an extended period of time, we suggest you call them to check whether this is an issue. \r\n</p>\r\n<p>\r\nOnce your Content Owner has approved, it will be sent to the Content Manager for approval.&nbsp; The Content Manager is the NZAGRC and will take care of seeking funding/IP owner approvals.\r\n</p>\r\n<p>\r\nExpect the approval process to take one week from the time you submit the output for release. Please be as detailed as possible in this request - you will receive a &quot;Not Approved&quot; if things are incorrect or not clear to the approval team.&nbsp;In particular, ensure you select correct objective number for your work and the correct funding organisation/s. \r\n</p>\r\n<p>\r\nIf you have a complex release involving multiple funders, BIP or DIP, it may take longer and include offline discussions.\r\n</p>\r\n<p>\r\nIf you are filling in the release form and have a question, call us on 06 351 8305. You can save the form and return to it later (you may need to insert filler text, and add your signature and a date to save the form).<br />\r\n</p>\r\n</span>', 'The next steps in the process is for the Content Owner (your objective leader) to approve.  \r\n\r\n\r\nIf your output is sitting in the system noting &quot;Waiting for approval by Content Owner&quot; for an extended period of time, we suggest you call them to check whether this is an issue. \r\n\r\n\r\nOnce your Content Owner has approved, it will be sent to the Content Manager for approval.  The Content Manager is the NZAGRC and will take care of seeking funding/IP owner approvals.\r\n\r\n\r\nExpect the approval process to take one week from the time you submit the output for release. Please be as detailed as possible in this request - you will receive a &quot;Not Approved&quot; if things are incorrect or not clear to the approval team. In particular, ensure you select correct objective number for your work and the correct funding organisation/s. \r\n\r\n\r\nIf you have a complex release involving multiple funders, BIP or DIP, it may take longer and include offline discussions.\r\n\r\n\r\nIf you are filling in the release form and have a question, call us on 06 351 8305. You can save the form and return to it later (you may need to insert filler text, and add your signature and a date to save the form).', '2025-12-04 15:42:31'),
(66, '/my-roi,id,2388.html', 2, 'roi_tip_nzagrc_ownapp', '2025-11-11 03:02:38', 'false', '<span class=\"html\"><p>\r\nThe next steps in the process is for the Content Owner (your objective leader) to approve.&nbsp; \r\n</p>\r\n<p>\r\nIf your output is sitting in the system noting &quot;Waiting for approval by Content Owner&quot; for an extended period of time, we suggest you call them to check whether this is an issue. \r\n</p>\r\n<p>\r\nOnce your Content Owner has approved, it will be sent to the Content Manager for approval.&nbsp; The Content Manager is the NZAGRC and will take care of seeking funding/IP owner approvals.\r\n</p>\r\n<p>\r\nExpect the approval process to take one week from the time you submit the output for release. Please be as detailed as possible in this request - you will receive a &quot;Not Approved&quot; if things are incorrect or not clear to the approval team.&nbsp;In particular, ensure you select correct objective number for your work and the correct funding organisation/s. \r\n</p>\r\n<p>\r\nIf you have a complex release involving multiple funders, BIP or DIP, it may take longer and include offline discussions.\r\n</p>\r\n<p>\r\nIf you are filling in the release form and have a question, call us on 06 351 8305. You can save the form and return to it later (you may need to insert filler text, and add your signature and a date to save the form).<br />\r\n</p>\r\n</span>', 'The next steps in the process is for the Content Owner (your objective leader) to approve.  \r\n\r\n\r\nIf your output is sitting in the system noting &quot;Waiting for approval by Content Owner&quot; for an extended period of time, we suggest you call them to check whether this is an issue. \r\n\r\n\r\nOnce your Content Owner has approved, it will be sent to the Content Manager for approval.  The Content Manager is the NZAGRC and will take care of seeking funding/IP owner approvals.\r\n\r\n\r\nExpect the approval process to take one week from the time you submit the output for release. Please be as detailed as possible in this request - you will receive a &quot;Not Approved&quot; if things are incorrect or not clear to the approval team. In particular, ensure you select correct objective number for your work and the correct funding organisation/s. \r\n\r\n\r\nIf you have a complex release involving multiple funders, BIP or DIP, it may take longer and include offline discussions.\r\n\r\n\r\nIf you are filling in the release form and have a question, call us on 06 351 8305. You can save the form and return to it later (you may need to insert filler text, and add your signature and a date to save the form).', '2025-12-09 16:02:38'),
(100, '/disclaimer.html', 2, 'titletext', '2025-11-15 10:34:28', 'true', '<h1>Terms of Use                                                  </h1>', 'Terms of Use', '2025-12-13 23:34:28');
INSERT INTO `mix_page_module_cache` (`page_id`, `uri`, `module_id`, `reference`, `created`, `searchable`, `html`, `text`, `ttl`) VALUES
(100, '/disclaimer.html', 2, 'body', '2025-11-15 10:34:28', 'true', '<span class=\"html\"><font face=\"Times New Roman\" size=\"3\" color=\"#000000\">\r\n</font>\r\n<h1 style=\"margin: 3.75pt 0cm 9pt\">\r\n<table border=\"0\" cellpadding=\"0\" width=\"100%\" style=\"width: 100%\">\r\n	<tbody>\r\n		<tr style=\"height: 6.7pt\">\r\n			<td style=\"padding: 6pt; border: #000000; border-image: none; height: 6.7pt; background-color: transparent\"><font face=\"Times New Roman\" size=\"3\" color=\"#000000\">\r\n			</font>\r\n			<p style=\"margin: 0cm 0cm 0pt\">\r\n			<span style=\"color: #333333; font-size: 10.5pt\"><font face=\"Calibri\">1</font></span>\r\n			</p>\r\n			<font face=\"Times New Roman\" size=\"3\" color=\"#000000\">\r\n			</font></td>\r\n			<td style=\"padding: 6pt; border: #000000; border-image: none; height: 6.7pt; background-color: transparent\"><font face=\"Times New Roman\" size=\"3\" color=\"#000000\">\r\n			</font>\r\n			<p style=\"margin: 0cm 0cm 0pt\">\r\n			<strong style=\"color: #333333\">About these Terms of Use</strong>\r\n			</p>\r\n			<font face=\"Times New Roman\" size=\"3\" color=\"#000000\">\r\n			</font></td>\r\n		</tr>\r\n		<tr>\r\n			<td style=\"padding: 6pt; border: #000000; border-image: none; background-color: transparent\"><font face=\"Times New Roman\" size=\"3\" color=\"#000000\">\r\n			</font>\r\n			<p style=\"margin: 0cm 0cm 0pt\">\r\n			<span style=\"color: #333333; font-size: 10.5pt\"><font face=\"Calibri\">1.1</font></span>\r\n			</p>\r\n			<font face=\"Times New Roman\" size=\"3\" color=\"#000000\">\r\n			</font></td>\r\n			<td style=\"padding: 6pt; border: #000000; border-image: none; background-color: transparent\"><font face=\"Times New Roman\" size=\"3\" color=\"#000000\">\r\n			</font>\r\n			<p style=\"margin: 0cm 0cm 0pt\">\r\n			<span style=\"color: #333333; font-size: 10.5pt\"><font face=\"Calibri\">AgResearch Limited (&ldquo;AgResearch&rdquo;, &ldquo;we&rdquo; or &ldquo;us&rdquo;)\r\n			welcomes you to this website, which we host on behalf the members of the New\r\n			Zealand Agricultural Greenhouse Gas Research Centre (&quot;NZAGRC&quot;). By\r\n			accessing and viewing this website (&ldquo;the website&rdquo;), and/or by using our\r\n			systems, you agree that you have read and accepted the terms set out below. </font></span>\r\n			</p>\r\n			<font face=\"Times New Roman\" size=\"3\" color=\"#000000\">\r\n			</font></td>\r\n		</tr>\r\n		<tr>\r\n			<td style=\"padding: 6pt; border: #000000; border-image: none; background-color: transparent\"><font face=\"Times New Roman\" size=\"3\" color=\"#000000\">\r\n			</font>\r\n			<p style=\"margin: 0cm 0cm 0pt\">\r\n			<span style=\"color: #333333; font-size: 10.5pt\"><font face=\"Calibri\">1.2</font></span>\r\n			</p>\r\n			<font face=\"Times New Roman\" size=\"3\" color=\"#000000\">\r\n			</font></td>\r\n			<td style=\"padding: 6pt; border: #000000; border-image: none; background-color: transparent\"><font face=\"Times New Roman\" size=\"3\" color=\"#000000\">\r\n			</font>\r\n			<p style=\"margin: 0cm 0cm 0pt\">\r\n			<span style=\"color: #333333; font-size: 10.5pt\"><font face=\"Calibri\">We reserve the right to amend these Terms of Use\r\n			from time to time by posting updated versions on the website. </font></span>\r\n			</p>\r\n			<font face=\"Times New Roman\" size=\"3\" color=\"#000000\">\r\n			</font></td>\r\n		</tr>\r\n		<tr>\r\n			<td style=\"padding: 6pt; border: #000000; border-image: none; background-color: transparent\"><font face=\"Times New Roman\" size=\"3\" color=\"#000000\">\r\n			</font>\r\n			<p style=\"margin: 0cm 0cm 0pt\">\r\n			<span style=\"color: #333333; font-size: 10.5pt\"><font face=\"Calibri\">2</font></span>\r\n			</p>\r\n			<font face=\"Times New Roman\" size=\"3\" color=\"#000000\">\r\n			</font></td>\r\n			<td style=\"padding: 6pt; border: #000000; border-image: none; background-color: transparent\"><font face=\"Times New Roman\" size=\"3\" color=\"#000000\">\r\n			</font>\r\n			<p style=\"margin: 0cm 0cm 0pt\">\r\n			<strong style=\"color: #333333\">Copyright and Intellectual Property</strong><span style=\"color: #333333; font-size: 10.5pt\"><font face=\"Calibri\"> </font></span>\r\n			</p>\r\n			<font face=\"Times New Roman\" size=\"3\" color=\"#000000\">\r\n			</font></td>\r\n		</tr>\r\n		<tr>\r\n			<td style=\"padding: 6pt; border: #000000; border-image: none; background-color: transparent\"><font face=\"Times New Roman\" size=\"3\" color=\"#000000\">\r\n			</font>\r\n			<p style=\"margin: 0cm 0cm 0pt\">\r\n			<span style=\"color: #333333; font-size: 10.5pt\"><font face=\"Calibri\">2.1</font></span>\r\n			</p>\r\n			<font face=\"Times New Roman\" size=\"3\" color=\"#000000\">\r\n			</font></td>\r\n			<td style=\"padding: 6pt; border: #000000; border-image: none; background-color: transparent\"><font face=\"Times New Roman\" size=\"3\" color=\"#000000\">\r\n			</font>\r\n			<p style=\"margin: 0cm 0cm 0pt\">\r\n			<span style=\"color: #333333; font-size: 10.5pt\"><font face=\"Calibri\">Copyright and all other intellectual property in\r\n			the website and its content is owned by AgResearch and/or NZAGRC (or a member\r\n			of NZAGRC), or licensed to us for our use. All rights are reserved. </font></span>\r\n			</p>\r\n			<font face=\"Times New Roman\" size=\"3\" color=\"#000000\">\r\n			</font></td>\r\n		</tr>\r\n		<tr>\r\n			<td style=\"padding: 6pt; border: #000000; border-image: none; background-color: transparent\"><font face=\"Times New Roman\" size=\"3\" color=\"#000000\">\r\n			</font>\r\n			<p style=\"margin: 0cm 0cm 0pt\">\r\n			<span style=\"color: #333333; font-size: 10.5pt\"><font face=\"Calibri\">3</font></span>\r\n			</p>\r\n			<font face=\"Times New Roman\" size=\"3\" color=\"#000000\">\r\n			</font></td>\r\n			<td style=\"padding: 6pt; border: #000000; border-image: none; background-color: transparent\"><font face=\"Times New Roman\" size=\"3\" color=\"#000000\">\r\n			</font>\r\n			<p style=\"margin: 0cm 0cm 0pt\">\r\n			<strong style=\"color: #333333\">Disclaimer</strong><span style=\"color: #333333; font-size: 10.5pt\"><font face=\"Calibri\"> </font></span>\r\n			</p>\r\n			<font face=\"Times New Roman\" size=\"3\" color=\"#000000\">\r\n			</font></td>\r\n		</tr>\r\n		<tr>\r\n			<td style=\"padding: 6pt; border: #000000; border-image: none; background-color: transparent\"><font face=\"Times New Roman\" size=\"3\" color=\"#000000\">\r\n			</font>\r\n			<p style=\"margin: 0cm 0cm 0pt\">\r\n			<span style=\"color: #333333; font-size: 10.5pt\"><font face=\"Calibri\">3.1</font></span>\r\n			</p>\r\n			<font face=\"Times New Roman\" size=\"3\" color=\"#000000\">\r\n			</font></td>\r\n			<td style=\"padding: 6pt; border: #000000; border-image: none; background-color: transparent\"><font face=\"Times New Roman\" size=\"3\" color=\"#000000\">\r\n			</font>\r\n			<p style=\"margin: 0cm 0cm 0pt\">\r\n			<span style=\"color: #333333; font-size: 10.5pt\"><font face=\"Calibri\">We exclude any warranty as to the completeness,\r\n			accuracy, currency or continuity of any information provided via the website,\r\n			except to the extent that such exclusion is prohibited by law. </font></span>\r\n			</p>\r\n			<font face=\"Times New Roman\" size=\"3\" color=\"#000000\">\r\n			</font></td>\r\n		</tr>\r\n		<tr>\r\n			<td style=\"padding: 6pt; border: #000000; border-image: none; background-color: transparent\"><font face=\"Times New Roman\" size=\"3\" color=\"#000000\">\r\n			</font>\r\n			<p style=\"margin: 0cm 0cm 0pt\">\r\n			<span style=\"color: #333333; font-size: 10.5pt\"><font face=\"Calibri\">3.2</font></span>\r\n			</p>\r\n			<font face=\"Times New Roman\" size=\"3\" color=\"#000000\">\r\n			</font></td>\r\n			<td style=\"padding: 6pt; border: #000000; border-image: none; background-color: transparent\"><font face=\"Times New Roman\" size=\"3\" color=\"#000000\">\r\n			</font>\r\n			<p style=\"margin: 0cm 0cm 0pt\">\r\n			<span style=\"color: #333333; font-size: 10.5pt\"><font face=\"Calibri\">Neither AgResearch, nor any other member of the\r\n			NZAGRC, nor any person acting on behalf of AgResearch or any other member of\r\n			NZAGRC, will be liable in any way for any loss, damage, costs or expenses which\r\n			may arise directly or indirectly from any advice, opinion, information,\r\n			content, representation or omission, whether negligent or otherwise,\r\n			contained on this website, except to the extent that such liability may not\r\n			be excluded by law. </font></span>\r\n			</p>\r\n			<font face=\"Times New Roman\" size=\"3\" color=\"#000000\">\r\n			</font></td>\r\n		</tr>\r\n		<tr>\r\n			<td style=\"padding: 6pt; border: #000000; border-image: none; background-color: transparent\"><font face=\"Times New Roman\" size=\"3\" color=\"#000000\">\r\n			</font>\r\n			<p style=\"margin: 0cm 0cm 0pt\">\r\n			<span style=\"color: #333333; font-size: 10.5pt\"><font face=\"Calibri\">4</font></span>\r\n			</p>\r\n			<font face=\"Times New Roman\" size=\"3\" color=\"#000000\">\r\n			</font></td>\r\n			<td style=\"padding: 6pt; border: #000000; border-image: none; background-color: transparent\"><font face=\"Times New Roman\" size=\"3\" color=\"#000000\">\r\n			</font>\r\n			<p style=\"margin: 0cm 0cm 0pt\">\r\n			<strong style=\"color: #333333\">Links and third parties</strong><span style=\"color: #333333; font-size: 10.5pt\"><font face=\"Calibri\"> </font></span>\r\n			</p>\r\n			<font face=\"Times New Roman\" size=\"3\" color=\"#000000\">\r\n			</font></td>\r\n		</tr>\r\n		<tr>\r\n			<td style=\"padding: 6pt; border: #000000; border-image: none; background-color: transparent\"><font face=\"Times New Roman\" size=\"3\" color=\"#000000\">\r\n			</font>\r\n			<p style=\"margin: 0cm 0cm 0pt\">\r\n			<span style=\"color: #333333; font-size: 10.5pt\"><font face=\"Calibri\">4.1</font></span>\r\n			</p>\r\n			<font face=\"Times New Roman\" size=\"3\" color=\"#000000\">\r\n			</font></td>\r\n			<td style=\"padding: 6pt; border: #000000; border-image: none; background-color: transparent\"><font face=\"Times New Roman\" size=\"3\" color=\"#000000\">\r\n			</font>\r\n			<p style=\"margin: 0cm 0cm 0pt\">\r\n			<span style=\"color: #333333; font-size: 10.5pt\"><font face=\"Calibri\">From time to time the website may refer to other\r\n			people or organisations, or to their services or products. Such references do\r\n			not imply that AgResearch (or any other member of the NZAGRC) endorses, or is\r\n			endorsed by, those people, organisations, services or products. </font></span>\r\n			</p>\r\n			<font face=\"Times New Roman\" size=\"3\" color=\"#000000\">\r\n			</font></td>\r\n		</tr>\r\n		<tr>\r\n			<td style=\"padding: 6pt; border: #000000; border-image: none; background-color: transparent\"><font face=\"Times New Roman\" size=\"3\" color=\"#000000\">\r\n			</font>\r\n			<p style=\"margin: 0cm 0cm 0pt\">\r\n			<span style=\"color: #333333; font-size: 10.5pt\"><font face=\"Calibri\">4.2</font></span>\r\n			</p>\r\n			<font face=\"Times New Roman\" size=\"3\" color=\"#000000\">\r\n			</font></td>\r\n			<td style=\"padding: 6pt; border: #000000; border-image: none; background-color: transparent\"><font face=\"Times New Roman\" size=\"3\" color=\"#000000\">\r\n			</font>\r\n			<p style=\"margin: 0cm 0cm 0pt\">\r\n			<span style=\"color: #333333; font-size: 10.5pt\"><font face=\"Calibri\">Links to or from third party sites do not imply\r\n			any connection with or endorsement of those sites, and AgResearch (and each\r\n			other member of NZAGRC) makes no claims, warranties or representations about\r\n			the content or availability of those sites. We reserve the right to decline\r\n			any linkages that we deem inappropriate. </font></span>\r\n			</p>\r\n			<font face=\"Times New Roman\" size=\"3\" color=\"#000000\">\r\n			</font></td>\r\n		</tr>\r\n		<tr>\r\n			<td style=\"padding: 6pt; border: #000000; border-image: none; background-color: transparent\"><font face=\"Times New Roman\" size=\"3\" color=\"#000000\">\r\n			</font>\r\n			<p style=\"margin: 0cm 0cm 0pt\">\r\n			<span style=\"color: #333333; font-size: 10.5pt\"><font face=\"Calibri\">5</font></span>\r\n			</p>\r\n			<font face=\"Times New Roman\" size=\"3\" color=\"#000000\">\r\n			</font></td>\r\n			<td style=\"padding: 6pt; border: #000000; border-image: none; background-color: transparent\"><font face=\"Times New Roman\" size=\"3\" color=\"#000000\">\r\n			</font>\r\n			<p>\r\n			<strong style=\"color: #333333\">Privacy</strong>\r\n			</p>\r\n			<font face=\"Times New Roman\" size=\"3\" color=\"#000000\">\r\n			</font></td>\r\n		</tr>\r\n		<tr>\r\n			<td style=\"padding: 6pt; border: #000000; border-image: none; background-color: transparent\"><font face=\"Times New Roman\" size=\"3\" color=\"#000000\">\r\n			</font>\r\n			<p style=\"margin: 0cm 0cm 0pt\">\r\n			<span style=\"color: #333333; font-size: 10.5pt\"><font face=\"Calibri\">5.1</font></span>\r\n			</p>\r\n			<font face=\"Times New Roman\" size=\"3\" color=\"#000000\">\r\n			</font></td>\r\n			<td style=\"padding: 6pt; border: #000000; border-image: none; background-color: transparent\"><font face=\"Times New Roman\" size=\"3\" color=\"#000000\">\r\n			</font>\r\n			<p style=\"margin: 0cm 0cm 0pt\">\r\n			<span style=\"color: #333333; font-size: 10.5pt\"><font face=\"Calibri\">Information which is automatically retrieved\r\n			during your visit to this website will be used in aggregate form only, for\r\n			the purposes of monitoring and improving the website, our systems, and our\r\n			business, and as described below. </font></span>\r\n			</p>\r\n			<font face=\"Times New Roman\" size=\"3\" color=\"#000000\">\r\n			</font></td>\r\n		</tr>\r\n		<tr>\r\n			<td style=\"padding: 6pt; border: #000000; border-image: none; background-color: transparent\"><font face=\"Times New Roman\" size=\"3\" color=\"#000000\">\r\n			</font>\r\n			<p style=\"margin: 0cm 0cm 0pt\">\r\n			<span style=\"color: #333333; font-size: 10.5pt\"><font face=\"Calibri\">5.2</font></span>\r\n			</p>\r\n			<font face=\"Times New Roman\" size=\"3\" color=\"#000000\">\r\n			</font></td>\r\n			<td style=\"padding: 6pt; border: #000000; border-image: none; background-color: transparent\"><font face=\"Times New Roman\" size=\"3\" color=\"#000000\">\r\n			</font>\r\n			<p style=\"margin: 0cm 0cm 0pt\">\r\n			<span style=\"color: #333333; font-size: 10.5pt\"><font face=\"Calibri\">If you provide us with any personal information\r\n			through this website or our systems (e.g. using the contact form), we (and\r\n			any member(s) of NZAGRC with whom it may be shared) will use it only in\r\n			relation to the purpose for which it was provided and as described below. You\r\n			have the right to inspect and update that information. </font></span>\r\n			</p>\r\n			<font face=\"Times New Roman\" size=\"3\" color=\"#000000\">\r\n			</font></td>\r\n		</tr>\r\n		<tr>\r\n			<td style=\"padding: 6pt; border: #000000; border-image: none; background-color: transparent\"><font face=\"Times New Roman\" size=\"3\" color=\"#000000\">\r\n			</font>\r\n			<p style=\"margin: 0cm 0cm 0pt\">\r\n			<span style=\"font-size: 10.5pt\"><font face=\"Calibri\" color=\"#000000\">5.3</font></span>\r\n			</p>\r\n			<font face=\"Times New Roman\" size=\"3\" color=\"#000000\">\r\n			</font></td>\r\n			<td style=\"padding: 6pt; border: #000000; border-image: none; background-color: transparent\"><font face=\"Times New Roman\" size=\"3\" color=\"#000000\">\r\n			</font>\r\n			<p style=\"margin: 0cm 0cm 0pt\">\r\n			<span style=\"font-size: 10.5pt\"><font face=\"Calibri\" color=\"#000000\">Neither AgResearch nor any member of NZAGRC will provide\r\n			personal information obtained through this website about any individual\r\n			website user to any third party (other than as described in these Terms of\r\n			Use) unless we have obtained the consent of that individual, or we believe we\r\n			need to do so for law enforcement purposes, or we are otherwise required to\r\n			do so by law. </font></span>\r\n			</p>\r\n			<font face=\"Times New Roman\" size=\"3\" color=\"#000000\">\r\n			</font></td>\r\n		</tr>\r\n		<tr>\r\n			<td style=\"padding: 6pt; border: #000000; border-image: none; background-color: transparent\"><font face=\"Times New Roman\" size=\"3\" color=\"#000000\">\r\n			</font>\r\n			<p style=\"margin: 0cm 0cm 0pt\">\r\n			<span style=\"color: #333333; font-size: 10.5pt\"><font face=\"Calibri\">6</font></span>\r\n			</p>\r\n			<font face=\"Times New Roman\" size=\"3\" color=\"#000000\">\r\n			</font></td>\r\n			<td style=\"padding: 6pt; border: #000000; border-image: none; background-color: transparent\"><font face=\"Times New Roman\" size=\"3\" color=\"#000000\">\r\n			</font>\r\n			<p style=\"margin: 0cm 0cm 0pt\">\r\n			<strong style=\"color: #333333\">Security</strong>\r\n			</p>\r\n			<font face=\"Times New Roman\" size=\"3\" color=\"#000000\">\r\n			</font></td>\r\n		</tr>\r\n		<tr>\r\n			<td style=\"padding: 6pt; border: #000000; border-image: none; background-color: transparent\"><font face=\"Times New Roman\" size=\"3\" color=\"#000000\">\r\n			</font>\r\n			<p style=\"margin: 0cm 0cm 0pt\">\r\n			<span style=\"color: #333333; font-size: 10.5pt\"><font face=\"Calibri\">6.1</font></span>\r\n			</p>\r\n			<font face=\"Times New Roman\" size=\"3\" color=\"#000000\">\r\n			</font></td>\r\n			<td style=\"padding: 6pt; border: #000000; border-image: none; background-color: transparent\"><font face=\"Times New Roman\" size=\"3\" color=\"#000000\">\r\n			</font>\r\n			<p style=\"margin: 0cm 0cm 6pt; text-indent: 0cm; tab-stops: 36.0pt\">\r\n			<span><font color=\"#4d4d4d\">We use security measures on our website and systems to help prevent\r\n			and mitigate the loss, misuse and alteration of, and unauthorised access to,\r\n			information under our control.&nbsp; As part of this, our website and systems\r\n			are subject to monitoring, analysis and auditing.&nbsp; This may include the\r\n			monitoring, analysis and auditing of information about your use of, and\r\n			information processed on, our website and systems (regardless of the nature\r\n			of the activity or information). </font></span>\r\n			</p>\r\n			<font face=\"Times New Roman\" size=\"3\" color=\"#000000\">\r\n			</font></td>\r\n		</tr>\r\n		<tr style=\"height: 20.85pt\">\r\n			<td style=\"padding: 6pt; border: #000000; border-image: none; height: 20.85pt; background-color: transparent\"><font face=\"Times New Roman\" size=\"3\" color=\"#000000\">\r\n			</font>\r\n			<p style=\"margin: 0cm 0cm 0pt\">\r\n			<span style=\"color: #333333; font-size: 10.5pt\"><font face=\"Calibri\">6.2</font></span>\r\n			</p>\r\n			<font face=\"Times New Roman\" size=\"3\" color=\"#000000\">\r\n			</font></td>\r\n			<td style=\"padding: 6pt; border: #000000; border-image: none; height: 20.85pt; background-color: transparent\"><font face=\"Times New Roman\" size=\"3\" color=\"#000000\">\r\n			</font>\r\n			<p style=\"margin: 0cm 0cm 6pt 1.15pt; text-indent: 0cm; tab-stops: 36.0pt\">\r\n			<span><font color=\"#4d4d4d\">The security measures that we take may be sourced from third party\r\n			suppliers.&nbsp; If so those third party suppliers will have access to\r\n			monitoring, analysis and auditing information about our websites and systems,\r\n			as well as information processed on our website and systems. </font></span>\r\n			</p>\r\n			<font face=\"Times New Roman\" size=\"3\" color=\"#000000\">\r\n			</font></td>\r\n		</tr>\r\n		<tr>\r\n			<td style=\"padding: 6pt; border: #000000; border-image: none; background-color: transparent\"><font face=\"Times New Roman\" size=\"3\" color=\"#000000\">\r\n			</font>\r\n			<p style=\"margin: 0cm 0cm 0pt\">\r\n			<span style=\"color: #333333; font-size: 10.5pt\"><font face=\"Calibri\">7</font></span>\r\n			</p>\r\n			<font face=\"Times New Roman\" size=\"3\" color=\"#000000\">\r\n			</font></td>\r\n			<td style=\"padding: 6pt; border: #000000; border-image: none; background-color: transparent\"><font face=\"Times New Roman\" size=\"3\" color=\"#000000\">\r\n			</font>\r\n			<p style=\"margin: 0cm 0cm 0pt\">\r\n			<strong style=\"color: #333333\">Contact Us</strong><span style=\"color: #333333; font-size: 10.5pt\"><font face=\"Calibri\"> </font></span>\r\n			</p>\r\n			<font face=\"Times New Roman\" size=\"3\" color=\"#000000\">\r\n			</font></td>\r\n		</tr>\r\n		<tr>\r\n			<td style=\"padding: 6pt; border: #000000; border-image: none; background-color: transparent\"><font face=\"Times New Roman\" size=\"3\" color=\"#000000\">\r\n			</font>\r\n			<p style=\"margin: 0cm 0cm 0pt\">\r\n			<span style=\"color: #333333; font-size: 10.5pt\"><font face=\"Calibri\">7.1</font></span>\r\n			</p>\r\n			<font face=\"Times New Roman\" size=\"3\" color=\"#000000\">\r\n			</font></td>\r\n			<td style=\"padding: 6pt; border: #000000; border-image: none; background-color: transparent\"><font face=\"Times New Roman\" size=\"3\" color=\"#000000\">\r\n			</font>\r\n			<p style=\"margin: 0cm 0cm 0pt\">\r\n			<span style=\"color: #333333; font-size: 10.5pt\"><font face=\"Calibri\">You can contact us about the website by emailing </font></span><a title=\"Click to send an email\"><font face=\"Calibri\"><span style=\"color: #767678; font-size: 10.5pt; text-decoration: none; text-underline: none\">enquiry</span><span style=\"color: #767678; font-size: 10.5pt; text-decoration: none; text-underline: none\">@</span><span style=\"color: #767678; font-size: 10.5pt; text-decoration: none; text-underline: none\">nzagrc.org.nz</span></font></a><span style=\"color: #58595b; font-family: din; font-size: 9pt\">&nbsp;</span>\r\n			</p>\r\n			<font face=\"Times New Roman\" size=\"3\" color=\"#000000\">\r\n			</font></td>\r\n		</tr>\r\n		<tr>\r\n			<td style=\"padding: 6pt; border: #000000; border-image: none; background-color: transparent\"><font face=\"Times New Roman\" size=\"3\" color=\"#000000\">\r\n			</font>\r\n			<p style=\"margin: 0cm 0cm 0pt\">\r\n			<span style=\"color: #333333; font-size: 10.5pt\"><font face=\"Calibri\">8</font></span>\r\n			</p>\r\n			<font face=\"Times New Roman\" size=\"3\" color=\"#000000\">\r\n			</font></td>\r\n			<td style=\"padding: 6pt; border: #000000; border-image: none; background-color: transparent\"><font face=\"Times New Roman\" size=\"3\" color=\"#000000\">\r\n			</font>\r\n			<p style=\"margin: 0cm 0cm 0pt\">\r\n			<strong style=\"color: #333333\">Governing Law</strong><span style=\"color: #333333; font-size: 10.5pt\"><font face=\"Calibri\"> </font></span>\r\n			</p>\r\n			<font face=\"Times New Roman\" size=\"3\" color=\"#000000\">\r\n			</font></td>\r\n		</tr>\r\n		<tr>\r\n			<td style=\"padding: 6pt; border: #000000; border-image: none; background-color: transparent\"><font face=\"Times New Roman\" size=\"3\" color=\"#000000\">\r\n			</font>\r\n			<p style=\"margin: 0cm 0cm 0pt\">\r\n			<span style=\"color: #333333; font-size: 10.5pt\"><font face=\"Calibri\">8.1</font></span>\r\n			</p>\r\n			<font face=\"Times New Roman\" size=\"3\" color=\"#000000\">\r\n			</font></td>\r\n			<td style=\"padding: 6pt; border: #000000; border-image: none; background-color: transparent\"><font face=\"Times New Roman\" size=\"3\" color=\"#000000\">\r\n			</font>\r\n			<p style=\"margin: 0cm 0cm 0pt\">\r\n			<span style=\"color: #333333; font-size: 10.5pt\"><font face=\"Calibri\">These Terms of Use are governed by the laws of New\r\n			Zealand.</font></span>\r\n			</p>\r\n			<font face=\"Times New Roman\" size=\"3\" color=\"#000000\">\r\n			</font></td>\r\n		</tr>\r\n	</tbody>\r\n</table>\r\n<font face=\"Times New Roman\" size=\"3\" color=\"#000000\">\r\n</font></h1>\r\n<p style=\"margin: 0cm 0cm 0pt\">\r\n<span style=\"color: #333333; font-size: 10.5pt\"><font face=\"Calibri\">&nbsp;</font></span>\r\n</p>\r\n<font face=\"Times New Roman\" size=\"3\" color=\"#000000\">\r\n</font>\r\n<p style=\"margin: 0cm 0cm 0pt\">\r\n<span style=\"color: #333333; font-size: 10.5pt\"><font face=\"Calibri\">&copy; AgResearch\r\n| </font></span><a href=\"http://www.agresearch.co.nz/tc/#terms\" target=\"_blank\"><span style=\"font-size: 10.5pt\"><u><font face=\"Calibri\" color=\"#0563c1\">Terms of use</font></u></span></a><font face=\"Calibri\"><span style=\"color: #333333; font-size: 10.5pt\"> </span><span style=\"color: #333333; font-size: 10.5pt\">&amp; </span></font><a href=\"http://www.agresearch.co.nz/tc/#privacy\" target=\"_blank\"><span style=\"font-size: 10.5pt\"><u><font face=\"Calibri\" color=\"#0563c1\">Privacy</font></u></span></a>\r\n</p>\r\n<font face=\"Times New Roman\" size=\"3\" color=\"#000000\">\r\n</font>\r\n</span>', '1\r\n			\r\n			\r\n			\r\n			\r\n			\r\n			\r\n			About these Terms of Use\r\n			\r\n			\r\n			\r\n		\r\n		\r\n			\r\n			\r\n			\r\n			1.1\r\n			\r\n			\r\n			\r\n			\r\n			\r\n			\r\n			AgResearch Limited (“AgResearch”, “we” or “us”)\r\n			welcomes you to this website, which we host on behalf the members of the New\r\n			Zealand Agricultural Greenhouse Gas Research Centre (&quot;NZAGRC&quot;). By\r\n			accessing and viewing this website (“the website”), and/or by using our\r\n			systems, you agree that you have read and accepted the terms set out below. \r\n			\r\n			\r\n			\r\n		\r\n		\r\n			\r\n			\r\n			\r\n			1.2\r\n			\r\n			\r\n			\r\n			\r\n			\r\n			\r\n			We reserve the right to amend these Terms of Use\r\n			from time to time by posting updated versions on the website. \r\n			\r\n			\r\n			\r\n		\r\n		\r\n			\r\n			\r\n			\r\n			2\r\n			\r\n			\r\n			\r\n			\r\n			\r\n			\r\n			Copyright and Intellectual Property \r\n			\r\n			\r\n			\r\n		\r\n		\r\n			\r\n			\r\n			\r\n			2.1\r\n			\r\n			\r\n			\r\n			\r\n			\r\n			\r\n			Copyright and all other intellectual property in\r\n			the website and its content is owned by AgResearch and/or NZAGRC (or a member\r\n			of NZAGRC), or licensed to us for our use. All rights are reserved. \r\n			\r\n			\r\n			\r\n		\r\n		\r\n			\r\n			\r\n			\r\n			3\r\n			\r\n			\r\n			\r\n			\r\n			\r\n			\r\n			Disclaimer \r\n			\r\n			\r\n			\r\n		\r\n		\r\n			\r\n			\r\n			\r\n			3.1\r\n			\r\n			\r\n			\r\n			\r\n			\r\n			\r\n			We exclude any warranty as to the completeness,\r\n			accuracy, currency or continuity of any information provided via the website,\r\n			except to the extent that such exclusion is prohibited by law. \r\n			\r\n			\r\n			\r\n		\r\n		\r\n			\r\n			\r\n			\r\n			3.2\r\n			\r\n			\r\n			\r\n			\r\n			\r\n			\r\n			Neither AgResearch, nor any other member of the\r\n			NZAGRC, nor any person acting on behalf of AgResearch or any other member of\r\n			NZAGRC, will be liable in any way for any loss, damage, costs or expenses which\r\n			may arise directly or indirectly from any advice, opinion, information,\r\n			content, representation or omission, whether negligent or otherwise,\r\n			contained on this website, except to the extent that such liability may not\r\n			be excluded by law. \r\n			\r\n			\r\n			\r\n		\r\n		\r\n			\r\n			\r\n			\r\n			4\r\n			\r\n			\r\n			\r\n			\r\n			\r\n			\r\n			Links and third parties \r\n			\r\n			\r\n			\r\n		\r\n		\r\n			\r\n			\r\n			\r\n			4.1\r\n			\r\n			\r\n			\r\n			\r\n			\r\n			\r\n			From time to time the website may refer to other\r\n			people or organisations, or to their services or products. Such references do\r\n			not imply that AgResearch (or any other member of the NZAGRC) endorses, or is\r\n			endorsed by, those people, organisations, services or products. \r\n			\r\n			\r\n			\r\n		\r\n		\r\n			\r\n			\r\n			\r\n			4.2\r\n			\r\n			\r\n			\r\n			\r\n			\r\n			\r\n			Links to or from third party sites do not imply\r\n			any connection with or endorsement of those sites, and AgResearch (and each\r\n			other member of NZAGRC) makes no claims, warranties or representations about\r\n			the content or availability of those sites. We reserve the right to decline\r\n			any linkages that we deem inappropriate. \r\n			\r\n			\r\n			\r\n		\r\n		\r\n			\r\n			\r\n			\r\n			5\r\n			\r\n			\r\n			\r\n			\r\n			\r\n			\r\n			Privacy\r\n			\r\n			\r\n			\r\n		\r\n		\r\n			\r\n			\r\n			\r\n			5.1\r\n			\r\n			\r\n			\r\n			\r\n			\r\n			\r\n			Information which is automatically retrieved\r\n			during your visit to this website will be used in aggregate form only, for\r\n			the purposes of monitoring and improving the website, our systems, and our\r\n			business, and as described below. \r\n			\r\n			\r\n			\r\n		\r\n		\r\n			\r\n			\r\n			\r\n			5.2\r\n			\r\n			\r\n			\r\n			\r\n			\r\n			\r\n			If you provide us with any personal information\r\n			through this website or our systems (e.g. using the contact form), we (and\r\n			any member(s) of NZAGRC with whom it may be shared) will use it only in\r\n			relation to the purpose for which it was provided and as described below. You\r\n			have the right to inspect and update that information. \r\n			\r\n			\r\n			\r\n		\r\n		\r\n			\r\n			\r\n			\r\n			5.3\r\n			\r\n			\r\n			\r\n			\r\n			\r\n			\r\n			Neither AgResearch nor any member of NZAGRC will provide\r\n			personal information obtained through this website about any individual\r\n			website user to any third party (other than as described in these Terms of\r\n			Use) unless we have obtained the consent of that individual, or we believe we\r\n			need to do so for law enforcement purposes, or we are otherwise required to\r\n			do so by law. \r\n			\r\n			\r\n			\r\n		\r\n		\r\n			\r\n			\r\n			\r\n			6\r\n			\r\n			\r\n			\r\n			\r\n			\r\n			\r\n			Security\r\n			\r\n			\r\n			\r\n		\r\n		\r\n			\r\n			\r\n			\r\n			6.1\r\n			\r\n			\r\n			\r\n			\r\n			\r\n			\r\n			We use security measures on our website and systems to help prevent\r\n			and mitigate the loss, misuse and alteration of, and unauthorised access to,\r\n			information under our control.  As part of this, our website and systems\r\n			are subject to monitoring, analysis and auditing.  This may include the\r\n			monitoring, analysis and auditing of information about your use of, and\r\n			information processed on, our website and systems (regardless of the nature\r\n			of the activity or information). \r\n			\r\n			\r\n			\r\n		\r\n		\r\n			\r\n			\r\n			\r\n			6.2\r\n			\r\n			\r\n			\r\n			\r\n			\r\n			\r\n			The security measures that we take may be sourced from third party\r\n			suppliers.  If so those third party suppliers will have access to\r\n			monitoring, analysis and auditing information about our websites and systems,\r\n			as well as information processed on our website and systems. \r\n			\r\n			\r\n			\r\n		\r\n		\r\n			\r\n			\r\n			\r\n			7\r\n			\r\n			\r\n			\r\n			\r\n			\r\n			\r\n			Contact Us \r\n			\r\n			\r\n			\r\n		\r\n		\r\n			\r\n			\r\n			\r\n			7.1\r\n			\r\n			\r\n			\r\n			\r\n			\r\n			\r\n			You can contact us about the website by emailing enquiry@nzagrc.org.nz \r\n			\r\n			\r\n			\r\n		\r\n		\r\n			\r\n			\r\n			\r\n			8\r\n			\r\n			\r\n			\r\n			\r\n			\r\n			\r\n			Governing Law \r\n			\r\n			\r\n			\r\n		\r\n		\r\n			\r\n			\r\n			\r\n			8.1\r\n			\r\n			\r\n			\r\n			\r\n			\r\n			\r\n			These Terms of Use are governed by the laws of New\r\n			Zealand.\r\n			\r\n			\r\n			\r\n		\r\n	\r\n\r\n\r\n\r\n\r\n \r\n\r\n\r\n\r\n\r\n© AgResearch\r\n| Terms of use & Privacy', '2025-12-13 23:34:28'),
(66, '/my-roi,id,2189.html', 2, 'roi_tip_nzagrc_signature_author', '2025-11-16 20:41:46', 'false', 'This is your electronic approval that all the information you have included is true and accurate.', 'This is your electronic approval that all the information you have included is true and accurate.', '2025-12-15 09:41:46'),
(66, '/my-roi,id,2388.html', 2, 'roi_tip_nzagrc_release_areas', '2025-11-11 03:02:38', 'false', 'Where will you release this information? To a New Zealand audience or an international/combined audience?', 'Where will you release this information? To a New Zealand audience or an international/combined audience?', '2025-12-09 16:02:38'),
(66, '/my-roi,id,2388.html', 2, 'roi_tip_nzagrc_bip_included', '2025-11-11 03:02:38', 'false', 'Ensure you understand the BIP contributors', 'Ensure you understand the BIP contributors', '2025-12-09 16:02:38'),
(66, '/create-new.html', 2, 'roi_tip_nzagrc_title', '2025-11-11 03:09:52', 'false', 'This title will be used for search purposes', 'This title will be used for search purposes', '2025-12-09 16:09:52'),
(66, '/my-roi,id,2391.html', 2, 'roi_tip_nzagrc_signature_author', '2025-11-16 20:38:55', 'false', 'This is your electronic approval that all the information you have included is true and accurate.', 'This is your electronic approval that all the information you have included is true and accurate.', '2025-12-15 09:38:55'),
(66, '/my-roi,id,2189.html', 2, 'roi_tip_nzagrc_journal_name', '2025-11-16 20:41:46', 'false', 'What is the name of the journal/conference/newsletter in which you will release this output?  Be specific.', 'What is the name of the journal/conference/newsletter in which you will release this output?  Be specific.', '2025-12-15 09:41:46'),
(66, '/my-roi,id,2189.html', 2, 'roi_tip_nzagrc_acknowledgment', '2025-11-16 20:41:46', 'false', 'Be explicit. What programmes/organisation have provided funding/IP to this output? These organisations will be contacted to approve release.', 'Be explicit. What programmes/organisation have provided funding/IP to this output? These organisations will be contacted to approve release.', '2025-12-15 09:41:46'),
(66, '/my-roi,id,2189.html', 2, 'roi_tip_nzagrc_bip_included', '2025-11-16 20:41:46', 'false', 'Ensure you understand the BIP contributors', 'Ensure you understand the BIP contributors', '2025-12-15 09:41:46'),
(66, '/my-roi,id,2189.html', 2, 'roi_tip_nzagrc_release_areas', '2025-11-16 20:41:46', 'false', 'Where will you release this information? To a New Zealand audience or an international/combined audience?', 'Where will you release this information? To a New Zealand audience or an international/combined audience?', '2025-12-15 09:41:46'),
(66, '/my-roi,id,2189.html', 2, 'roi_tip_submission_output', '2025-11-16 20:41:46', 'false', 'What type of audience are you releasing to? What type of release will you undertake?', 'What type of audience are you releasing to? What type of release will you undertake?', '2025-12-15 09:41:46'),
(66, '/my-roi,id,2189.html', 2, 'roi_tip_nzagrc_confidential', '2025-11-16 20:41:46', 'false', '&nbsp;', '', '2025-12-15 09:41:46'),
(66, '/my-roi,id,2189.html', 2, 'roi_tip_nzagrc_pr_message', '2025-11-16 20:41:46', 'false', '<span class=\"html\"><span class=\"html\">\r\n<p>\r\nAll outputs must be peer reviewed. You have selected NO so you need to select a progamme Principal Investigator as the Content Owner.\r\n</p>\r\n<p>\r\nIf you would prefer to organise an independent peer review yourself, please save this form now and complete and submit it once you can answer YES to this question and provide the names of the peer reviewers. \r\n</p>\r\n</span>\r\n</span>', 'All outputs must be peer reviewed. You have selected NO so you need to select a progamme Principal Investigator as the Content Owner.\r\n\r\n\r\nIf you would prefer to organise an independent peer review yourself, please save this form now and complete and submit it once you can answer YES to this question and provide the names of the peer reviewers.', '2025-12-15 09:41:46'),
(66, '/my-roi,id,2387.html', 2, 'roi_tip_submission_output', '2025-11-07 04:25:14', 'false', 'What type of audience are you releasing to? What type of release will you undertake?', 'What type of audience are you releasing to? What type of release will you undertake?', '2025-12-05 17:25:14'),
(66, '/my-roi,id,2385.html', 2, 'roi_tip_nzagrc_pr_message', '2025-11-05 22:31:07', 'false', '<span class=\"html\"><span class=\"html\">\r\n<p>\r\nAll outputs must be peer reviewed. You have selected NO so you need to select a progamme Principal Investigator as the Content Owner.\r\n</p>\r\n<p>\r\nIf you would prefer to organise an independent peer review yourself, please save this form now and complete and submit it once you can answer YES to this question and provide the names of the peer reviewers. \r\n</p>\r\n</span>\r\n</span>', 'All outputs must be peer reviewed. You have selected NO so you need to select a progamme Principal Investigator as the Content Owner.\r\n\r\n\r\nIf you would prefer to organise an independent peer review yourself, please save this form now and complete and submit it once you can answer YES to this question and provide the names of the peer reviewers.', '2025-12-04 11:31:07'),
(66, '/my-roi,id,2385.html', 2, 'roi_tip_nzagrc_ownapp', '2025-11-05 22:31:07', 'false', '<span class=\"html\"><p>\r\nThe next steps in the process is for the Content Owner (your objective leader) to approve.&nbsp; \r\n</p>\r\n<p>\r\nIf your output is sitting in the system noting &quot;Waiting for approval by Content Owner&quot; for an extended period of time, we suggest you call them to check whether this is an issue. \r\n</p>\r\n<p>\r\nOnce your Content Owner has approved, it will be sent to the Content Manager for approval.&nbsp; The Content Manager is the NZAGRC and will take care of seeking funding/IP owner approvals.\r\n</p>\r\n<p>\r\nExpect the approval process to take one week from the time you submit the output for release. Please be as detailed as possible in this request - you will receive a &quot;Not Approved&quot; if things are incorrect or not clear to the approval team.&nbsp;In particular, ensure you select correct objective number for your work and the correct funding organisation/s. \r\n</p>\r\n<p>\r\nIf you have a complex release involving multiple funders, BIP or DIP, it may take longer and include offline discussions.\r\n</p>\r\n<p>\r\nIf you are filling in the release form and have a question, call us on 06 351 8305. You can save the form and return to it later (you may need to insert filler text, and add your signature and a date to save the form).<br />\r\n</p>\r\n</span>', 'The next steps in the process is for the Content Owner (your objective leader) to approve.  \r\n\r\n\r\nIf your output is sitting in the system noting &quot;Waiting for approval by Content Owner&quot; for an extended period of time, we suggest you call them to check whether this is an issue. \r\n\r\n\r\nOnce your Content Owner has approved, it will be sent to the Content Manager for approval.  The Content Manager is the NZAGRC and will take care of seeking funding/IP owner approvals.\r\n\r\n\r\nExpect the approval process to take one week from the time you submit the output for release. Please be as detailed as possible in this request - you will receive a &quot;Not Approved&quot; if things are incorrect or not clear to the approval team. In particular, ensure you select correct objective number for your work and the correct funding organisation/s. \r\n\r\n\r\nIf you have a complex release involving multiple funders, BIP or DIP, it may take longer and include offline discussions.\r\n\r\n\r\nIf you are filling in the release form and have a question, call us on 06 351 8305. You can save the form and return to it later (you may need to insert filler text, and add your signature and a date to save the form).', '2025-12-04 11:31:07'),
(66, '/my-roi,id,2387.html', 2, 'roi_tip_nzagrc_release_areas', '2025-11-07 04:25:14', 'false', 'Where will you release this information? To a New Zealand audience or an international/combined audience?', 'Where will you release this information? To a New Zealand audience or an international/combined audience?', '2025-12-05 17:25:14'),
(66, '/my-roi,id,2387.html', 2, 'roi_tip_nzagrc_bip_included', '2025-11-07 04:25:14', 'false', 'Ensure you understand the BIP contributors', 'Ensure you understand the BIP contributors', '2025-12-05 17:25:14'),
(66, '/my-roi,id,2385.html', 2, 'roi_tip_nzagrc_release_areas', '2025-11-05 22:31:07', 'false', 'Where will you release this information? To a New Zealand audience or an international/combined audience?', 'Where will you release this information? To a New Zealand audience or an international/combined audience?', '2025-12-04 11:31:07'),
(66, '/my-roi,id,2385.html', 2, 'roi_tip_submission_output', '2025-11-05 22:31:07', 'false', 'What type of audience are you releasing to? What type of release will you undertake?', 'What type of audience are you releasing to? What type of release will you undertake?', '2025-12-04 11:31:07'),
(66, '/my-roi,id,2385.html', 2, 'roi_tip_nzagrc_confidential', '2025-11-05 22:31:07', 'false', '&nbsp;', '', '2025-12-04 11:31:07'),
(66, '/my-roi,id,2389.html', 2, 'roi_tip_nzagrc_ownapp', '2025-11-11 03:13:34', 'false', '<span class=\"html\"><p>\r\nThe next steps in the process is for the Content Owner (your objective leader) to approve.&nbsp; \r\n</p>\r\n<p>\r\nIf your output is sitting in the system noting &quot;Waiting for approval by Content Owner&quot; for an extended period of time, we suggest you call them to check whether this is an issue. \r\n</p>\r\n<p>\r\nOnce your Content Owner has approved, it will be sent to the Content Manager for approval.&nbsp; The Content Manager is the NZAGRC and will take care of seeking funding/IP owner approvals.\r\n</p>\r\n<p>\r\nExpect the approval process to take one week from the time you submit the output for release. Please be as detailed as possible in this request - you will receive a &quot;Not Approved&quot; if things are incorrect or not clear to the approval team.&nbsp;In particular, ensure you select correct objective number for your work and the correct funding organisation/s. \r\n</p>\r\n<p>\r\nIf you have a complex release involving multiple funders, BIP or DIP, it may take longer and include offline discussions.\r\n</p>\r\n<p>\r\nIf you are filling in the release form and have a question, call us on 06 351 8305. You can save the form and return to it later (you may need to insert filler text, and add your signature and a date to save the form).<br />\r\n</p>\r\n</span>', 'The next steps in the process is for the Content Owner (your objective leader) to approve.  \r\n\r\n\r\nIf your output is sitting in the system noting &quot;Waiting for approval by Content Owner&quot; for an extended period of time, we suggest you call them to check whether this is an issue. \r\n\r\n\r\nOnce your Content Owner has approved, it will be sent to the Content Manager for approval.  The Content Manager is the NZAGRC and will take care of seeking funding/IP owner approvals.\r\n\r\n\r\nExpect the approval process to take one week from the time you submit the output for release. Please be as detailed as possible in this request - you will receive a &quot;Not Approved&quot; if things are incorrect or not clear to the approval team. In particular, ensure you select correct objective number for your work and the correct funding organisation/s. \r\n\r\n\r\nIf you have a complex release involving multiple funders, BIP or DIP, it may take longer and include offline discussions.\r\n\r\n\r\nIf you are filling in the release form and have a question, call us on 06 351 8305. You can save the form and return to it later (you may need to insert filler text, and add your signature and a date to save the form).', '2025-12-09 16:13:34'),
(66, '/my-roi,id,2385.html', 2, 'roi_tip_nzagrc_acknowledgment', '2025-11-05 22:31:07', 'false', 'Be explicit. What programmes/organisation have provided funding/IP to this output? These organisations will be contacted to approve release.', 'Be explicit. What programmes/organisation have provided funding/IP to this output? These organisations will be contacted to approve release.', '2025-12-04 11:31:07'),
(66, '/my-roi,id,2390.html', 2, 'roi_tip_nzagrc_release_areas', '2025-11-12 17:32:05', 'false', 'Where will you release this information? To a New Zealand audience or an international/combined audience?', 'Where will you release this information? To a New Zealand audience or an international/combined audience?', '2025-12-11 06:32:05'),
(66, '/my-roi,id,2385.html', 2, 'roi_tip_nzagrc_authors', '2025-11-05 22:31:07', 'false', 'Who should receive recognition for this output? Who are the named authors?', 'Who should receive recognition for this output? Who are the named authors?', '2025-12-04 11:31:07'),
(66, '/my-roi,id,2386.html', 2, 'roi_tip_nzagrc_primary_objective', '2025-11-06 02:42:31', 'false', 'What work objective does this ouput directly link to? If you cannot find the project this work relates to, please email enquiry@nzagrc.org.nz and we will have this added.', 'What work objective does this ouput directly link to? If you cannot find the project this work relates to, please email enquiry@nzagrc.org.nz and we will have this added.', '2025-12-04 15:42:31'),
(66, '/my-roi,id,2385.html', 2, 'roi_tip_nzagrc_bip_included', '2025-11-05 22:31:07', 'false', 'Ensure you understand the BIP contributors', 'Ensure you understand the BIP contributors', '2025-12-04 11:31:07'),
(66, '/my-roi,id,2386.html', 2, 'roi_tip_nzagrc_signature_author', '2025-11-06 02:42:31', 'false', 'This is your electronic approval that all the information you have included is true and accurate.', 'This is your electronic approval that all the information you have included is true and accurate.', '2025-12-04 15:42:31'),
(66, '/my-roi,id,2388.html', 2, 'roi_tip_nzagrc_title', '2025-11-11 03:02:38', 'false', 'This title will be used for search purposes', 'This title will be used for search purposes', '2025-12-09 16:02:38'),
(66, '/my-roi,id,2385.html', 2, 'roi_tip_nzagrc_title', '2025-11-05 22:31:07', 'false', 'This title will be used for search purposes', 'This title will be used for search purposes', '2025-12-04 11:31:07'),
(66, '/my-roi,id,2387.html', 2, 'roi_tip_nzagrc_confidential', '2025-11-07 04:25:14', 'false', '&nbsp;', '', '2025-12-05 17:25:14'),
(66, '/my-roi,id,2387.html', 2, 'roi_tip_nzagrc_title', '2025-11-07 04:25:14', 'false', 'This title will be used for search purposes', 'This title will be used for search purposes', '2025-12-05 17:25:14'),
(66, '/create-new.html', 2, 'roi_tip_nzagrc_output_area', '2025-11-11 03:09:52', 'false', 'What area of work does this output belong in? You can select more than one.', 'What area of work does this output belong in? You can select more than one.', '2025-12-09 16:09:52'),
(66, '/my-roi,id,2387.html', 2, 'roi_tip_nzagrc_acknowledgment', '2025-11-07 04:25:14', 'false', 'Be explicit. What programmes/organisation have provided funding/IP to this output? These organisations will be contacted to approve release.', 'Be explicit. What programmes/organisation have provided funding/IP to this output? These organisations will be contacted to approve release.', '2025-12-05 17:25:14'),
(66, '/my-roi,id,2390.html', 2, 'roi_tip_nzagrc_signature_author', '2025-11-12 17:32:05', 'false', 'This is your electronic approval that all the information you have included is true and accurate.', 'This is your electronic approval that all the information you have included is true and accurate.', '2025-12-11 06:32:05'),
(66, '/my-roi,id,2385.html', 2, 'roi_tip_nzagrc_journal_name', '2025-11-05 22:31:07', 'false', 'What is the name of the journal/conference/newsletter in which you will release this output?  Be specific.', 'What is the name of the journal/conference/newsletter in which you will release this output?  Be specific.', '2025-12-04 11:31:07'),
(66, '/my-roi,id,2389.html', 2, 'roi_tip_nzagrc_journal_name', '2025-11-11 03:13:34', 'false', 'What is the name of the journal/conference/newsletter in which you will release this output?  Be specific.', 'What is the name of the journal/conference/newsletter in which you will release this output?  Be specific.', '2025-12-09 16:13:34'),
(66, '/my-roi,id,2390.html', 2, 'roi_tip_nzagrc_acknowledgment', '2025-11-12 17:32:05', 'false', 'Be explicit. What programmes/organisation have provided funding/IP to this output? These organisations will be contacted to approve release.', 'Be explicit. What programmes/organisation have provided funding/IP to this output? These organisations will be contacted to approve release.', '2025-12-11 06:32:05'),
(66, '/my-roi,id,2389.html', 2, 'roi_tip_nzagrc_acknowledgment', '2025-11-11 03:13:34', 'false', 'Be explicit. What programmes/organisation have provided funding/IP to this output? These organisations will be contacted to approve release.', 'Be explicit. What programmes/organisation have provided funding/IP to this output? These organisations will be contacted to approve release.', '2025-12-09 16:13:34'),
(66, '/my-roi,id,2390.html', 2, 'roi_tip_submission_output', '2025-11-12 17:32:05', 'false', 'What type of audience are you releasing to? What type of release will you undertake?', 'What type of audience are you releasing to? What type of release will you undertake?', '2025-12-11 06:32:05'),
(66, '/my-roi,id,2389.html', 2, 'roi_tip_nzagrc_bip_included', '2025-11-11 03:13:34', 'false', 'Ensure you understand the BIP contributors', 'Ensure you understand the BIP contributors', '2025-12-09 16:13:34'),
(66, '/my-roi,id,2390.html', 2, 'roi_tip_nzagrc_authors', '2025-11-12 17:32:05', 'false', 'Who should receive recognition for this output? Who are the named authors?', 'Who should receive recognition for this output? Who are the named authors?', '2025-12-11 06:32:05');
INSERT INTO `mix_page_module_cache` (`page_id`, `uri`, `module_id`, `reference`, `created`, `searchable`, `html`, `text`, `ttl`) VALUES
(66, '/my-roi,id,2189.html', 2, 'roi_tip_nzagrc_ownapp', '2025-11-16 20:41:46', 'false', '<span class=\"html\"><p>\r\nThe next steps in the process is for the Content Owner (your objective leader) to approve.&nbsp; \r\n</p>\r\n<p>\r\nIf your output is sitting in the system noting &quot;Waiting for approval by Content Owner&quot; for an extended period of time, we suggest you call them to check whether this is an issue. \r\n</p>\r\n<p>\r\nOnce your Content Owner has approved, it will be sent to the Content Manager for approval.&nbsp; The Content Manager is the NZAGRC and will take care of seeking funding/IP owner approvals.\r\n</p>\r\n<p>\r\nExpect the approval process to take one week from the time you submit the output for release. Please be as detailed as possible in this request - you will receive a &quot;Not Approved&quot; if things are incorrect or not clear to the approval team.&nbsp;In particular, ensure you select correct objective number for your work and the correct funding organisation/s. \r\n</p>\r\n<p>\r\nIf you have a complex release involving multiple funders, BIP or DIP, it may take longer and include offline discussions.\r\n</p>\r\n<p>\r\nIf you are filling in the release form and have a question, call us on 06 351 8305. You can save the form and return to it later (you may need to insert filler text, and add your signature and a date to save the form).<br />\r\n</p>\r\n</span>', 'The next steps in the process is for the Content Owner (your objective leader) to approve.  \r\n\r\n\r\nIf your output is sitting in the system noting &quot;Waiting for approval by Content Owner&quot; for an extended period of time, we suggest you call them to check whether this is an issue. \r\n\r\n\r\nOnce your Content Owner has approved, it will be sent to the Content Manager for approval.  The Content Manager is the NZAGRC and will take care of seeking funding/IP owner approvals.\r\n\r\n\r\nExpect the approval process to take one week from the time you submit the output for release. Please be as detailed as possible in this request - you will receive a &quot;Not Approved&quot; if things are incorrect or not clear to the approval team. In particular, ensure you select correct objective number for your work and the correct funding organisation/s. \r\n\r\n\r\nIf you have a complex release involving multiple funders, BIP or DIP, it may take longer and include offline discussions.\r\n\r\n\r\nIf you are filling in the release form and have a question, call us on 06 351 8305. You can save the form and return to it later (you may need to insert filler text, and add your signature and a date to save the form).', '2025-12-15 09:41:46'),
(66, '/my-roi,id,2389.html', 2, 'roi_tip_nzagrc_signature_author', '2025-11-11 03:13:34', 'false', 'This is your electronic approval that all the information you have included is true and accurate.', 'This is your electronic approval that all the information you have included is true and accurate.', '2025-12-09 16:13:34'),
(66, '/my-roi,id,2392.html', 2, 'roi_tip_nzagrc_title', '2025-11-18 02:25:58', 'false', 'This title will be used for search purposes', 'This title will be used for search purposes', '2025-12-16 15:25:58'),
(66, '/my-roi,id,2392.html', 2, 'roi_tip_nzagrc_output_area', '2025-11-18 02:25:58', 'false', 'What area of work does this output belong in? You can select more than one.', 'What area of work does this output belong in? You can select more than one.', '2025-12-16 15:25:58'),
(66, '/my-roi,id,2392.html', 2, 'roi_tip_nzagrc_primary_objective', '2025-11-18 02:25:58', 'false', 'What work objective does this ouput directly link to? If you cannot find the project this work relates to, please email enquiry@nzagrc.org.nz and we will have this added.', 'What work objective does this ouput directly link to? If you cannot find the project this work relates to, please email enquiry@nzagrc.org.nz and we will have this added.', '2025-12-16 15:25:58'),
(66, '/my-roi,id,2392.html', 2, 'roi_tip_nzagrc_other_objective', '2025-11-18 02:25:58', 'false', 'Are there any associated objectives this ouput relates to? It is ok to not select any.', 'Are there any associated objectives this ouput relates to? It is ok to not select any.', '2025-12-16 15:25:58'),
(66, '/my-roi,id,2392.html', 2, 'roi_tip_nzagrc_authors', '2025-11-18 02:25:58', 'false', 'Who should receive recognition for this output? Who are the named authors?', 'Who should receive recognition for this output? Who are the named authors?', '2025-12-16 15:25:58'),
(66, '/my-roi,id,2388.html', 2, 'roi_tip_nzagrc_journal_name', '2025-11-11 03:02:38', 'false', 'What is the name of the journal/conference/newsletter in which you will release this output?  Be specific.', 'What is the name of the journal/conference/newsletter in which you will release this output?  Be specific.', '2025-12-09 16:02:38'),
(66, '/my-roi,id,2388.html', 2, 'roi_tip_nzagrc_other_objective', '2025-11-11 03:02:38', 'false', 'Are there any associated objectives this ouput relates to? It is ok to not select any.', 'Are there any associated objectives this ouput relates to? It is ok to not select any.', '2025-12-09 16:02:38'),
(66, '/my-roi,id,2388.html', 2, 'roi_tip_nzagrc_authors', '2025-11-11 03:02:38', 'false', 'Who should receive recognition for this output? Who are the named authors?', 'Who should receive recognition for this output? Who are the named authors?', '2025-12-09 16:02:38'),
(68, '/faq.html', 2, 'rightside', '2025-11-03 00:26:34', 'true', '<span class=\"html\"></span>', '', '2025-12-01 13:26:34'),
(79, '/objective-approvals.html', 2, 'leftside', '2025-11-03 00:29:20', 'true', '<span class=\"html\"></span>', '', '2025-12-01 13:29:20'),
(79, '/objective-approvals.html', 2, 'titletext', '2025-11-03 00:29:20', 'true', '<h1>Objectives & Content Owners</h1>', 'Objectives & Content Owners', '2025-12-01 13:29:20'),
(79, '/objective-approvals.html', 2, 'rightside', '2025-11-03 00:29:20', 'true', '<span class=\"html\"></span>', '', '2025-12-01 13:29:20'),
(66, '/my-roi,id,2384.html', 2, 'roi_tip_nzagrc_release_areas', '2025-11-05 02:18:58', 'false', 'Where will you release this information? To a New Zealand audience or an international/combined audience?', 'Where will you release this information? To a New Zealand audience or an international/combined audience?', '2025-12-03 15:18:58'),
(66, '/my-roi,id,2384.html', 2, 'roi_tip_nzagrc_confidential', '2025-11-05 02:18:58', 'false', '&nbsp;', '', '2025-12-03 15:18:58'),
(66, '/my-roi,id,2384.html', 2, 'roi_tip_nzagrc_output_area', '2025-11-05 02:18:58', 'false', 'What area of work does this output belong in? You can select more than one.', 'What area of work does this output belong in? You can select more than one.', '2025-12-03 15:18:58'),
(71, '/my-details,user,edit.html', 2, 'rightside', '2025-11-06 02:40:18', 'true', '<span class=\"html\"></span>', '', '2025-12-04 15:40:18'),
(72, '/info-1.html', 2, 'leftside', '2025-11-06 02:40:13', 'true', '<span class=\"html\"></span>', '', '2025-12-04 15:40:13'),
(72, '/info-1.html', 2, 'titletext', '2025-11-03 00:25:29', 'true', '<h1>MY ROI Information & Processes</h1>', 'MY ROI Information & Processes', '2025-12-01 13:25:29'),
(72, '/info-1.html', 2, 'body', '2025-11-03 00:25:29', 'true', '<span class=\"html\"><p class=\"h7\">\r\nThis process applies to all NZAGRC, PGgRc and Global Research Alliance funded outputs. \r\n</p>\r\n<p>\r\nPlease direct specific questions relating to release of information policy for: \r\n</p>\r\n<p>\r\n<strong>NZAGRC:</strong> contact <a href=\"mailto:kate%2eparla%6e%65%40%6e%7aa%67rc.o%72g%2en%7a\" title=\"Click to send an email\">NZAGRC Administrator&nbsp;</a>or <a href=\"info-1.html#nzagrcpp\" target=\"_blank\" title=\"http://www.nzagrc.org.nz/info-1.html#nzagrcpp ... - link will open in a new window\">click HERE<br />\r\n</a><strong>PGgRc:</strong> contact&nbsp;<a href=\"mailto:m%61%72k.a%73%70%69%6e%40%70%67gr%63.%63o%2en%7a\" title=\"Click to send an email\">Mark Aspin<br />\r\n</a><strong>Global Research Alliance:</strong> contact <a href=\"mailto:kate%2eparla%6e%65%40%6e%7aa%67rc.o%72g%2en%7a\" title=\"Click to send an email\">NZAGRC Administrator&nbsp;</a> \r\n</p>\r\n<strong>\r\n<hr />\r\n</strong>\r\n<p class=\"h7\">\r\nGeneral Notes for using the MY ROI system \r\n</p>\r\n<ul>\r\n	<li>\r\n	<div>\r\n	The My ROI system at <a href=\"my-roi\">www.nzagrc.org.nz/my-roi</a> is the authorised system by which approval to release information will be granted \r\n	</div>\r\n	</li>\r\n	<li>\r\n	<div>\r\n	Approval to release information is required for all instances where information will be shared outside your project team. \r\n	</div>\r\n	</li>\r\n	<li>\r\n	<div>\r\n	An ROI may take the form of a presentation, poster, interview, external meeting, lecture, article, thesis, abstract or other information sharing vehicle. \r\n	</div>\r\n	</li>\r\n	<li>\r\n	<div>\r\n	All Content Authors should be familiar with the funding arrangements and intellectual property owners of a Project. \r\n	</div>\r\n	</li>\r\n	<li>\r\n	<div>\r\n	The Content Author must accurately&nbsp;identify the funding and IP arrangements in an ROI request so appropriate approvals to release the information can be gained. \r\n	</div>\r\n	</li>\r\n	<li>\r\n	<div>\r\n	It is the reponsibility of the Content Author to gain the necessary approvals to release any information from the Project pr<u>ior to the required release date</u>. \r\n	</div>\r\n	</li>\r\n	<li>\r\n	<div>\r\n	You must allow <strong><u>five (5) working days</u></strong> for full release to be granted. It may take longer if you receive a &quot;Not Approved&quot; at any point in the process.&nbsp;If a &quot;Not Approved&quot; is received, the process&nbsp;is reset.&nbsp; \r\n	</div>\r\n	</li>\r\n	<li>\r\n	<div>\r\n	The Conent Author and Content Owner should ensure submissions are <u>100% accurate and error free</u>. The Content Manager will issue a &quot;Not Approved&quot; notice for formatting, science and acknowledgement errors.&nbsp; \r\n	</div>\r\n	</li>\r\n	<li>\r\n	<div>\r\n	Further release of the same or related information is subject to a new ROI request being completed. \r\n	</div>\r\n	</li>\r\n</ul>\r\n<hr />\r\n<p>\r\n<strong class=\"h7\">The roles in MY ROI</strong> \r\n</p>\r\n<p>\r\n<font color=\"#282829\">There are three discrete roles in the MY ROI process: Content Author, Content Owner and Content Manager.&nbsp; See below for full role descriptions and processes.</font>\r\n</p>\r\n<p>\r\n<font color=\"#282829\">For each ROI request submitted, it must go through all processes before a final approval is given.&nbsp;</font>\r\n</p>\r\n<p>\r\n<font color=\"#282829\">It should be expected that the full process will take <strong><u>five (5) working days</u></strong> to gain approval.</font> \r\n</p>\r\n<p>\r\n<font color=\"#282829\">An Author, Owner of Manager can track the progress of any ROI request using their personal log in to <a href=\"my-roi\">www.nzagrc.org.nz/my-roi</a>&nbsp;</font> \r\n</p>\r\n<p class=\"h7\">\r\nThe Content Author: \r\n</p>\r\n<ul>\r\n	<li>\r\n	<div>\r\n	<font color=\"#282829\">is the person who will release the information (ie. named first author, presenter).</font> \r\n	</div>\r\n	</li>\r\n	<li>\r\n	<div>\r\n	<font color=\"#282829\">is responsible for gaining the necessary approvals to release the information <u>in advance of release date</u>.</font><font color=\"#282829\"> If an ROI request is stalled, a Content Author should contact the person with whom the release is sitting.</font> \r\n	</div>\r\n	</li>\r\n	<li>\r\n	<div>\r\n	<font color=\"#282829\">will draft and finalise a release using the appropriate branding templates and ensure their internal organisation&#39;s processes are followed.</font> \r\n	</div>\r\n	</li>\r\n	<li>\r\n	<div>\r\n	<font color=\"#282829\">must identify IP owners, funders and interested parties.</font> \r\n	</div>\r\n	</li>\r\n	<li>\r\n	<div>\r\n	<font color=\"#282829\">must use their personal log in for</font><a href=\"my-roi\">www.nzagrc.org.nz/my-roi</a><font color=\"#282829\"> and complete a New ROI request each time a release of information is scheduled.</font> \r\n	</div>\r\n	</li>\r\n	<li>\r\n	<div>\r\n	<font color=\"#282829\">selects a Content Owner who will approve the ROI request.</font> \r\n	</div>\r\n	</li>\r\n	<li></li>\r\n</ul>\r\n<p>\r\n<font class=\"h7\" color=\"#282829\">The Content Owner:</font> \r\n</p>\r\n<ul>\r\n	<li>\r\n	<div>\r\n	<font color=\"#282829\">is the person who authorises release of the information from a project (ie. the Contract Leader, Principal Investigator, Project Leader).</font> \r\n	</div>\r\n	</li>\r\n	<li>\r\n	<div>\r\n	<font color=\"#282829\">is responsible for ensuring a <u>full peer review</u> has been completed (either prior to approval or by the CO) including checking science, formatting, acknowledgements &amp; disclaimers.</font> \r\n	</div>\r\n	</li>\r\n	<li>\r\n	<div>\r\n	<font color=\"#282829\">makes the decision to approve release from the project and requests the Content Manager inform the funders, BIP holders, interested parties.</font> \r\n	</div>\r\n	</li>\r\n</ul>\r\n<p class=\"h7\">\r\n<font color=\"#282829\">The Content Manager:</font> \r\n</p>\r\n<ul>\r\n	<li><font color=\"#282829\">is the person who ensures all funders, IP owners and interested parties have had an opportunity to review the information to be released.</font></li>\r\n	<li><font color=\"#282829\">is responsbile for requesting approval from the IP owners, funders and interested parties identified by the Content Author.</font></li><font color=\"#282829\">\r\n	<li><font color=\"#282829\">is the person who approves final release of the information from the NZAGRC, Global Research Alliance or PGgRc programme.</font></li></font>\r\n</ul>\r\n<p>\r\n<strong>\r\n<hr />\r\n</strong>\r\n</p>\r\n<p>\r\n<strong><a name=\"nzagrcpp\" title=\"nzagrcpp\"></a>NZAGRC <span class=\"h7\">Publication</span></strong> <strong>Policy</strong> \r\n</p>\r\n<p>\r\nIn line with the NZAGRC Publication Policy, management and release of all publications related to NZAGRC-funded and co-funded research and activities will be authorised by the NZAGRC Director (or his nominee) and any relevant co-funders (as appropriate). \r\n</p>\r\n<p>\r\nAll new and existing NZAGRC publications issued or reproduced in any language and in any medium, including web, print, CD ROM, video and audio, are required to be of a high standard and to represent fairly and accurately the Centre&#39;s operations, services and terms of trade. \r\n</p>\r\n<p>\r\nThe NZAGRC Communications and Media Policies can be downloaded here: \r\n</p>\r\n<p>\r\n<span class=\"mix_file\"><a href=\"user/file/79/NZAGRC_Comms%20and%20media%20policies_December%202010.pdf\" title=\"Comms_Media_Policies\"><img src=\"images/icons/icon_pdf.gif\" border=\"0\" alt=\"pdf\" vspace=\"1\" width=\"16\" height=\"16\" align=\"absMiddle\" />&nbsp;NZAGRC Communications and Media Policies (December 2010)</a> (0.64MB)</span>&nbsp;<br />\r\n</p>\r\n</span>', 'This process applies to all NZAGRC, PGgRc and Global Research Alliance funded outputs. \r\n\r\n\r\nPlease direct specific questions relating to release of information policy for: \r\n\r\n\r\nNZAGRC: contact NZAGRC Administrator or click HERE\r\nPGgRc: contact Mark Aspin\r\nGlobal Research Alliance: contact NZAGRC Administrator  \r\n\r\n\r\n\r\n\r\n\r\nGeneral Notes for using the MY ROI system \r\n\r\n\r\n	\r\n	\r\n	The My ROI system at www.nzagrc.org.nz/my-roi is the authorised system by which approval to release information will be granted \r\n	\r\n	\r\n	\r\n	\r\n	Approval to release information is required for all instances where information will be shared outside your project team. \r\n	\r\n	\r\n	\r\n	\r\n	An ROI may take the form of a presentation, poster, interview, external meeting, lecture, article, thesis, abstract or other information sharing vehicle. \r\n	\r\n	\r\n	\r\n	\r\n	All Content Authors should be familiar with the funding arrangements and intellectual property owners of a Project. \r\n	\r\n	\r\n	\r\n	\r\n	The Content Author must accurately identify the funding and IP arrangements in an ROI request so appropriate approvals to release the information can be gained. \r\n	\r\n	\r\n	\r\n	\r\n	It is the reponsibility of the Content Author to gain the necessary approvals to release any information from the Project prior to the required release date. \r\n	\r\n	\r\n	\r\n	\r\n	You must allow five (5) working days for full release to be granted. It may take longer if you receive a &quot;Not Approved&quot; at any point in the process. If a &quot;Not Approved&quot; is received, the process is reset.  \r\n	\r\n	\r\n	\r\n	\r\n	The Conent Author and Content Owner should ensure submissions are 100% accurate and error free. The Content Manager will issue a &quot;Not Approved&quot; notice for formatting, science and acknowledgement errors.  \r\n	\r\n	\r\n	\r\n	\r\n	Further release of the same or related information is subject to a new ROI request being completed. \r\n	\r\n	\r\n\r\n\r\n\r\nThe roles in MY ROI \r\n\r\n\r\nThere are three discrete roles in the MY ROI process: Content Author, Content Owner and Content Manager.  See below for full role descriptions and processes.\r\n\r\n\r\nFor each ROI request submitted, it must go through all processes before a final approval is given. \r\n\r\n\r\nIt should be expected that the full process will take five (5) working days to gain approval. \r\n\r\n\r\nAn Author, Owner of Manager can track the progress of any ROI request using their personal log in to www.nzagrc.org.nz/my-roi  \r\n\r\n\r\nThe Content Author: \r\n\r\n\r\n	\r\n	\r\n	is the person who will release the information (ie. named first author, presenter). \r\n	\r\n	\r\n	\r\n	\r\n	is responsible for gaining the necessary approvals to release the information in advance of release date. If an ROI request is stalled, a Content Author should contact the person with whom the release is sitting. \r\n	\r\n	\r\n	\r\n	\r\n	will draft and finalise a release using the appropriate branding templates and ensure their internal organisation&#39;s processes are followed. \r\n	\r\n	\r\n	\r\n	\r\n	must identify IP owners, funders and interested parties. \r\n	\r\n	\r\n	\r\n	\r\n	must use their personal log in forwww.nzagrc.org.nz/my-roi and complete a New ROI request each time a release of information is scheduled. \r\n	\r\n	\r\n	\r\n	\r\n	selects a Content Owner who will approve the ROI request. \r\n	\r\n	\r\n	\r\n\r\n\r\nThe Content Owner: \r\n\r\n\r\n	\r\n	\r\n	is the person who authorises release of the information from a project (ie. the Contract Leader, Principal Investigator, Project Leader). \r\n	\r\n	\r\n	\r\n	\r\n	is responsible for ensuring a full peer review has been completed (either prior to approval or by the CO) including checking science, formatting, acknowledgements & disclaimers. \r\n	\r\n	\r\n	\r\n	\r\n	makes the decision to approve release from the project and requests the Content Manager inform the funders, BIP holders, interested parties. \r\n	\r\n	\r\n\r\n\r\nThe Content Manager: \r\n\r\n\r\n	is the person who ensures all funders, IP owners and interested parties have had an opportunity to review the information to be released.\r\n	is responsbile for requesting approval from the IP owners, funders and interested parties identified by the Content Author.\r\n	is the person who approves final release of the information from the NZAGRC, Global Research Alliance or PGgRc programme.\r\n\r\n\r\n\r\n\r\n\r\n\r\n\r\nNZAGRC Publication Policy \r\n\r\n\r\nIn line with the NZAGRC Publication Policy, management and release of all publications related to NZAGRC-funded and co-funded research and activities will be authorised by the NZAGRC Director (or his nominee) and any relevant co-funders (as appropriate). \r\n\r\n\r\nAll new and existing NZAGRC publications issued or reproduced in any language and in any medium, including web, print, CD ROM, video and audio, are required to be of a high standard and to represent fairly and accurately the Centre&#39;s operations, services and terms of trade. \r\n\r\n\r\nThe NZAGRC Communications and Media Policies can be downloaded here: \r\n\r\n\r\n NZAGRC Communications and Media Policies (December 2010) (0.64MB)', '2025-12-01 13:25:29'),
(68, '/faq.html', 2, 'leftside', '2025-11-03 00:26:34', 'true', '<span class=\"html\"></span>', '', '2025-12-01 13:26:34'),
(66, '/my-roi,id,2393.html', 2, 'roi_tip_nzagrc_ownapp', '2025-11-24 03:45:45', 'false', '<span class=\"html\"><p>\r\nThe next steps in the process is for the Content Owner (your objective leader) to approve.&nbsp; \r\n</p>\r\n<p>\r\nIf your output is sitting in the system noting &quot;Waiting for approval by Content Owner&quot; for an extended period of time, we suggest you call them to check whether this is an issue. \r\n</p>\r\n<p>\r\nOnce your Content Owner has approved, it will be sent to the Content Manager for approval.&nbsp; The Content Manager is the NZAGRC and will take care of seeking funding/IP owner approvals.\r\n</p>\r\n<p>\r\nExpect the approval process to take one week from the time you submit the output for release. Please be as detailed as possible in this request - you will receive a &quot;Not Approved&quot; if things are incorrect or not clear to the approval team.&nbsp;In particular, ensure you select correct objective number for your work and the correct funding organisation/s. \r\n</p>\r\n<p>\r\nIf you have a complex release involving multiple funders, BIP or DIP, it may take longer and include offline discussions.\r\n</p>\r\n<p>\r\nIf you are filling in the release form and have a question, call us on 06 351 8305. You can save the form and return to it later (you may need to insert filler text, and add your signature and a date to save the form).<br />\r\n</p>\r\n</span>', 'The next steps in the process is for the Content Owner (your objective leader) to approve.  \r\n\r\n\r\nIf your output is sitting in the system noting &quot;Waiting for approval by Content Owner&quot; for an extended period of time, we suggest you call them to check whether this is an issue. \r\n\r\n\r\nOnce your Content Owner has approved, it will be sent to the Content Manager for approval.  The Content Manager is the NZAGRC and will take care of seeking funding/IP owner approvals.\r\n\r\n\r\nExpect the approval process to take one week from the time you submit the output for release. Please be as detailed as possible in this request - you will receive a &quot;Not Approved&quot; if things are incorrect or not clear to the approval team. In particular, ensure you select correct objective number for your work and the correct funding organisation/s. \r\n\r\n\r\nIf you have a complex release involving multiple funders, BIP or DIP, it may take longer and include offline discussions.\r\n\r\n\r\nIf you are filling in the release form and have a question, call us on 06 351 8305. You can save the form and return to it later (you may need to insert filler text, and add your signature and a date to save the form).', '2025-12-22 16:45:45'),
(66, '/my-roi,id,2393.html', 2, 'roi_tip_nzagrc_pr_message', '2025-11-24 03:45:45', 'false', '<span class=\"html\"><span class=\"html\">\r\n<p>\r\nAll outputs must be peer reviewed. You have selected NO so you need to select a progamme Principal Investigator as the Content Owner.\r\n</p>\r\n<p>\r\nIf you would prefer to organise an independent peer review yourself, please save this form now and complete and submit it once you can answer YES to this question and provide the names of the peer reviewers. \r\n</p>\r\n</span>\r\n</span>', 'All outputs must be peer reviewed. You have selected NO so you need to select a progamme Principal Investigator as the Content Owner.\r\n\r\n\r\nIf you would prefer to organise an independent peer review yourself, please save this form now and complete and submit it once you can answer YES to this question and provide the names of the peer reviewers.', '2025-12-22 16:45:45'),
(66, '/my-roi,id,2393.html', 2, 'roi_tip_nzagrc_confidential', '2025-11-24 03:45:45', 'false', '&nbsp;', '', '2025-12-22 16:45:45'),
(66, '/my-roi,id,2393.html', 2, 'roi_tip_nzagrc_release_areas', '2025-11-24 03:45:45', 'false', 'Where will you release this information? To a New Zealand audience or an international/combined audience?', 'Where will you release this information? To a New Zealand audience or an international/combined audience?', '2025-12-22 16:45:45'),
(66, '/my-roi,id,2393.html', 2, 'roi_tip_submission_output', '2025-11-24 03:45:45', 'false', 'What type of audience are you releasing to? What type of release will you undertake?', 'What type of audience are you releasing to? What type of release will you undertake?', '2025-12-22 16:45:45'),
(66, '/my-roi,id,2393.html', 2, 'roi_tip_nzagrc_title', '2025-11-24 03:45:45', 'false', 'This title will be used for search purposes', 'This title will be used for search purposes', '2025-12-22 16:45:45'),
(66, '/my-roi,id,2393.html', 2, 'roi_tip_nzagrc_output_area', '2025-11-24 03:45:45', 'false', 'What area of work does this output belong in? You can select more than one.', 'What area of work does this output belong in? You can select more than one.', '2025-12-22 16:45:45'),
(66, '/my-roi,id,2393.html', 2, 'roi_tip_nzagrc_primary_objective', '2025-11-24 03:45:45', 'false', 'What work objective does this ouput directly link to? If you cannot find the project this work relates to, please email enquiry@nzagrc.org.nz and we will have this added.', 'What work objective does this ouput directly link to? If you cannot find the project this work relates to, please email enquiry@nzagrc.org.nz and we will have this added.', '2025-12-22 16:45:45'),
(66, '/my-roi,id,2393.html', 2, 'roi_tip_nzagrc_other_objective', '2025-11-24 03:45:45', 'false', 'Are there any associated objectives this ouput relates to? It is ok to not select any.', 'Are there any associated objectives this ouput relates to? It is ok to not select any.', '2025-12-22 16:45:45'),
(66, '/my-roi,id,2393.html', 2, 'roi_tip_nzagrc_authors', '2025-11-24 03:45:45', 'false', 'Who should receive recognition for this output? Who are the named authors?', 'Who should receive recognition for this output? Who are the named authors?', '2025-12-22 16:45:45'),
(66, '/my-roi,id,2393.html', 2, 'roi_tip_nzagrc_journal_name', '2025-11-24 03:45:45', 'false', 'What is the name of the journal/conference/newsletter in which you will release this output?  Be specific.', 'What is the name of the journal/conference/newsletter in which you will release this output?  Be specific.', '2025-12-22 16:45:45'),
(66, '/my-roi,id,2393.html', 2, 'roi_tip_nzagrc_acknowledgment', '2025-11-24 03:45:45', 'false', 'Be explicit. What programmes/organisation have provided funding/IP to this output? These organisations will be contacted to approve release.', 'Be explicit. What programmes/organisation have provided funding/IP to this output? These organisations will be contacted to approve release.', '2025-12-22 16:45:45'),
(66, '/my-roi,id,2393.html', 2, 'roi_tip_nzagrc_bip_included', '2025-11-24 03:45:45', 'false', 'Ensure you understand the BIP contributors', 'Ensure you understand the BIP contributors', '2025-12-22 16:45:45'),
(66, '/my-roi,id,2393.html', 2, 'rightside', '2025-11-27 01:30:49', 'true', '<span class=\"html\"></span>', '', '2025-12-25 14:30:49'),
(66, '/my-roi.html', 2, 'rightside', '2025-11-28 16:26:51', 'true', '<span class=\"html\"></span>', '', '2025-12-27 05:26:51'),
(66, '/my-roi,id,new.html', 2, 'roi_tip_headingtitle', '2025-11-24 03:42:52', 'false', '<span class=\"html\"></span>', '', '2025-12-22 16:42:52'),
(66, '/my-roi,id,new.html', 2, 'roi_tip_pubdetails', '2025-11-24 03:42:52', 'false', '<span class=\"html\"></span>', '', '2025-12-22 16:42:52'),
(66, '/create-new.html', 2, 'roi_tip_headingtitle', '2025-11-18 02:06:50', 'false', '<span class=\"html\"></span>', '', '2025-12-16 15:06:50'),
(66, '/my-roi,id,2386.html', 2, 'roi_tip_nzagrc_other_objective', '2025-11-06 02:42:31', 'false', 'Are there any associated objectives this ouput relates to? It is ok to not select any.', 'Are there any associated objectives this ouput relates to? It is ok to not select any.', '2025-12-04 15:42:31');

-- --------------------------------------------------------

--
